000
CDUS41 KCLE 250545
CLIERI


CLIMATE REPORT
NATIONAL WEATHER SERVICE CLEVELAND OH
145 AM EDT FRI JUL 25 2014


...................................

...THE ERIE PA CLIMATE SUMMARY FOR JULY 24 2014...

CLIMATE NORMAL PERIOD 1981 TO 2010
CLIMATE RECORD PERIOD 1873 TO 2014


WEATHER ITEM   OBSERVED TIME   RECORD YEAR NORMAL DEPARTURE LAST
                VALUE   (LST)  VALUE       VALUE  FROM      YEAR
                                                  NORMAL
..................................................................
TEMPERATURE (F)
 YESTERDAY
  MAXIMUM         72    300 PM  94    1934  80     -8       68
  MINIMUM         56   1125 PM  51    1954  64     -8       56
  AVERAGE         64                        72     -8       62

PRECIPITATION (IN)
  YESTERDAY        0.00                      0.11  -0.11     0.00
  MONTH TO DATE    2.55                      2.69  -0.14     4.67
  SINCE JUN 1      7.54                      6.45   1.09    11.95
  SINCE JAN 1     23.69                     21.51   2.18    29.18

SNOWFALL (IN)
  YESTERDAY        0.0                       0.0    0.0      0.0
  MONTH TO DATE    0.0                       0.0    0.0      0.0
  SINCE JUN 1      0.0                       0.0    0.0      0.0
  SINCE JUL 1      0.0                       0.0    0.0      0.0
  SNOW DEPTH       0

DEGREE DAYS
 HEATING
  YESTERDAY        1                         0      1        3
  MONTH TO DATE    5                         2      3        3
  SINCE JUN 1     35                        63    -28       71
  SINCE JUL 1      5                         2      3        3

 COOLING
  YESTERDAY        0                         7     -7        0
  MONTH TO DATE  125                       166    -41      233
  SINCE JUN 1    290                       289      1      351
  SINCE JAN 1    329                       328      1      436
..................................................................


WIND (MPH)
  HIGHEST WIND SPEED    20   HIGHEST WIND DIRECTION    NE (30)
  HIGHEST GUST SPEED    23   HIGHEST GUST DIRECTION    NE (50)
  AVERAGE WIND SPEED     8.4


SKY COVER
  POSSIBLE SUNSHINE  MM
  AVERAGE SKY COVER 0.4


WEATHER CONDITIONS
 THE FOLLOWING WEATHER WAS RECORDED YESTERDAY.
  HAZE


RELATIVE HUMIDITY (PERCENT)
 HIGHEST    80          1000 PM
 LOWEST     44           500 PM
 AVERAGE    62

..........................................................


THE ERIE PA CLIMATE NORMALS FOR TODAY
                         NORMAL    RECORD    YEAR
 MAXIMUM TEMPERATURE (F)   80        94      1940
 MINIMUM TEMPERATURE (F)   64        49      1976


SUNRISE AND SUNSET
JULY 25 2014..........SUNRISE   607 AM EDT   SUNSET   847 PM EDT
JULY 26 2014..........SUNRISE   608 AM EDT   SUNSET   846 PM EDT


-  INDICATES NEGATIVE NUMBERS.
R  INDICATES RECORD WAS SET OR TIED.
MM INDICATES DATA IS MISSING.
T  INDICATES TRACE AMOUNT.




$$
