502
CDUS41 KCLE 141403
CLIERI


CLIMATE REPORT
NATIONAL WEATHER SERVICE CLEVELAND OH
902 AM EST SUN JAN 14 2018


...................................

...THE ERIE PA CLIMATE SUMMARY FOR JANUARY 13 2018...

CLIMATE NORMAL PERIOD 1981 TO 2010
CLIMATE RECORD PERIOD 1873 TO 2018


WEATHER ITEM   OBSERVED TIME   RECORD YEAR NORMAL DEPARTURE LAST
                VALUE   (LST)  VALUE       VALUE  FROM      YEAR
                                                  NORMAL
..................................................................
TEMPERATURE (F)
 YESTERDAY
  MAXIMUM         18    316 AM  70    2005  34    -16       32
  MINIMUM         13   1115 PM  -9    1912  21     -8       25
  AVERAGE         16                        27    -11       29

PRECIPITATION (IN)
  YESTERDAY        0.03                      0.09  -0.06     0.00
  MONTH TO DATE    1.61                      1.36   0.25     2.83
  SINCE DEC 1      9.16                      5.10   4.06     6.71
  SINCE JAN 1      1.61                      1.36   0.25     2.83

SNOWFALL (IN)
  YESTERDAY        0.5                       1.0   -0.5      0.0
  MONTH TO DATE   15.2                      13.3    1.9     20.2
  SINCE DEC 1    136.5                      40.8   95.7     42.4
  SINCE JUL 1    137.0                      49.5   87.5     44.8
  SNOW DEPTH       4

DEGREE DAYS
 HEATING
  YESTERDAY       49                        38     11       36
  MONTH TO DATE  559                       486     73      460
  SINCE DEC 1   1688                      1498    190     1453
  SINCE JUL 1   2685                      2654     31     2233

 COOLING
  YESTERDAY        0                         0      0        0
  MONTH TO DATE    0                         0      0        0
  SINCE DEC 1      0                         0      0        0
  SINCE JAN 1      0                         0      0        0
..................................................................


WIND (MPH)
  HIGHEST WIND SPEED    24   HIGHEST WIND DIRECTION     N (20)
  HIGHEST GUST SPEED    34   HIGHEST GUST DIRECTION     N (20)
  AVERAGE WIND SPEED    12.5


SKY COVER
  POSSIBLE SUNSHINE  MM
  AVERAGE SKY COVER 0.8


WEATHER CONDITIONS
 THE FOLLOWING WEATHER WAS RECORDED YESTERDAY.
  LIGHT SNOW
  FOG
  HAZE


RELATIVE HUMIDITY (PERCENT)
 HIGHEST    92           100 AM
 LOWEST     53           200 PM
 AVERAGE    73

..........................................................


THE ERIE PA CLIMATE NORMALS FOR TODAY
                         NORMAL    RECORD    YEAR
 MAXIMUM TEMPERATURE (F)   34        68      1995
 MINIMUM TEMPERATURE (F)   21        -5      1893


SUNRISE AND SUNSET
JANUARY 14 2018.......SUNRISE   747 AM EST   SUNSET   513 PM EST
JANUARY 15 2018.......SUNRISE   746 AM EST   SUNSET   514 PM EST


-  INDICATES NEGATIVE NUMBERS.
R  INDICATES RECORD WAS SET OR TIED.
MM INDICATES DATA IS MISSING.
T  INDICATES TRACE AMOUNT.




$$
