000
CDUS41 KCLE 292211
CLIERI


CLIMATE REPORT
NATIONAL WEATHER SERVICE CLEVELAND OH
511 PM EST TUE NOV 29 2016


...................................

...THE ERIE PA CLIMATE SUMMARY FOR NOVEMBER 29 2016...
VALID TODAY AS OF 0500 PM LOCAL TIME.

CLIMATE NORMAL PERIOD 1981 TO 2010
CLIMATE RECORD PERIOD 1873 TO 2016


WEATHER ITEM   OBSERVED TIME   RECORD YEAR NORMAL DEPARTURE LAST
                VALUE   (LST)  VALUE       VALUE  FROM      YEAR
                                                  NORMAL
..................................................................
TEMPERATURE (F)
 TODAY
  MAXIMUM         59    343 PM  69    2005  44     15       39
  MINIMUM         45    126 AM   7    1955  32     13       26
  AVERAGE         52                        38     14       33

PRECIPITATION (IN)
  TODAY            0.04                      0.13  -0.09     0.00
  MONTH TO DATE    2.15                      3.80  -1.65     2.38
  SINCE SEP 1     14.35                     12.46   1.89     9.77
  SINCE JAN 1     41.41                     38.29   3.12    33.48

SNOWFALL (IN)
  TODAY            0.0                       0.4   -0.4      0.0
  MONTH TO DATE    2.4                       8.0   -5.6      0.5
  SINCE SEP 1      2.4                       8.2   -5.8      0.5
  SINCE JUL 1      2.4                       8.2   -5.8      0.5
  SNOW DEPTH       0

DEGREE DAYS
 HEATING
  TODAY           13                        27    -14       32
  MONTH TO DATE  492                       625   -133      474
  SINCE SEP 1    768                      1110   -342      843
  SINCE JUL 1    768                      1128   -360      861

 COOLING
  TODAY            0                         0      0        0
  MONTH TO DATE    2                         0      2        4
  SINCE SEP 1    168                        80     88      167
  SINCE JAN 1   1017                       638    379      773
..................................................................


WIND (MPH)
  HIGHEST WIND SPEED    35   HIGHEST WIND DIRECTION     S (160)
  HIGHEST GUST SPEED    55   HIGHEST GUST DIRECTION    SE (150)


SKY COVER
  POSSIBLE SUNSHINE  MM
  AVERAGE SKY COVER 0.5


WEATHER CONDITIONS
 THE FOLLOWING WEATHER WAS RECORDED TODAY.
  LIGHT RAIN


RELATIVE HUMIDITY (PERCENT)
 HIGHEST    77           500 AM
 LOWEST     46          1200 AM
 AVERAGE    62

..........................................................


THE ERIE PA CLIMATE NORMALS FOR TOMORROW
                         NORMAL    RECORD    YEAR
 MAXIMUM TEMPERATURE (F)   44        68      1998
                                             1934
 MINIMUM TEMPERATURE (F)   32         6      1929


SUNRISE AND SUNSET
NOVEMBER 29 2016......SUNRISE   728 AM EST   SUNSET   450 PM EST
NOVEMBER 30 2016......SUNRISE   729 AM EST   SUNSET   450 PM EST


-  INDICATES NEGATIVE NUMBERS.
R  INDICATES RECORD WAS SET OR TIED.
MM INDICATES DATA IS MISSING.
T  INDICATES TRACE AMOUNT.




$$
