000
CDUS41 KCLE 172113
CLIERI


CLIMATE REPORT
NATIONAL WEATHER SERVICE CLEVELAND OH
512 PM EDT THU APR 17 2014


...................................

...THE ERIE PA CLIMATE SUMMARY FOR APRIL 17 2014...
VALID TODAY AS OF 0500 PM LOCAL TIME.

CLIMATE NORMAL PERIOD 1981 TO 2010
CLIMATE RECORD PERIOD 1873 TO 2014


WEATHER ITEM   OBSERVED TIME   RECORD YEAR NORMAL DEPARTURE LAST
                VALUE   (LST)  VALUE       VALUE  FROM      YEAR
                                                  NORMAL
..................................................................
TEMPERATURE (F)
 TODAY
  MAXIMUM         64    359 PM  82    2002  57      7       53
  MINIMUM         29    123 AM  15    1875  39    -10       40
  AVERAGE         47                        48     -1       47

PRECIPITATION (IN)
  TODAY            0.00                      0.11  -0.11     0.00
  MONTH TO DATE    2.45                      1.97   0.48     1.68
  SINCE MAR 1      5.62                      4.92   0.70     4.28
  SINCE JAN 1     11.53                     10.26   1.27    10.79

SNOWFALL (IN)
  TODAY            0.0                       0.1   -0.1      0.0
  MONTH TO DATE    1.2                       2.9   -1.7       T
  SINCE MAR 1     18.8                      16.6    2.2     25.2
  SINCE JUL 1    138.4                     100.6   37.8    104.5
  SNOW DEPTH       0

DEGREE DAYS
 HEATING
  TODAY           18                        17      1       18
  MONTH TO DATE  334                       347    -13      367
  SINCE MAR 1   1473                      1258    215     1362
  SINCE JUL 1   6294                      5623    671     5456

 COOLING
  TODAY            0                         0      0        0
  MONTH TO DATE    0                         0      0        0
  SINCE MAR 1      0                         1     -1        0
  SINCE JAN 1      0                         1     -1        0
..................................................................


WIND (MPH)
  HIGHEST WIND SPEED    25   HIGHEST WIND DIRECTION     S (160)
  HIGHEST GUST SPEED    36   HIGHEST GUST DIRECTION    SE (150)


SKY COVER
  POSSIBLE SUNSHINE  MM
  AVERAGE SKY COVER 0.0


WEATHER CONDITIONS
 THE FOLLOWING WEATHER WAS RECORDED TODAY.
  NO SIGNIFICANT WEATHER WAS OBSERVED.


RELATIVE HUMIDITY (PERCENT)
 HIGHEST    69           100 AM
 LOWEST     22           400 PM
 AVERAGE    46

..........................................................


THE ERIE PA CLIMATE NORMALS FOR TOMORROW
                         NORMAL    RECORD    YEAR
 MAXIMUM TEMPERATURE (F)   57        85      2013
 MINIMUM TEMPERATURE (F)   39        14      1875


SUNRISE AND SUNSET
APRIL 17 2014.........SUNRISE   637 AM EDT   SUNSET   804 PM EDT
APRIL 18 2014.........SUNRISE   636 AM EDT   SUNSET   805 PM EDT


-  INDICATES NEGATIVE NUMBERS.
R  INDICATES RECORD WAS SET OR TIED.
MM INDICATES DATA IS MISSING.
T  INDICATES TRACE AMOUNT.




$$
