000
CDUS41 KCLE 280528
CLIERI


CLIMATE REPORT
NATIONAL WEATHER SERVICE CLEVELAND OH
1227 AM EST SUN DEC 28 2014


...................................

...THE ERIE PA CLIMATE SUMMARY FOR DECEMBER 27 2014...

CLIMATE NORMAL PERIOD 1981 TO 2010
CLIMATE RECORD PERIOD 1873 TO 2014


WEATHER ITEM   OBSERVED TIME   RECORD YEAR NORMAL DEPARTURE LAST
                VALUE   (LST)  VALUE       VALUE  FROM      YEAR
                                                  NORMAL
..................................................................
TEMPERATURE (F)
 YESTERDAY
  MAXIMUM         58    218 PM  68    2008  35     23       39
  MINIMUM         41    248 AM   4    1894  23     18       25
  AVERAGE         50                        29     21       32

PRECIPITATION (IN)
  YESTERDAY        0.03                      0.12  -0.09     0.02
  MONTH TO DATE    2.03                      3.29  -1.26     5.63
  SINCE DEC 1      2.03                      3.29  -1.26     5.63
  SINCE JAN 1     40.26                     41.71  -1.45    54.13

SNOWFALL (IN)
  YESTERDAY        0.0                       1.1   -1.1      0.3
  MONTH TO DATE    3.8                      23.2  -19.4     42.3
  SINCE DEC 1      3.8                      23.2  -19.4     42.3
  SINCE JUL 1     28.8                      31.9   -3.1     57.9
  SNOW DEPTH       0

DEGREE DAYS
 HEATING
  YESTERDAY       15                        36    -21       33
  MONTH TO DATE  752                       868   -116      906
  SINCE DEC 1    752                       868   -116      906
  SINCE JUL 1   1966                      2024    -58     2105

 COOLING
  YESTERDAY        0                         0      0        0
  MONTH TO DATE    0                         0      0        0
  SINCE DEC 1      0                         0      0        0
  SINCE JAN 1    603                       638    -35      706
..................................................................


WIND (MPH)
  HIGHEST WIND SPEED    25   HIGHEST WIND DIRECTION    SW (220)
  HIGHEST GUST SPEED    35   HIGHEST GUST DIRECTION    SW (230)
  AVERAGE WIND SPEED    12.4


SKY COVER
  POSSIBLE SUNSHINE  MM
  AVERAGE SKY COVER 0.8


WEATHER CONDITIONS
 THE FOLLOWING WEATHER WAS RECORDED YESTERDAY.
  LIGHT RAIN


RELATIVE HUMIDITY (PERCENT)
 HIGHEST    67          1200 AM
 LOWEST     32           600 PM
 AVERAGE    50

..........................................................


THE ERIE PA CLIMATE NORMALS FOR TODAY
                         NORMAL    RECORD    YEAR
 MAXIMUM TEMPERATURE (F)   35        70      1982
 MINIMUM TEMPERATURE (F)   23         1      1924


SUNRISE AND SUNSET
DECEMBER 28 2014......SUNRISE   748 AM EST   SUNSET   456 PM EST
DECEMBER 29 2014......SUNRISE   749 AM EST   SUNSET   457 PM EST


-  INDICATES NEGATIVE NUMBERS.
R  INDICATES RECORD WAS SET OR TIED.
MM INDICATES DATA IS MISSING.
T  INDICATES TRACE AMOUNT.




$$
