000
CDUS41 KCLE 210530
CLIERI


CLIMATE REPORT
NATIONAL WEATHER SERVICE CLEVELAND OH
1230 AM EST WED FEB 21 2018


...................................

...THE ERIE PA CLIMATE SUMMARY FOR FEBRUARY 20 2018...

CLIMATE NORMAL PERIOD 1981 TO 2010
CLIMATE RECORD PERIOD 1873 TO 2018


WEATHER ITEM   OBSERVED TIME   RECORD YEAR NORMAL DEPARTURE LAST
                VALUE   (LST)  VALUE       VALUE  FROM      YEAR
                                                  NORMAL
..................................................................
TEMPERATURE (F)
 YESTERDAY
  MAXIMUM         72R  1231 PM  66    2016  36     36       46
                                      1930
  MINIMUM         62   1257 AM -17    2015  22     40       29
  AVERAGE         67                        29     38       38

PRECIPITATION (IN)
  YESTERDAY        0.13                      0.08   0.05     0.00
  MONTH TO DATE    2.78                      1.66   1.12     1.83
  SINCE DEC 1     13.05                      8.35   4.70    10.59
  SINCE JAN 1      5.50                      4.61   0.89     6.71

SNOWFALL (IN)
  YESTERDAY        0.0                       0.6   -0.6      0.0
  MONTH TO DATE   11.4                      13.4   -2.0      9.8
  SINCE DEC 1    154.7                      70.5   84.2     65.4
  SINCE JUL 1    155.2                      79.2   76.0     67.8
  SNOW DEPTH       0

DEGREE DAYS
 HEATING
  YESTERDAY        0                        36    -36       27
  MONTH TO DATE  687                       746    -59      622
  SINCE DEC 1   3021                      2928     93     2593
  SINCE JUL 1   4018                      4084    -66     3373

 COOLING
  YESTERDAY        2                         0      2        0
  MONTH TO DATE    2                         0      2        0
  SINCE DEC 1      2                         0      2        0
  SINCE JAN 1      2                         0      2        0
..................................................................


WIND (MPH)
  HIGHEST WIND SPEED    29   HIGHEST WIND DIRECTION     S (200)
  HIGHEST GUST SPEED    36   HIGHEST GUST DIRECTION     S (200)
  AVERAGE WIND SPEED    15.6


SKY COVER
  POSSIBLE SUNSHINE  MM
  AVERAGE SKY COVER 0.6


WEATHER CONDITIONS
 THE FOLLOWING WEATHER WAS RECORDED YESTERDAY.
  RAIN
  LIGHT RAIN
  FOG
  HAZE


RELATIVE HUMIDITY (PERCENT)
 HIGHEST    73           300 PM
 LOWEST     53          1100 PM
 AVERAGE    63

..........................................................


THE ERIE PA CLIMATE NORMALS FOR TODAY
                         NORMAL    RECORD    YEAR
 MAXIMUM TEMPERATURE (F)   37        70      1997
 MINIMUM TEMPERATURE (F)   22        -1      1968
                                             1918


SUNRISE AND SUNSET
FEBRUARY 21 2018......SUNRISE   708 AM EST   SUNSET   601 PM EST
FEBRUARY 22 2018......SUNRISE   707 AM EST   SUNSET   602 PM EST


-  INDICATES NEGATIVE NUMBERS.
R  INDICATES RECORD WAS SET OR TIED.
MM INDICATES DATA IS MISSING.
T  INDICATES TRACE AMOUNT.




$$
