000
CDUS41 KCLE 182117
CLIERI


CLIMATE REPORT
NATIONAL WEATHER SERVICE CLEVELAND OH
516 PM EDT WED OCT 18 2017


...................................

...THE ERIE PA CLIMATE SUMMARY FOR OCTOBER 18 2017...
VALID TODAY AS OF 0500 PM LOCAL TIME.

CLIMATE NORMAL PERIOD 1981 TO 2010
CLIMATE RECORD PERIOD 1873 TO 2017


WEATHER ITEM   OBSERVED TIME   RECORD YEAR NORMAL DEPARTURE LAST
                VALUE   (LST)  VALUE       VALUE  FROM      YEAR
                                                  NORMAL
..................................................................
TEMPERATURE (F)
 TODAY
  MAXIMUM         71    242 PM  80    1910  60     11       79
  MINIMUM         49    709 AM  28    2009  45      4       66
                                      1974
  AVERAGE         60                        52      8       73

PRECIPITATION (IN)
  TODAY            0.00                      0.12  -0.12     0.30
  MONTH TO DATE    2.90                      2.48   0.42     1.56
  SINCE SEP 1      6.73                      7.09  -0.36     7.52
  SINCE JAN 1     38.10                     32.92   5.18    34.58

SNOWFALL (IN)
  TODAY            0.0                       0.0    0.0      0.0
  MONTH TO DATE    0.0                       0.0    0.0      0.0
  SINCE SEP 1      0.0                       0.0    0.0      0.0
  SINCE JUL 1      0.0                       0.0    0.0      0.0
  SNOW DEPTH       0

DEGREE DAYS
 HEATING
  TODAY            5                        13     -8        0
  MONTH TO DATE   67                       187   -120       81
  SINCE SEP 1    154                       293   -139      104
  SINCE JUL 1    164                       311   -147      104

 COOLING
  TODAY            0                         0      0        8
  MONTH TO DATE   26                         7     19       30
  SINCE SEP 1    132                        78     54      166
  SINCE JAN 1    694                       636     58     1015
..................................................................


WIND (MPH)
  HIGHEST WIND SPEED    17   HIGHEST WIND DIRECTION     S (200)
  HIGHEST GUST SPEED    21   HIGHEST GUST DIRECTION    SW (220)


SKY COVER
  POSSIBLE SUNSHINE  MM
  AVERAGE SKY COVER 0.0


WEATHER CONDITIONS
 THE FOLLOWING WEATHER WAS RECORDED TODAY.
  NO SIGNIFICANT WEATHER WAS OBSERVED.


RELATIVE HUMIDITY (PERCENT)
 HIGHEST    71           700 AM
 LOWEST     36           100 PM
 AVERAGE    54

..........................................................


THE ERIE PA CLIMATE NORMALS FOR TOMORROW
                         NORMAL    RECORD    YEAR
 MAXIMUM TEMPERATURE (F)   60        81      1963
 MINIMUM TEMPERATURE (F)   44        26      1972


SUNRISE AND SUNSET
OCTOBER 18 2017.......SUNRISE   737 AM EDT   SUNSET   634 PM EDT
OCTOBER 19 2017.......SUNRISE   738 AM EDT   SUNSET   632 PM EDT


-  INDICATES NEGATIVE NUMBERS.
R  INDICATES RECORD WAS SET OR TIED.
MM INDICATES DATA IS MISSING.
T  INDICATES TRACE AMOUNT.




$$
