000
CDUS41 KCLE 260546
CLIERI


CLIMATE REPORT
NATIONAL WEATHER SERVICE CLEVELAND OH
145 AM EDT FRI JUN 26 2015


...................................

...THE ERIE PA CLIMATE SUMMARY FOR JUNE 25 2015...

CLIMATE NORMAL PERIOD 1981 TO 2010
CLIMATE RECORD PERIOD 1873 TO 2015


WEATHER ITEM   OBSERVED TIME   RECORD YEAR NORMAL DEPARTURE LAST
                VALUE   (LST)  VALUE       VALUE  FROM      YEAR
                                                  NORMAL
..................................................................
TEMPERATURE (F)
 YESTERDAY
  MAXIMUM         75    419 PM 100    1988  78     -3       75
  MINIMUM         56    506 AM  40    1979  61     -5       66
  AVERAGE         66                        70     -4       71

PRECIPITATION (IN)
  YESTERDAY        0.00                      0.13  -0.13     0.50
  MONTH TO DATE    3.46                      3.14   0.32     4.19
  SINCE JUN 1      3.46                      3.14   0.32     4.19
  SINCE JAN 1     17.65                     18.20  -0.55    20.34

SNOWFALL (IN)
  YESTERDAY        0.0                       0.0    0.0      0.0
  MONTH TO DATE    0.0                       0.0    0.0      0.0
  SINCE JUN 1      0.0                       0.0    0.0      0.0
  SINCE JUL 1    110.3                     100.9    9.4    138.4
  SNOW DEPTH       0

DEGREE DAYS
 HEATING
  YESTERDAY        0                         1     -1        0
  MONTH TO DATE   33                        57    -24       30
  SINCE JUN 1     33                        57    -24       30
  SINCE JUL 1   6647                      6143    504     6757

 COOLING
  YESTERDAY        1                         6     -5        6
  MONTH TO DATE   96                        93      3      114
  SINCE JUN 1     96                        93      3      114
  SINCE JAN 1    208                       132     76      153
..................................................................


WIND (MPH)
  HIGHEST WIND SPEED    10   HIGHEST WIND DIRECTION     S (160)
  HIGHEST GUST SPEED    14   HIGHEST GUST DIRECTION     S (160)
  AVERAGE WIND SPEED     4.3


SKY COVER
  POSSIBLE SUNSHINE  MM
  AVERAGE SKY COVER 0.3


WEATHER CONDITIONS
 THE FOLLOWING WEATHER WAS RECORDED YESTERDAY.
  NO SIGNIFICANT WEATHER WAS OBSERVED.


RELATIVE HUMIDITY (PERCENT)
 HIGHEST    73          1000 PM
 LOWEST     47           900 AM
 AVERAGE    60

..........................................................


THE ERIE PA CLIMATE NORMALS FOR TODAY
                         NORMAL    RECORD    YEAR
 MAXIMUM TEMPERATURE (F)   78        92      1952
 MINIMUM TEMPERATURE (F)   61        46      2004


SUNRISE AND SUNSET
JUNE 26 2015..........SUNRISE   546 AM EDT   SUNSET   901 PM EDT
JUNE 27 2015..........SUNRISE   547 AM EDT   SUNSET   901 PM EDT


-  INDICATES NEGATIVE NUMBERS.
R  INDICATES RECORD WAS SET OR TIED.
MM INDICATES DATA IS MISSING.
T  INDICATES TRACE AMOUNT.




$$
