000
CDUS41 KCLE 182126
CLIERI


CLIMATE REPORT
NATIONAL WEATHER SERVICE CLEVELAND OH
525 PM EDT SUN SEP 18 2016


...................................

...THE ERIE PA CLIMATE SUMMARY FOR SEPTEMBER 18 2016...
VALID TODAY AS OF 0500 PM LOCAL TIME.

CLIMATE NORMAL PERIOD 1981 TO 2010
CLIMATE RECORD PERIOD 1873 TO 2016


WEATHER ITEM   OBSERVED TIME   RECORD YEAR NORMAL DEPARTURE LAST
                VALUE   (LST)  VALUE       VALUE  FROM      YEAR
                                                  NORMAL
..................................................................
TEMPERATURE (F)
 TODAY
  MAXIMUM         79    136 PM  88    1955  71      8       84
  MINIMUM         68    625 AM  40    1990  55     13       62
  AVERAGE         74                        63     11       73

PRECIPITATION (IN)
  TODAY            0.00                      0.16  -0.16     0.00
  MONTH TO DATE    4.47                      2.59   1.88     3.91
  SINCE SEP 1      4.47                      2.59   1.88     3.91
  SINCE JAN 1     31.53                     28.42   3.11    27.62

SNOWFALL (IN)
  TODAY            0.0                       0.0    0.0      0.0
  MONTH TO DATE    0.0                       0.0    0.0      0.0
  SINCE SEP 1      0.0                       0.0    0.0      0.0
  SINCE JUL 1      0.0                       0.0    0.0      0.0
  SNOW DEPTH       0

DEGREE DAYS
 HEATING
  TODAY            0                         4     -4        0
  MONTH TO DATE    4                        37    -33       14
  SINCE SEP 1      4                        37    -33       14
  SINCE JUL 1      4                        55    -51       32

 COOLING
  TODAY            9                         2      7        8
  MONTH TO DATE  104                        55     49      144
  SINCE SEP 1    104                        55     49      144
  SINCE JAN 1    953                       613    340      750
..................................................................


WIND (MPH)
  HIGHEST WIND SPEED    13   HIGHEST WIND DIRECTION     W (290)
  HIGHEST GUST SPEED    16   HIGHEST GUST DIRECTION    SW (210)


SKY COVER
  POSSIBLE SUNSHINE  MM
  AVERAGE SKY COVER 0.5


WEATHER CONDITIONS
 THE FOLLOWING WEATHER WAS RECORDED TODAY.
  NO SIGNIFICANT WEATHER WAS OBSERVED.


RELATIVE HUMIDITY (PERCENT)
 HIGHEST    93           300 AM
 LOWEST     69           100 PM
 AVERAGE    81

..........................................................


THE ERIE PA CLIMATE NORMALS FOR TOMORROW
                         NORMAL    RECORD    YEAR
 MAXIMUM TEMPERATURE (F)   71        89      1955
 MINIMUM TEMPERATURE (F)   55        40      1929


SUNRISE AND SUNSET
SEPTEMBER 18 2016.....SUNRISE   704 AM EDT   SUNSET   724 PM EDT
SEPTEMBER 19 2016.....SUNRISE   705 AM EDT   SUNSET   722 PM EDT


-  INDICATES NEGATIVE NUMBERS.
R  INDICATES RECORD WAS SET OR TIED.
MM INDICATES DATA IS MISSING.
T  INDICATES TRACE AMOUNT.




$$
