000
CDUS41 KCLE 170612
CLIERI


CLIMATE REPORT
NATIONAL WEATHER SERVICE CLEVELAND OH
211 AM EDT FRI MAR 17 2017


...................................

...THE ERIE PA CLIMATE SUMMARY FOR MARCH 16 2017...

CLIMATE NORMAL PERIOD 1981 TO 2010
CLIMATE RECORD PERIOD 1873 TO 2017


WEATHER ITEM   OBSERVED TIME   RECORD YEAR NORMAL DEPARTURE LAST
                VALUE   (LST)  VALUE       VALUE  FROM      YEAR
                                                  NORMAL
..................................................................
TEMPERATURE (F)
 YESTERDAY
  MAXIMUM         32    454 PM  72    1935  44    -12       64
  MINIMUM         23   1152 PM   5    1916  27     -4       43
  AVERAGE         28                        36     -8       54

PRECIPITATION (IN)
  YESTERDAY        T                         0.09  -0.09     0.06
  MONTH TO DATE    1.64                      1.44   0.20     1.43
  SINCE MAR 1      1.64                      1.44   0.20     1.43
  SINCE JAN 1      9.06                      6.78   2.28     7.64

SNOWFALL (IN)
  YESTERDAY        T                         0.5   -0.5      0.0
  MONTH TO DATE    9.7                       8.4    1.3      1.1
  SINCE MAR 1      9.7                       8.4    1.3      1.1
  SINCE JUL 1     78.0                      92.4  -14.4     68.3
  SNOW DEPTH       3

DEGREE DAYS
 HEATING
  YESTERDAY       37                        30      7       11
  MONTH TO DATE  536                       513     23      364
  SINCE MAR 1    536                       513     23      364
  SINCE JUL 1   4040                      4878   -838     3962

 COOLING
  YESTERDAY        0                         0      0        0
  MONTH TO DATE    0                         0      0        0
  SINCE MAR 1      0                         0      0        0
  SINCE JAN 1      0                         0      0        0
..................................................................


WIND (MPH)
  HIGHEST WIND SPEED    22   HIGHEST WIND DIRECTION     W (280)
  HIGHEST GUST SPEED    29   HIGHEST GUST DIRECTION    NW (300)
  AVERAGE WIND SPEED    12.9


SKY COVER
  POSSIBLE SUNSHINE  MM
  AVERAGE SKY COVER 0.6


WEATHER CONDITIONS
 THE FOLLOWING WEATHER WAS RECORDED YESTERDAY.
  LIGHT SNOW


RELATIVE HUMIDITY (PERCENT)
 HIGHEST    75           900 AM
 LOWEST     45           400 PM
 AVERAGE    60

..........................................................


THE ERIE PA CLIMATE NORMALS FOR TODAY
                         NORMAL    RECORD    YEAR
 MAXIMUM TEMPERATURE (F)   44        74      1945
 MINIMUM TEMPERATURE (F)   28         1      1900


SUNRISE AND SUNSET
MARCH 17 2017.........SUNRISE   729 AM EDT   SUNSET   730 PM EDT
MARCH 18 2017.........SUNRISE   727 AM EDT   SUNSET   731 PM EDT


-  INDICATES NEGATIVE NUMBERS.
R  INDICATES RECORD WAS SET OR TIED.
MM INDICATES DATA IS MISSING.
T  INDICATES TRACE AMOUNT.




$$
