000
CDUS41 KCLE 170527
CLIERI


CLIMATE REPORT
NATIONAL WEATHER SERVICE CLEVELAND OH
1227 AM EST WED DEC 17 2014


...................................

...THE ERIE PA CLIMATE SUMMARY FOR DECEMBER 16 2014...

CLIMATE NORMAL PERIOD 1981 TO 2010
CLIMATE RECORD PERIOD 1873 TO 2014


WEATHER ITEM   OBSERVED TIME   RECORD YEAR NORMAL DEPARTURE LAST
                VALUE   (LST)  VALUE       VALUE  FROM      YEAR
                                                  NORMAL
..................................................................
TEMPERATURE (F)
 YESTERDAY
  MAXIMUM         50    323 PM  65    1984  38     12       22
  MINIMUM         36    249 AM  -1    1876  26     10        8
  AVERAGE         43                        32     11       15

PRECIPITATION (IN)
  YESTERDAY        0.42                      0.12   0.30     0.16
  MONTH TO DATE    1.52                      1.99  -0.47     2.05
  SINCE DEC 1      1.52                      1.99  -0.47     2.05
  SINCE JAN 1     39.75                     40.41  -0.66    50.55

SNOWFALL (IN)
  YESTERDAY        0.0                       1.0   -1.0      3.1
  MONTH TO DATE    3.3                      12.4   -9.1     29.4
  SINCE DEC 1      3.3                      12.4   -9.1     29.4
  SINCE JUL 1     28.3                      21.1    7.2     45.0
  SNOW DEPTH       0

DEGREE DAYS
 HEATING
  YESTERDAY       22                        33    -11       50
  MONTH TO DATE  463                       487    -24      564
  SINCE DEC 1    463                       487    -24      564
  SINCE JUL 1   1677                      1643     34     1763

 COOLING
  YESTERDAY        0                         0      0        0
  MONTH TO DATE    0                         0      0        0
  SINCE DEC 1      0                         0      0        0
  SINCE JAN 1    603                       638    -35      706
..................................................................


WIND (MPH)
  HIGHEST WIND SPEED    24   HIGHEST WIND DIRECTION    SW (240)
  HIGHEST GUST SPEED    37   HIGHEST GUST DIRECTION     W (250)
  AVERAGE WIND SPEED    11.8


SKY COVER
  POSSIBLE SUNSHINE  MM
  AVERAGE SKY COVER 0.8


WEATHER CONDITIONS
 THE FOLLOWING WEATHER WAS RECORDED YESTERDAY.
  RAIN
  LIGHT RAIN
  FOG


RELATIVE HUMIDITY (PERCENT)
 HIGHEST    93           400 PM
 LOWEST     76           700 AM
 AVERAGE    85

..........................................................


THE ERIE PA CLIMATE NORMALS FOR TODAY
                         NORMAL    RECORD    YEAR
 MAXIMUM TEMPERATURE (F)   37        60      1984
 MINIMUM TEMPERATURE (F)   26         3      1919


SUNRISE AND SUNSET
DECEMBER 17 2014......SUNRISE   743 AM EST   SUNSET   450 PM EST
DECEMBER 18 2014......SUNRISE   744 AM EST   SUNSET   451 PM EST


-  INDICATES NEGATIVE NUMBERS.
R  INDICATES RECORD WAS SET OR TIED.
MM INDICATES DATA IS MISSING.
T  INDICATES TRACE AMOUNT.




$$
