000
CDUS41 KCLE 160535
CLIERI


CLIMATE REPORT
NATIONAL WEATHER SERVICE CLEVELAND OH
134 AM EDT MON MAY 16 2016


...................................

...THE ERIE PA CLIMATE SUMMARY FOR MAY 15 2016...

CLIMATE NORMAL PERIOD 1981 TO 2010
CLIMATE RECORD PERIOD 1873 TO 2016


WEATHER ITEM   OBSERVED TIME   RECORD YEAR NORMAL DEPARTURE LAST
                VALUE   (LST)  VALUE       VALUE  FROM      YEAR
                                                  NORMAL
..................................................................
TEMPERATURE (F)
 YESTERDAY
  MAXIMUM         46    504 PM  86    2007  66    -20       73
                                      1916
  MINIMUM         36    852 AM  34    1920  48    -12       52
  AVERAGE         41                        57    -16       63

PRECIPITATION (IN)
  YESTERDAY        0.10                      0.11  -0.01     0.29
  MONTH TO DATE    1.46                      1.62  -0.16     1.17
  SINCE MAR 1      6.45                      7.90  -1.45     6.14
  SINCE JAN 1     12.66                     13.24  -0.58    11.90

SNOWFALL (IN)
  YESTERDAY        T                         0.0    0.0      0.0
  MONTH TO DATE    T                         0.0    0.0      0.0
  SINCE MAR 1      4.0                      16.9  -12.9     10.9
  SINCE JUL 1     71.2                     100.9  -29.7    110.3
  SNOW DEPTH       0

DEGREE DAYS
 HEATING
  YESTERDAY       24                         9     15        2
  MONTH TO DATE  189                       162     27       90
  SINCE MAR 1   1492                      1616   -124     1666
  SINCE JUL 1   5090                      5981   -891     6542

 COOLING
  YESTERDAY        0                         1     -1        0
  MONTH TO DATE    4                        10     -6       42
  SINCE MAR 1      4                        17    -13       42
  SINCE JAN 1      4                        17    -13       42
..................................................................


WIND (MPH)
  HIGHEST WIND SPEED    22   HIGHEST WIND DIRECTION    NW (320)
  HIGHEST GUST SPEED    30   HIGHEST GUST DIRECTION     W (290)
  AVERAGE WIND SPEED    12.4


SKY COVER
  POSSIBLE SUNSHINE  MM
  AVERAGE SKY COVER 1.0


WEATHER CONDITIONS
 THE FOLLOWING WEATHER WAS RECORDED YESTERDAY.
  HEAVY RAIN
  LIGHT RAIN
  LIGHT SNOW
  FOG


RELATIVE HUMIDITY (PERCENT)
 HIGHEST    79          1200 AM
 LOWEST     53          1200 PM
 AVERAGE    66

..........................................................


THE ERIE PA CLIMATE NORMALS FOR TODAY
                         NORMAL    RECORD    YEAR
 MAXIMUM TEMPERATURE (F)   67        90      1991
 MINIMUM TEMPERATURE (F)   48        32      1980


SUNRISE AND SUNSET
MAY 16 2016...........SUNRISE   559 AM EDT   SUNSET   836 PM EDT
MAY 17 2016...........SUNRISE   558 AM EDT   SUNSET   837 PM EDT


-  INDICATES NEGATIVE NUMBERS.
R  INDICATES RECORD WAS SET OR TIED.
MM INDICATES DATA IS MISSING.
T  INDICATES TRACE AMOUNT.




$$
