000
CDUS41 KCLE 220545
CLIERI


CLIMATE REPORT
NATIONAL WEATHER SERVICE CLEVELAND OH
145 AM EDT MON MAY 22 2017


...................................

...THE ERIE PA CLIMATE SUMMARY FOR MAY 21 2017...

CLIMATE NORMAL PERIOD 1981 TO 2010
CLIMATE RECORD PERIOD 1873 TO 2017


WEATHER ITEM   OBSERVED TIME   RECORD YEAR NORMAL DEPARTURE LAST
                VALUE   (LST)  VALUE       VALUE  FROM      YEAR
                                                  NORMAL
..................................................................
TEMPERATURE (F)
 YESTERDAY
  MAXIMUM         74   1032 AM  88    1911  68      6       66
  MINIMUM         59    300 AM  32    1954  50      9       50
  AVERAGE         67                        59      8       58

PRECIPITATION (IN)
  YESTERDAY        0.36                      0.11   0.25     0.09
  MONTH TO DATE    3.57                      2.29   1.28     1.55
  SINCE MAR 1     11.04                      8.57   2.47     6.54
  SINCE JAN 1     18.46                     13.91   4.55    12.75

SNOWFALL (IN)
  YESTERDAY        0.0                       0.0    0.0      0.0
  MONTH TO DATE    0.0                       0.0    0.0       T
  SINCE MAR 1     10.3                      16.9   -6.6      4.0
  SINCE JUL 1     78.6                     100.9  -22.3     71.2
  SNOW DEPTH       0

DEGREE DAYS
 HEATING
  YESTERDAY        0                         7     -7        7
  MONTH TO DATE  247                       209     38      255
  SINCE MAR 1   1523                      1663   -140     1558
  SINCE JUL 1   5027                      6028  -1001     5156

 COOLING
  YESTERDAY        2                         1      1        0
  MONTH TO DATE   29                        16     13        4
  SINCE MAR 1     38                        23     15        4
  SINCE JAN 1     38                        23     15        4
..................................................................


WIND (MPH)
  HIGHEST WIND SPEED    24   HIGHEST WIND DIRECTION    SE (140)
  HIGHEST GUST SPEED    31   HIGHEST GUST DIRECTION    SE (150)
  AVERAGE WIND SPEED    13.4


SKY COVER
  POSSIBLE SUNSHINE  MM
  AVERAGE SKY COVER 0.6


WEATHER CONDITIONS
 THE FOLLOWING WEATHER WAS RECORDED YESTERDAY.
  RAIN
  LIGHT RAIN
  FOG


RELATIVE HUMIDITY (PERCENT)
 HIGHEST    93           300 PM
 LOWEST     66           900 AM
 AVERAGE    80

..........................................................


THE ERIE PA CLIMATE NORMALS FOR TODAY
                         NORMAL    RECORD    YEAR
 MAXIMUM TEMPERATURE (F)   68        87      2013
                                             1902
 MINIMUM TEMPERATURE (F)   50        35      2006


SUNRISE AND SUNSET
MAY 22 2017...........SUNRISE   554 AM EDT   SUNSET   842 PM EDT
MAY 23 2017...........SUNRISE   553 AM EDT   SUNSET   843 PM EDT


-  INDICATES NEGATIVE NUMBERS.
R  INDICATES RECORD WAS SET OR TIED.
MM INDICATES DATA IS MISSING.
T  INDICATES TRACE AMOUNT.




$$
