000
CDUS41 KCLE 072211
CLIERI


CLIMATE REPORT
NATIONAL WEATHER SERVICE CLEVELAND OH
511 PM EST TUE NOV 7 2017


...................................

...THE ERIE PA CLIMATE SUMMARY FOR NOVEMBER 7 2017...
VALID TODAY AS OF 0500 PM LOCAL TIME.

CLIMATE NORMAL PERIOD 1981 TO 2010
CLIMATE RECORD PERIOD 1873 TO 2017


WEATHER ITEM   OBSERVED TIME   RECORD YEAR NORMAL DEPARTURE LAST
                VALUE   (LST)  VALUE       VALUE  FROM      YEAR
                                                  NORMAL
..................................................................
TEMPERATURE (F)
 TODAY
  MAXIMUM         46    234 PM  77    1938  54     -8       67
  MINIMUM         39    839 AM  23    1971  39      0       42
  AVERAGE         43                        46     -3       55

PRECIPITATION (IN)
  TODAY            T                         0.13  -0.13     0.00
  MONTH TO DATE    4.41                      0.91   3.50     0.62
  SINCE SEP 1     12.54                      9.57   2.97    12.82
  SINCE JAN 1     43.91                     35.40   8.51    39.88

SNOWFALL (IN)
  TODAY            0.0                       0.2   -0.2      0.0
  MONTH TO DATE    0.0                       1.0   -1.0      0.0
  SINCE SEP 1      0.0                       1.2   -1.2      0.0
  SINCE JUL 1      0.0                       1.2   -1.2      0.0
  SNOW DEPTH       0

DEGREE DAYS
 HEATING
  TODAY           22                        19      3       10
  MONTH TO DATE   95                       124    -29       70
  SINCE SEP 1    416                       609   -193      346
  SINCE JUL 1    426                       627   -201      346

 COOLING
  TODAY            0                         0      0        0
  MONTH TO DATE    0                         0      0        2
  SINCE SEP 1    135                        80     55      168
  SINCE JAN 1    697                       638     59     1017
..................................................................


WIND (MPH)
  HIGHEST WIND SPEED    17   HIGHEST WIND DIRECTION     E (70)
  HIGHEST GUST SPEED    22   HIGHEST GUST DIRECTION    NE (60)


SKY COVER
  POSSIBLE SUNSHINE  MM
  AVERAGE SKY COVER 0.9


WEATHER CONDITIONS
 THE FOLLOWING WEATHER WAS RECORDED TODAY.
  LIGHT RAIN


RELATIVE HUMIDITY (PERCENT)
 HIGHEST    79           700 AM
 LOWEST     58           300 PM
 AVERAGE    69

..........................................................


THE ERIE PA CLIMATE NORMALS FOR TOMORROW
                         NORMAL    RECORD    YEAR
 MAXIMUM TEMPERATURE (F)   53        75      1945
 MINIMUM TEMPERATURE (F)   39        25      1976


SUNRISE AND SUNSET
NOVEMBER  7 2017......SUNRISE   701 AM EST   SUNSET   507 PM EST
NOVEMBER  8 2017......SUNRISE   702 AM EST   SUNSET   506 PM EST


-  INDICATES NEGATIVE NUMBERS.
R  INDICATES RECORD WAS SET OR TIED.
MM INDICATES DATA IS MISSING.
T  INDICATES TRACE AMOUNT.




$$
