020
CDUS41 KCLE 170527
CLIERI


CLIMATE REPORT
NATIONAL WEATHER SERVICE CLEVELAND OH
127 AM EDT MON APR 17 2017


...................................

...THE ERIE PA CLIMATE SUMMARY FOR APRIL 16 2017...

CLIMATE NORMAL PERIOD 1981 TO 2010
CLIMATE RECORD PERIOD 1873 TO 2017


WEATHER ITEM   OBSERVED TIME   RECORD YEAR NORMAL DEPARTURE LAST
                VALUE   (LST)  VALUE       VALUE  FROM      YEAR
                                                  NORMAL
..................................................................
TEMPERATURE (F)
 YESTERDAY
  MAXIMUM         77   1116 AM  82    2012  56     21       66
                                      2002
  MINIMUM         54   1159 PM  21    2014  38     16       42
                                      1875
  AVERAGE         66                        47     19       54

PRECIPITATION (IN)
  YESTERDAY        T                         0.11  -0.11     0.00
  MONTH TO DATE    1.48                      1.86  -0.38     1.21
  SINCE MAR 1      5.57                      4.81   0.76     4.37
  SINCE JAN 1     12.99                     10.15   2.84    10.58

SNOWFALL (IN)
  YESTERDAY        0.0                       0.1   -0.1      0.0
  MONTH TO DATE    0.5                       2.8   -2.3      2.9
  SINCE MAR 1     10.3                      16.5   -6.2      4.0
  SINCE JUL 1     78.6                     100.5  -21.9     71.2
  SNOW DEPTH       0

DEGREE DAYS
 HEATING
  YESTERDAY        0                        18    -18       11
  MONTH TO DATE  228                       330   -102      408
  SINCE MAR 1   1124                      1241   -117     1084
  SINCE JUL 1   4628                      5606   -978     4682

 COOLING
  YESTERDAY        1                         0      1        0
  MONTH TO DATE    4                         0      4        0
  SINCE MAR 1      4                         1      3        0
  SINCE JAN 1      4                         1      3        0
..................................................................


WIND (MPH)
  HIGHEST WIND SPEED    29   HIGHEST WIND DIRECTION     S (200)
  HIGHEST GUST SPEED    38   HIGHEST GUST DIRECTION     W (270)
  AVERAGE WIND SPEED    16.1


SKY COVER
  POSSIBLE SUNSHINE  MM
  AVERAGE SKY COVER 0.5


WEATHER CONDITIONS
 THE FOLLOWING WEATHER WAS RECORDED YESTERDAY.
  LIGHT RAIN


RELATIVE HUMIDITY (PERCENT)
 HIGHEST    75           900 PM
 LOWEST     46          1100 AM
 AVERAGE    61

..........................................................


THE ERIE PA CLIMATE NORMALS FOR TODAY
                         NORMAL    RECORD    YEAR
 MAXIMUM TEMPERATURE (F)   57        82      2002
 MINIMUM TEMPERATURE (F)   39        15      1875


SUNRISE AND SUNSET
APRIL 17 2017.........SUNRISE   637 AM EDT   SUNSET   805 PM EDT
APRIL 18 2017.........SUNRISE   635 AM EDT   SUNSET   806 PM EDT


-  INDICATES NEGATIVE NUMBERS.
R  INDICATES RECORD WAS SET OR TIED.
MM INDICATES DATA IS MISSING.
T  INDICATES TRACE AMOUNT.




$$
