000
CDUS41 KCLE 140545
CLIERI


CLIMATE REPORT
NATIONAL WEATHER SERVICE CLEVELAND OH
145 AM EDT SUN MAY 14 2017


...................................

...THE ERIE PA CLIMATE SUMMARY FOR MAY 13 2017...

CLIMATE NORMAL PERIOD 1981 TO 2010
CLIMATE RECORD PERIOD 1873 TO 2017


WEATHER ITEM   OBSERVED TIME   RECORD YEAR NORMAL DEPARTURE LAST
                VALUE   (LST)  VALUE       VALUE  FROM      YEAR
                                                  NORMAL
..................................................................
TEMPERATURE (F)
 YESTERDAY
  MAXIMUM         63    432 PM  88    2014  66     -3       64
  MINIMUM         50    614 AM  32    1967  47      3       54
                                      1895
  AVERAGE         57                        56      1       59

PRECIPITATION (IN)
  YESTERDAY        0.04                      0.11  -0.07     0.30
  MONTH TO DATE    3.10                      1.40   1.70     1.15
  SINCE MAR 1     10.57                      7.68   2.89     6.14
  SINCE JAN 1     17.99                     13.02   4.97    12.35

SNOWFALL (IN)
  YESTERDAY        0.0                       0.0    0.0      0.0
  MONTH TO DATE    0.0                       0.0    0.0      0.0
  SINCE MAR 1     10.3                      16.9   -6.6      4.0
  SINCE JUL 1     78.6                     100.9  -22.3     71.2
  SNOW DEPTH       0

DEGREE DAYS
 HEATING
  YESTERDAY        8                         9     -1        6
  MONTH TO DATE  206                       144     62      149
  SINCE MAR 1   1482                      1598   -116     1452
  SINCE JUL 1   4986                      5963   -977     5050

 COOLING
  YESTERDAY        0                         1     -1        0
  MONTH TO DATE    0                         8     -8        4
  SINCE MAR 1      9                        15     -6        4
  SINCE JAN 1      9                        15     -6        4
..................................................................


WIND (MPH)
  HIGHEST WIND SPEED    14   HIGHEST WIND DIRECTION     W (270)
  HIGHEST GUST SPEED    17   HIGHEST GUST DIRECTION     W (280)
  AVERAGE WIND SPEED     5.8


SKY COVER
  POSSIBLE SUNSHINE  MM
  AVERAGE SKY COVER 0.5


WEATHER CONDITIONS
 THE FOLLOWING WEATHER WAS RECORDED YESTERDAY.
  LIGHT RAIN


RELATIVE HUMIDITY (PERCENT)
 HIGHEST    89          1100 PM
 LOWEST     46           400 PM
 AVERAGE    68

..........................................................


THE ERIE PA CLIMATE NORMALS FOR TODAY
                         NORMAL    RECORD    YEAR
 MAXIMUM TEMPERATURE (F)   66        87      1962
 MINIMUM TEMPERATURE (F)   48        34      2013


SUNRISE AND SUNSET
MAY 14 2017...........SUNRISE   601 AM EDT   SUNSET   834 PM EDT
MAY 15 2017...........SUNRISE   600 AM EDT   SUNSET   835 PM EDT


-  INDICATES NEGATIVE NUMBERS.
R  INDICATES RECORD WAS SET OR TIED.
MM INDICATES DATA IS MISSING.
T  INDICATES TRACE AMOUNT.




$$
