939
CDUS41 KCLE 192121
CLIERI


CLIMATE REPORT
NATIONAL WEATHER SERVICE CLEVELAND OH
519 PM EDT THU MAY 19 2016


...................................

...THE ERIE PA CLIMATE SUMMARY FOR MAY 19 2016...
VALID TODAY AS OF 0500 PM LOCAL TIME.

CLIMATE NORMAL PERIOD 1981 TO 2010
CLIMATE RECORD PERIOD 1873 TO 2016


WEATHER ITEM   OBSERVED TIME   RECORD YEAR NORMAL DEPARTURE LAST
                VALUE   (LST)  VALUE       VALUE  FROM      YEAR
                                                  NORMAL
..................................................................
TEMPERATURE (F)
 TODAY
  MAXIMUM         63    156 PM  90    1996  68     -5       70
  MINIMUM         39    516 AM  35    2002  49    -10       49
                                      1954
  AVERAGE         51                        58     -7       60

PRECIPITATION (IN)
  TODAY            0.00                      0.11  -0.11     0.00
  MONTH TO DATE    1.46                      2.06  -0.60     1.55
  SINCE MAR 1      6.45                      8.34  -1.89     6.52
  SINCE JAN 1     12.66                     13.68  -1.02    12.28

SNOWFALL (IN)
  TODAY            0.0                       0.0    0.0      0.0
  MONTH TO DATE    T                         0.0    0.0      0.0
  SINCE MAR 1      4.0                      16.9  -12.9     10.9
  SINCE JUL 1     71.2                     100.9  -29.7    110.3
  SNOW DEPTH       0

DEGREE DAYS
 HEATING
  TODAY           14                         8      6        5
  MONTH TO DATE  238                       195     43       95
  SINCE MAR 1   1541                      1649   -108     1671
  SINCE JUL 1   5139                      6014   -875     6547

 COOLING
  TODAY            0                         1     -1        0
  MONTH TO DATE    4                        14    -10       60
  SINCE MAR 1      4                        21    -17       60
  SINCE JAN 1      4                        21    -17       60
..................................................................


WIND (MPH)
  HIGHEST WIND SPEED    10   HIGHEST WIND DIRECTION    NW (300)
  HIGHEST GUST SPEED    15   HIGHEST GUST DIRECTION    NW (300)


SKY COVER
  POSSIBLE SUNSHINE  MM
  AVERAGE SKY COVER 0.0


WEATHER CONDITIONS
 THE FOLLOWING WEATHER WAS RECORDED TODAY.
  NO SIGNIFICANT WEATHER WAS OBSERVED.


RELATIVE HUMIDITY (PERCENT)
 HIGHEST    92           300 AM
 LOWEST     39           200 PM
 AVERAGE    66

..........................................................


THE ERIE PA CLIMATE NORMALS FOR TOMORROW
                         NORMAL    RECORD    YEAR
 MAXIMUM TEMPERATURE (F)   68        88      2013
                                             1962
 MINIMUM TEMPERATURE (F)   50        30      2002


SUNRISE AND SUNSET
MAY 19 2016...........SUNRISE   556 AM EDT   SUNSET   839 PM EDT
MAY 20 2016...........SUNRISE   555 AM EDT   SUNSET   840 PM EDT


-  INDICATES NEGATIVE NUMBERS.
R  INDICATES RECORD WAS SET OR TIED.
MM INDICATES DATA IS MISSING.
T  INDICATES TRACE AMOUNT.




$$
