837
CDUS41 KCLE 120542
CLIERI


CLIMATE REPORT
NATIONAL WEATHER SERVICE CLEVELAND OH
1241 AM EST MON FEB 12 2018


...................................

...THE ERIE PA CLIMATE SUMMARY FOR FEBRUARY 11 2018...

CLIMATE NORMAL PERIOD 1981 TO 2010
CLIMATE RECORD PERIOD 1873 TO 2018


WEATHER ITEM   OBSERVED TIME   RECORD YEAR NORMAL DEPARTURE LAST
                VALUE   (LST)  VALUE       VALUE  FROM      YEAR
                                                  NORMAL
..................................................................
TEMPERATURE (F)
 YESTERDAY
  MAXIMUM         50    122 PM  72    1932  35     15       43
  MINIMUM         26    440 AM -17    1979  21      5       34
  AVERAGE         38                        28     10       39

PRECIPITATION (IN)
  YESTERDAY        0.15                      0.08   0.07     0.01
  MONTH TO DATE    1.27                      0.91   0.36     1.07
  SINCE DEC 1     11.54                      7.60   3.94     9.83
  SINCE JAN 1      3.99                      3.86   0.13     5.95

SNOWFALL (IN)
  YESTERDAY        0.0                       0.7   -0.7      0.0
  MONTH TO DATE   11.0                       7.8    3.2      6.4
  SINCE DEC 1    154.3                      64.9   89.4     62.0
  SINCE JUL 1    154.8                      73.6   81.2     64.4
  SNOW DEPTH       5

DEGREE DAYS
 HEATING
  YESTERDAY       27                        37    -10       26
  MONTH TO DATE  453                       416     37      368
  SINCE DEC 1   2787                      2598    189     2339
  SINCE JUL 1   3784                      3754     30     3119

 COOLING
  YESTERDAY        0                         0      0        0
  MONTH TO DATE    0                         0      0        0
  SINCE DEC 1      0                         0      0        0
  SINCE JAN 1      0                         0      0        0
..................................................................


WIND (MPH)
  HIGHEST WIND SPEED    22   HIGHEST WIND DIRECTION     W (250)
  HIGHEST GUST SPEED    33   HIGHEST GUST DIRECTION    SW (240)
  AVERAGE WIND SPEED    10.0


SKY COVER
  POSSIBLE SUNSHINE  MM
  AVERAGE SKY COVER 1.0


WEATHER CONDITIONS
 THE FOLLOWING WEATHER WAS RECORDED YESTERDAY.
  LIGHT RAIN
  FREEZING RAIN
  LT FREEZING RAIN
  FOG
  HAZE


RELATIVE HUMIDITY (PERCENT)
 HIGHEST    92           100 AM
 LOWEST     78          1100 PM
 AVERAGE    85

..........................................................


THE ERIE PA CLIMATE NORMALS FOR TODAY
                         NORMAL    RECORD    YEAR
 MAXIMUM TEMPERATURE (F)   35        69      1999
 MINIMUM TEMPERATURE (F)   21       -10      1917


SUNRISE AND SUNSET
FEBRUARY 12 2018......SUNRISE   721 AM EST   SUNSET   550 PM EST
FEBRUARY 13 2018......SUNRISE   719 AM EST   SUNSET   551 PM EST


-  INDICATES NEGATIVE NUMBERS.
R  INDICATES RECORD WAS SET OR TIED.
MM INDICATES DATA IS MISSING.
T  INDICATES TRACE AMOUNT.




$$
