000
CDUS41 KCLE 190538
CLIERI


CLIMATE REPORT
NATIONAL WEATHER SERVICE CLEVELAND OH
125 AM EDT TUE MAY 19 2015


...................................

...THE ERIE PA CLIMATE SUMMARY FOR MAY 18 2015...

CLIMATE NORMAL PERIOD 1981 TO 2010
CLIMATE RECORD PERIOD 1873 TO 2015


WEATHER ITEM   OBSERVED TIME   RECORD YEAR NORMAL DEPARTURE LAST
                VALUE   (LST)  VALUE       VALUE  FROM      YEAR
                                                  NORMAL
..................................................................
TEMPERATURE (F)
 YESTERDAY
  MAXIMUM         78    227 PM  89    1889  67     11       61
  MINIMUM         68    802 PM  30    2009  49     19       39
  AVERAGE         73                        58     15       50

PRECIPITATION (IN)
  YESTERDAY        0.12                      0.11   0.01     0.00
  MONTH TO DATE    1.55                      1.95  -0.40     2.26
  SINCE MAR 1      6.52                      8.23  -1.71     9.25
  SINCE JAN 1     12.28                     13.57  -1.29    15.16

SNOWFALL (IN)
  YESTERDAY        0.0                       0.0    0.0      0.0
  MONTH TO DATE    0.0                       0.0    0.0      0.0
  SINCE MAR 1     10.9                      16.9   -6.0     18.8
  SINCE JUL 1    110.3                     100.9    9.4    138.4
  SNOW DEPTH       0

DEGREE DAYS
 HEATING
  YESTERDAY        0                         8     -8       15
  MONTH TO DATE   90                       187    -97      178
  SINCE MAR 1   1666                      1641     25     1847
  SINCE JUL 1   6542                      6006    536     6668

 COOLING
  YESTERDAY        8                         1      7        0
  MONTH TO DATE   60                        13     47       26
  SINCE MAR 1     60                        20     40       26
  SINCE JAN 1     60                        20     40       26
..................................................................


WIND (MPH)
  HIGHEST WIND SPEED    15   HIGHEST WIND DIRECTION     W (270)
  HIGHEST GUST SPEED    20   HIGHEST GUST DIRECTION     S (180)
  AVERAGE WIND SPEED    10.2


SKY COVER
  POSSIBLE SUNSHINE  MM
  AVERAGE SKY COVER 0.4


WEATHER CONDITIONS
 THE FOLLOWING WEATHER WAS RECORDED YESTERDAY.
  LIGHT RAIN
  FOG


RELATIVE HUMIDITY (PERCENT)
 HIGHEST    87           500 PM
 LOWEST     64          1200 PM
 AVERAGE    76

..........................................................


THE ERIE PA CLIMATE NORMALS FOR TODAY
                         NORMAL    RECORD    YEAR
 MAXIMUM TEMPERATURE (F)   68        90      1996
 MINIMUM TEMPERATURE (F)   49        35      2002
                                             1954


SUNRISE AND SUNSET
MAY 19 2015...........SUNRISE   557 AM EDT   SUNSET   838 PM EDT
MAY 20 2015...........SUNRISE   556 AM EDT   SUNSET   839 PM EDT


-  INDICATES NEGATIVE NUMBERS.
R  INDICATES RECORD WAS SET OR TIED.
MM INDICATES DATA IS MISSING.
T  INDICATES TRACE AMOUNT.




$$
