000
CDUS41 KCLE 220534
CLIERI


CLIMATE REPORT
NATIONAL WEATHER SERVICE CLEVELAND OH
1234 AM EST SAT NOV 22 2014


...................................

...THE ERIE PA CLIMATE SUMMARY FOR NOVEMBER 21 2014...

CLIMATE NORMAL PERIOD 1981 TO 2010
CLIMATE RECORD PERIOD 1873 TO 2014


WEATHER ITEM   OBSERVED TIME   RECORD YEAR NORMAL DEPARTURE LAST
                VALUE   (LST)  VALUE       VALUE  FROM      YEAR
                                                  NORMAL
..................................................................
TEMPERATURE (F)
 YESTERDAY
  MAXIMUM         26    409 PM  73    1913  48    -22       45
  MINIMUM         18   1146 PM   7    1880  35    -17       38
  AVERAGE         22                        41    -19       42

PRECIPITATION (IN)
  YESTERDAY        T                         0.14  -0.14     0.14
  MONTH TO DATE    2.81                      2.75   0.06     3.34
  SINCE SEP 1      9.89                     11.41  -1.52    13.53
  SINCE JAN 1     37.60                     37.24   0.36    47.40

SNOWFALL (IN)
  YESTERDAY        T                         0.3   -0.3      0.0
  MONTH TO DATE   24.1                       4.5   19.6      3.1
  SINCE SEP 1     24.1                       4.7   19.4      3.4
  SINCE JUL 1     24.1                       4.7   19.4      3.4
  SNOW DEPTH       7

DEGREE DAYS
 HEATING
  YESTERDAY       43                        24     19       23
  MONTH TO DATE  551                       422    129      440
  SINCE SEP 1    980                       907     73      872
  SINCE JUL 1    998                       925     73      884

 COOLING
  YESTERDAY        0                         0      0        0
  MONTH TO DATE    0                         0      0        0
  SINCE SEP 1     87                        80      7       85
  SINCE JAN 1    603                       638    -35      706
..................................................................


WIND (MPH)
  HIGHEST WIND SPEED    21   HIGHEST WIND DIRECTION     W (290)
  HIGHEST GUST SPEED    32   HIGHEST GUST DIRECTION     W (270)
  AVERAGE WIND SPEED    10.7


SKY COVER
  POSSIBLE SUNSHINE  MM
  AVERAGE SKY COVER 0.8


WEATHER CONDITIONS
 THE FOLLOWING WEATHER WAS RECORDED YESTERDAY.
  HAZE


RELATIVE HUMIDITY (PERCENT)
 HIGHEST    74           600 PM
 LOWEST     46           100 AM
 AVERAGE    60

..........................................................


THE ERIE PA CLIMATE NORMALS FOR TODAY
                         NORMAL    RECORD    YEAR
 MAXIMUM TEMPERATURE (F)   47        72      1934
                                             1913
 MINIMUM TEMPERATURE (F)   35         6      1880


SUNRISE AND SUNSET
NOVEMBER 22 2014......SUNRISE   719 AM EST   SUNSET   454 PM EST
NOVEMBER 23 2014......SUNRISE   720 AM EST   SUNSET   454 PM EST


-  INDICATES NEGATIVE NUMBERS.
R  INDICATES RECORD WAS SET OR TIED.
MM INDICATES DATA IS MISSING.
T  INDICATES TRACE AMOUNT.




$$
