000
CDUS41 KCLE 132116
CLIERI


CLIMATE REPORT
NATIONAL WEATHER SERVICE CLEVELAND OH
515 PM EDT WED SEP 13 2017


...................................

...THE ERIE PA CLIMATE SUMMARY FOR SEPTEMBER 13 2017...
VALID TODAY AS OF 0500 PM LOCAL TIME.

CLIMATE NORMAL PERIOD 1981 TO 2010
CLIMATE RECORD PERIOD 1873 TO 2017


WEATHER ITEM   OBSERVED TIME   RECORD YEAR NORMAL DEPARTURE LAST
                VALUE   (LST)  VALUE       VALUE  FROM      YEAR
                                                  NORMAL
..................................................................
TEMPERATURE (F)
 TODAY
  MAXIMUM         80    208 PM  92    1931  73      7       80
                                      1887
  MINIMUM         61    559 AM  43    1964  57      4       60
                                      1963
                                      1955
  AVERAGE         71                        65      6       70

PRECIPITATION (IN)
  TODAY            T                         0.15  -0.15     0.00
  MONTH TO DATE    3.71                      1.80   1.91     2.66
  SINCE SEP 1      3.71                      1.80   1.91     2.66
  SINCE JAN 1     35.08                     27.63   7.45    29.72

SNOWFALL (IN)
  TODAY            0.0                       0.0    0.0      0.0
  MONTH TO DATE    0.0                       0.0    0.0      0.0
  SINCE SEP 1      0.0                       0.0    0.0      0.0
  SINCE JUL 1      0.0                       0.0    0.0      0.0
  SNOW DEPTH       0

DEGREE DAYS
 HEATING
  TODAY            0                         3     -3        0
  MONTH TO DATE   63                        21     42        2
  SINCE SEP 1     63                        21     42        2
  SINCE JUL 1     73                        39     34        2

 COOLING
  TODAY            6                         3      3        5
  MONTH TO DATE   12                        45    -33       86
  SINCE SEP 1     12                        45    -33       86
  SINCE JAN 1    574                       603    -29      935
..................................................................


WIND (MPH)
  HIGHEST WIND SPEED    14   HIGHEST WIND DIRECTION     S (180)
  HIGHEST GUST SPEED    17   HIGHEST GUST DIRECTION     S (180)


SKY COVER
  POSSIBLE SUNSHINE  MM
  AVERAGE SKY COVER 0.4


WEATHER CONDITIONS
 THE FOLLOWING WEATHER WAS RECORDED TODAY.
  NO SIGNIFICANT WEATHER WAS OBSERVED.


RELATIVE HUMIDITY (PERCENT)
 HIGHEST    73           800 AM
 LOWEST     58           200 PM
 AVERAGE    66

..........................................................


THE ERIE PA CLIMATE NORMALS FOR TOMORROW
                         NORMAL    RECORD    YEAR
 MAXIMUM TEMPERATURE (F)   73        91      1915
 MINIMUM TEMPERATURE (F)   57        39      1913


SUNRISE AND SUNSET
SEPTEMBER 13 2017.....SUNRISE   659 AM EDT   SUNSET   733 PM EDT
SEPTEMBER 14 2017.....SUNRISE   700 AM EDT   SUNSET   732 PM EDT


-  INDICATES NEGATIVE NUMBERS.
R  INDICATES RECORD WAS SET OR TIED.
MM INDICATES DATA IS MISSING.
T  INDICATES TRACE AMOUNT.




$$
