038
CDUS41 KCLE 060529
CLIERI


CLIMATE REPORT
NATIONAL WEATHER SERVICE CLEVELAND OH
1227 AM EST SAT FEB 6 2016


...................................

...THE ERIE PA CLIMATE SUMMARY FOR FEBRUARY 5 2016...

CLIMATE NORMAL PERIOD 1981 TO 2010
CLIMATE RECORD PERIOD 1873 TO 2016


WEATHER ITEM   OBSERVED TIME   RECORD YEAR NORMAL DEPARTURE LAST
                VALUE   (LST)  VALUE       VALUE  FROM      YEAR
                                                  NORMAL
..................................................................
TEMPERATURE (F)
 YESTERDAY
  MAXIMUM         32    512 PM  59    2008  34     -2       20
                                      1938
  MINIMUM         27    938 PM -13    1918  20      7        2
  AVERAGE         30                        27      3       11

PRECIPITATION (IN)
  YESTERDAY        0.03                      0.08  -0.05     0.02
  MONTH TO DATE    0.85                      0.41   0.44     0.98
  SINCE DEC 1      7.12                      7.10   0.02     7.17
  SINCE JAN 1      3.23                      3.36  -0.13     4.72

SNOWFALL (IN)
  YESTERDAY        0.3                       0.7   -0.4      0.4
  MONTH TO DATE    1.4                       3.8   -2.4     16.3
  SINCE DEC 1     44.7                      60.9  -16.2     59.2
  SINCE JUL 1     45.2                      69.6  -24.4     84.2
  SNOW DEPTH       1

DEGREE DAYS
 HEATING
  YESTERDAY       35                        38     -3       54
  MONTH TO DATE  127                       190    -63      229
  SINCE DEC 1   1890                      2372   -482     2445
  SINCE JUL 1   2781                      3528   -747     3659

 COOLING
  YESTERDAY        0                         0      0        0
  MONTH TO DATE    0                         0      0        0
  SINCE DEC 1      0                         0      0        0
  SINCE JAN 1      0                         0      0        0
..................................................................


WIND (MPH)
  HIGHEST WIND SPEED    17   HIGHEST WIND DIRECTION    NW (310)
  HIGHEST GUST SPEED    23   HIGHEST GUST DIRECTION     W (290)
  AVERAGE WIND SPEED     9.2


SKY COVER
  POSSIBLE SUNSHINE  MM
  AVERAGE SKY COVER 0.6


WEATHER CONDITIONS
 THE FOLLOWING WEATHER WAS RECORDED YESTERDAY.
  LIGHT SNOW
  FOG


RELATIVE HUMIDITY (PERCENT)
 HIGHEST    85           200 AM
 LOWEST     54           300 PM
 AVERAGE    70

..........................................................


THE ERIE PA CLIMATE NORMALS FOR TODAY
                         NORMAL    RECORD    YEAR
 MAXIMUM TEMPERATURE (F)   34        58      1938
 MINIMUM TEMPERATURE (F)   20        -9      1895


SUNRISE AND SUNSET
FEBRUARY  6 2016......SUNRISE   729 AM EST   SUNSET   541 PM EST
FEBRUARY  7 2016......SUNRISE   728 AM EST   SUNSET   543 PM EST


-  INDICATES NEGATIVE NUMBERS.
R  INDICATES RECORD WAS SET OR TIED.
MM INDICATES DATA IS MISSING.
T  INDICATES TRACE AMOUNT.




$$
