000
CDUS41 KCLE 110533
CLIERI


CLIMATE REPORT
NATIONAL WEATHER SERVICE CLEVELAND OH
1232 AM EST SAT NOV 11 2017


...................................

...THE ERIE PA CLIMATE SUMMARY FOR NOVEMBER 10 2017...

CLIMATE NORMAL PERIOD 1981 TO 2010
CLIMATE RECORD PERIOD 1873 TO 2017


WEATHER ITEM   OBSERVED TIME   RECORD YEAR NORMAL DEPARTURE LAST
                VALUE   (LST)  VALUE       VALUE  FROM      YEAR
                                                  NORMAL
..................................................................
TEMPERATURE (F)
 YESTERDAY
  MAXIMUM         33   1213 AM  68    1949  52    -19       62
                                      1939
  MINIMUM         22R  1159 PM  22    1991  38    -16       36
  AVERAGE         28                        45    -17       49

PRECIPITATION (IN)
  YESTERDAY        T                         0.13  -0.13     0.00
  MONTH TO DATE    4.41                      1.29   3.12     0.93
  SINCE SEP 1     12.54                      9.95   2.59    13.13
  SINCE JAN 1     43.91                     35.78   8.13    40.19

SNOWFALL (IN)
  YESTERDAY        T                         0.2   -0.2      0.0
  MONTH TO DATE    T                         1.6   -1.6      0.0
  SINCE SEP 1      T                         1.8   -1.8      0.0
  SINCE JUL 1      T                         1.8   -1.8      0.0
  SNOW DEPTH       0

DEGREE DAYS
 HEATING
  YESTERDAY       37                        20     17       16
  MONTH TO DATE  180                       182     -2      109
  SINCE SEP 1    501                       667   -166      385
  SINCE JUL 1    511                       685   -174      385

 COOLING
  YESTERDAY        0                         0      0        0
  MONTH TO DATE    0                         0      0        2
  SINCE SEP 1    135                        80     55      168
  SINCE JAN 1    697                       638     59     1017
..................................................................


WIND (MPH)
  HIGHEST WIND SPEED    24   HIGHEST WIND DIRECTION    NW (320)
  HIGHEST GUST SPEED    39   HIGHEST GUST DIRECTION    NW (320)
  AVERAGE WIND SPEED    12.6


SKY COVER
  POSSIBLE SUNSHINE  MM
  AVERAGE SKY COVER 0.8


WEATHER CONDITIONS
 THE FOLLOWING WEATHER WAS RECORDED YESTERDAY.
  LIGHT SNOW


RELATIVE HUMIDITY (PERCENT)
 HIGHEST    68           900 PM
 LOWEST     46           500 AM
 AVERAGE    57

..........................................................


THE ERIE PA CLIMATE NORMALS FOR TODAY
                         NORMAL    RECORD    YEAR
 MAXIMUM TEMPERATURE (F)   52        73      1915
                                             1882
 MINIMUM TEMPERATURE (F)   38        24      1933


SUNRISE AND SUNSET
NOVEMBER 11 2017......SUNRISE   706 AM EST   SUNSET   503 PM EST
NOVEMBER 12 2017......SUNRISE   707 AM EST   SUNSET   502 PM EST


-  INDICATES NEGATIVE NUMBERS.
R  INDICATES RECORD WAS SET OR TIED.
MM INDICATES DATA IS MISSING.
T  INDICATES TRACE AMOUNT.




$$
