000
CDUS41 KCLE 240526
CLIERI


CLIMATE REPORT
NATIONAL WEATHER SERVICE CLEVELAND OH
1226 AM EST SAT JAN 24 2015


...................................

...THE ERIE PA CLIMATE SUMMARY FOR JANUARY 23 2015...

CLIMATE NORMAL PERIOD 1981 TO 2010
CLIMATE RECORD PERIOD 1873 TO 2015


WEATHER ITEM   OBSERVED TIME   RECORD YEAR NORMAL DEPARTURE LAST
                VALUE   (LST)  VALUE       VALUE  FROM      YEAR
                                                  NORMAL
..................................................................
TEMPERATURE (F)
 YESTERDAY
  MAXIMUM         32    337 PM  65    1906  33     -1       15
  MINIMUM         20    932 PM  -9    1970  20      0        6
  AVERAGE         26                        27     -1       11

PRECIPITATION (IN)
  YESTERDAY        0.00                      0.08  -0.08     0.04
  MONTH TO DATE    3.08                      2.28   0.80     2.24
  SINCE DEC 1      5.53                      6.02  -0.49     8.20
  SINCE JAN 1      3.08                      2.28   0.80     2.24

SNOWFALL (IN)
  YESTERDAY        0.0                       0.9   -0.9      1.3
  MONTH TO DATE   31.0                      22.9    8.1     22.5
  SINCE DEC 1     36.5                      50.4  -13.9     70.5
  SINCE JUL 1     61.5                      59.1    2.4     86.1
  SNOW DEPTH       4

DEGREE DAYS
 HEATING
  YESTERDAY       39                        38      1       54
  MONTH TO DATE  976                       866    110      950
  SINCE DEC 1   1869                      1878     -9     1993
  SINCE JUL 1   3083                      3034     49     3192

 COOLING
  YESTERDAY        0                         0      0        0
  MONTH TO DATE    0                         0      0        0
  SINCE DEC 1      0                         0      0        0
  SINCE JAN 1      0                         0      0        0
..................................................................


WIND (MPH)
  HIGHEST WIND SPEED    15   HIGHEST WIND DIRECTION     S (200)
  HIGHEST GUST SPEED    18   HIGHEST GUST DIRECTION    SW (210)
  AVERAGE WIND SPEED     6.7


SKY COVER
  POSSIBLE SUNSHINE  MM
  AVERAGE SKY COVER 0.6


WEATHER CONDITIONS
 THE FOLLOWING WEATHER WAS RECORDED YESTERDAY.
  FOG
  HAZE


RELATIVE HUMIDITY (PERCENT)
 HIGHEST    84           900 PM
 LOWEST     63           200 PM
 AVERAGE    74

..........................................................


THE ERIE PA CLIMATE NORMALS FOR TODAY
                         NORMAL    RECORD    YEAR
 MAXIMUM TEMPERATURE (F)   33        65      1950
                                             1909
 MINIMUM TEMPERATURE (F)   20       -15      1963


SUNRISE AND SUNSET
JANUARY 24 2015.......SUNRISE   741 AM EST   SUNSET   525 PM EST
JANUARY 25 2015.......SUNRISE   740 AM EST   SUNSET   526 PM EST


-  INDICATES NEGATIVE NUMBERS.
R  INDICATES RECORD WAS SET OR TIED.
MM INDICATES DATA IS MISSING.
T  INDICATES TRACE AMOUNT.




$$
