000
CDUS41 KCLE 070537
CLIERI


CLIMATE REPORT
NATIONAL WEATHER SERVICE CLEVELAND OH
126 AM EDT THU SEP 7 2017


...................................

...THE ERIE PA CLIMATE SUMMARY FOR SEPTEMBER 6 2017...

CLIMATE NORMAL PERIOD 1981 TO 2010
CLIMATE RECORD PERIOD 1873 TO 2017


WEATHER ITEM   OBSERVED TIME   RECORD YEAR NORMAL DEPARTURE LAST
                VALUE   (LST)  VALUE       VALUE  FROM      YEAR
                                                  NORMAL
..................................................................
TEMPERATURE (F)
 YESTERDAY
  MAXIMUM         66    353 PM  93    2007  75     -9       85
  MINIMUM         53   1159 PM  43    1962  59     -6       66
                                      1957
  AVERAGE         60                        67     -7       76

PRECIPITATION (IN)
  YESTERDAY        T                         0.13  -0.13     0.00
  MONTH TO DATE    1.73                      0.79   0.94      T
  SINCE SEP 1      1.73                      0.79   0.94      T
  SINCE JAN 1     33.10                     26.62   6.48    27.06

SNOWFALL (IN)
  YESTERDAY        0.0                       0.0    0.0      0.0
  MONTH TO DATE    0.0                       0.0    0.0      0.0
  SINCE SEP 1      0.0                       0.0    0.0      0.0
  SINCE JUL 1      0.0                       0.0    0.0      0.0
  SNOW DEPTH       0

DEGREE DAYS
 HEATING
  YESTERDAY        5                         1      4        0
  MONTH TO DATE   23                         6     17        0
  SINCE SEP 1     23                         6     17        0
  SINCE JUL 1     33                        24      9        0

 COOLING
  YESTERDAY        0                         4     -4       11
  MONTH TO DATE    6                        24    -18       28
  SINCE SEP 1      6                        24    -18       28
  SINCE JAN 1    568                       582    -14      877
..................................................................


WIND (MPH)
  HIGHEST WIND SPEED    10   HIGHEST WIND DIRECTION    SW (220)
  HIGHEST GUST SPEED    16   HIGHEST GUST DIRECTION    NW (300)
  AVERAGE WIND SPEED     6.1


SKY COVER
  POSSIBLE SUNSHINE  MM
  AVERAGE SKY COVER 0.6


WEATHER CONDITIONS
 THE FOLLOWING WEATHER WAS RECORDED YESTERDAY.
  NO SIGNIFICANT WEATHER WAS OBSERVED.


RELATIVE HUMIDITY (PERCENT)
 HIGHEST    89           600 AM
 LOWEST     60           400 PM
 AVERAGE    75

..........................................................


THE ERIE PA CLIMATE NORMALS FOR TODAY
                         NORMAL    RECORD    YEAR
 MAXIMUM TEMPERATURE (F)   75        92      1960
 MINIMUM TEMPERATURE (F)   59        41      1962


SUNRISE AND SUNSET
SEPTEMBER  7 2017.....SUNRISE   653 AM EDT   SUNSET   744 PM EDT
SEPTEMBER  8 2017.....SUNRISE   654 AM EDT   SUNSET   742 PM EDT


-  INDICATES NEGATIVE NUMBERS.
R  INDICATES RECORD WAS SET OR TIED.
MM INDICATES DATA IS MISSING.
T  INDICATES TRACE AMOUNT.




$$
