458
CDUS41 KCLE 172112
CLIERI


CLIMATE REPORT
NATIONAL WEATHER SERVICE CLEVELAND OH
511 PM EDT SAT JUN 17 2017


...................................

...THE ERIE PA CLIMATE SUMMARY FOR JUNE 17 2017...
VALID TODAY AS OF 0500 PM LOCAL TIME.

CLIMATE NORMAL PERIOD 1981 TO 2010
CLIMATE RECORD PERIOD 1873 TO 2017


WEATHER ITEM   OBSERVED TIME   RECORD YEAR NORMAL DEPARTURE LAST
                VALUE   (LST)  VALUE       VALUE  FROM      YEAR
                                                  NORMAL
..................................................................
TEMPERATURE (F)
 TODAY
  MAXIMUM         90R   243 PM  90    2014  76     14       84
                                      1992
                                      1990
  MINIMUM         70    537 AM  38    1980  59     11       56
  AVERAGE         80                        68     12       70

PRECIPITATION (IN)
  TODAY            0.15                      0.13   0.02     0.00
  MONTH TO DATE    2.04                      2.14  -0.10     1.06
  SINCE JUN 1      2.04                      2.14  -0.10     1.06
  SINCE JAN 1     22.03                     17.20   4.83    13.83

SNOWFALL (IN)
  TODAY            0.0                       0.0    0.0      0.0
  MONTH TO DATE    0.0                       0.0    0.0      0.0
  SINCE JUN 1      0.0                       0.0    0.0      0.0
  SINCE JUL 1     78.6                     100.9  -22.3     71.2
  SNOW DEPTH       0

DEGREE DAYS
 HEATING
  TODAY            0                         2     -2        0
  MONTH TO DATE   38                        49    -11       40
  SINCE JUN 1     38                        49    -11       40
  SINCE JUL 1   5095                      6135  -1040     5210

 COOLING
  TODAY           15                         4     11        5
  MONTH TO DATE   92                        53     39       60
  SINCE JUN 1     92                        53     39       60
  SINCE JAN 1    136                        92     44      135
..................................................................


WIND (MPH)
  HIGHEST WIND SPEED    18   HIGHEST WIND DIRECTION     N (340)
  HIGHEST GUST SPEED    23   HIGHEST GUST DIRECTION     N (340)


SKY COVER
  POSSIBLE SUNSHINE  MM
  AVERAGE SKY COVER 0.3


WEATHER CONDITIONS
 THE FOLLOWING WEATHER WAS RECORDED TODAY.
  HEAVY RAIN
  LIGHT RAIN


RELATIVE HUMIDITY (PERCENT)
 HIGHEST    84           500 AM
 LOWEST     46           300 PM
 AVERAGE    65

..........................................................


THE ERIE PA CLIMATE NORMALS FOR TOMORROW
                         NORMAL    RECORD    YEAR
 MAXIMUM TEMPERATURE (F)   77        92      1957
 MINIMUM TEMPERATURE (F)   59        45      1986
                                             1980
                                             1959


SUNRISE AND SUNSET
JUNE 17 2017..........SUNRISE   544 AM EDT   SUNSET   859 PM EDT
JUNE 18 2017..........SUNRISE   545 AM EDT   SUNSET   859 PM EDT


-  INDICATES NEGATIVE NUMBERS.
R  INDICATES RECORD WAS SET OR TIED.
MM INDICATES DATA IS MISSING.
T  INDICATES TRACE AMOUNT.




$$
