000
CDUS41 KCLE 200526
CLIERI


CLIMATE REPORT
NATIONAL WEATHER SERVICE CLEVELAND OH
1226 AM EST SUN NOV 20 2016


...................................

...THE ERIE PA CLIMATE SUMMARY FOR NOVEMBER 19 2016...

CLIMATE NORMAL PERIOD 1981 TO 2010
CLIMATE RECORD PERIOD 1873 TO 2016


WEATHER ITEM   OBSERVED TIME   RECORD YEAR NORMAL DEPARTURE LAST
                VALUE   (LST)  VALUE       VALUE  FROM      YEAR
                                                  NORMAL
..................................................................
TEMPERATURE (F)
 YESTERDAY
  MAXIMUM         65    408 AM  74    1985  49     16       64
  MINIMUM         34    923 PM  12    2014  36     -2       44
  AVERAGE         50                        42      8       54

PRECIPITATION (IN)
  YESTERDAY        0.41                      0.13   0.28      T
  MONTH TO DATE    1.34                      2.48  -1.14     1.79
  SINCE SEP 1     13.54                     11.14   2.40     9.18
  SINCE JAN 1     40.60                     36.97   3.63    32.89

SNOWFALL (IN)
  YESTERDAY        0.7                       0.3    0.4      0.0
  MONTH TO DATE    0.7                       3.8   -3.1      0.0
  SINCE SEP 1      0.7                       4.0   -3.3       T
  SINCE JUL 1      0.7                       4.0   -3.3       T
  SNOW DEPTH       0

DEGREE DAYS
 HEATING
  YESTERDAY       15                        23     -8       11
  MONTH TO DATE  250                       375   -125      239
  SINCE SEP 1    526                       860   -334      608
  SINCE JUL 1    526                       878   -352      626

 COOLING
  YESTERDAY        0                         0      0        0
  MONTH TO DATE    2                         0      2        4
  SINCE SEP 1    168                        80     88      167
  SINCE JAN 1   1017                       638    379      773
..................................................................


WIND (MPH)
  HIGHEST WIND SPEED    26   HIGHEST WIND DIRECTION     W (290)
  HIGHEST GUST SPEED    42   HIGHEST GUST DIRECTION     W (290)
  AVERAGE WIND SPEED    17.4


SKY COVER
  POSSIBLE SUNSHINE  MM
  AVERAGE SKY COVER 0.8


WEATHER CONDITIONS
 THE FOLLOWING WEATHER WAS RECORDED YESTERDAY.
  RAIN
  LIGHT RAIN
  LIGHT SNOW
  FOG
  HAZE


RELATIVE HUMIDITY (PERCENT)
 HIGHEST    89           500 PM
 LOWEST     40           200 AM
 AVERAGE    65

..........................................................


THE ERIE PA CLIMATE NORMALS FOR TODAY
                         NORMAL    RECORD    YEAR
 MAXIMUM TEMPERATURE (F)   48        73      1931
 MINIMUM TEMPERATURE (F)   35        19      1966
                                             1914
                                             1887


SUNRISE AND SUNSET
NOVEMBER 20 2016......SUNRISE   717 AM EST   SUNSET   455 PM EST
NOVEMBER 21 2016......SUNRISE   719 AM EST   SUNSET   454 PM EST


-  INDICATES NEGATIVE NUMBERS.
R  INDICATES RECORD WAS SET OR TIED.
MM INDICATES DATA IS MISSING.
T  INDICATES TRACE AMOUNT.




$$
