000
CDUS41 KCLE 030528
CLIERI


CLIMATE REPORT
NATIONAL WEATHER SERVICE CLEVELAND OH
128 AM EDT WED JUN 3 2015


...................................

...THE ERIE PA CLIMATE SUMMARY FOR JUNE 2 2015...

CLIMATE NORMAL PERIOD 1981 TO 2010
CLIMATE RECORD PERIOD 1873 TO 2015


WEATHER ITEM   OBSERVED TIME   RECORD YEAR NORMAL DEPARTURE LAST
                VALUE   (LST)  VALUE       VALUE  FROM      YEAR
                                                  NORMAL
..................................................................
TEMPERATURE (F)
 YESTERDAY
  MAXIMUM         65        MM  97    1934  72     -7       84
  MINIMUM         51        MM  40    1964  54     -3       67
  AVERAGE         58                        63     -5       76

PRECIPITATION (IN)
  YESTERDAY        0.00                      0.12  -0.12     0.22
  MONTH TO DATE    T                         0.24  -0.24     0.22
  SINCE JUN 1      T                         0.24  -0.24     0.22
  SINCE JAN 1     14.19                     15.30  -1.11    16.37

SNOWFALL (IN)
  YESTERDAY        0.0                       0.0    0.0      0.0
  MONTH TO DATE    0.0                       0.0    0.0      0.0
  SINCE JUN 1      0.0                       0.0    0.0      0.0
  SINCE JUL 1    110.3                     100.9    9.4    138.4
  SNOW DEPTH       0

DEGREE DAYS
 HEATING
  YESTERDAY        7                         4      3        0
  MONTH TO DATE   22                         8     14        0
  SINCE JUN 1     22                         8     14        0
  SINCE JUL 1   6636                      6094    542     6727

 COOLING
  YESTERDAY        0                         2     -2       11
  MONTH TO DATE    0                         4     -4       18
  SINCE JUN 1      0                         4     -4       18
  SINCE JAN 1    112                        43     69       57
..................................................................


WIND (MPH)
  HIGHEST WIND SPEED    17   HIGHEST WIND DIRECTION    NE (40)
  HIGHEST GUST SPEED    22   HIGHEST GUST DIRECTION    NE (40)
  AVERAGE WIND SPEED    10.9


SKY COVER
  POSSIBLE SUNSHINE  MM
  AVERAGE SKY COVER 0.4


WEATHER CONDITIONS
 THE FOLLOWING WEATHER WAS RECORDED YESTERDAY.
  NO SIGNIFICANT WEATHER WAS OBSERVED.


RELATIVE HUMIDITY (PERCENT)
 HIGHEST    89           200 AM
 LOWEST     52           400 PM
 AVERAGE    71

..........................................................


THE ERIE PA CLIMATE NORMALS FOR TODAY
                         NORMAL    RECORD    YEAR
 MAXIMUM TEMPERATURE (F)   72        93      1925
 MINIMUM TEMPERATURE (F)   55        37      1977


SUNRISE AND SUNSET
JUNE  3 2015..........SUNRISE   547 AM EDT   SUNSET   851 PM EDT
JUNE  4 2015..........SUNRISE   546 AM EDT   SUNSET   852 PM EDT


-  INDICATES NEGATIVE NUMBERS.
R  INDICATES RECORD WAS SET OR TIED.
MM INDICATES DATA IS MISSING.
T  INDICATES TRACE AMOUNT.




$$
