000
CDUS41 KCLE 290535
CLIERI


CLIMATE REPORT
NATIONAL WEATHER SERVICE CLEVELAND OH
134 AM EDT MON MAY 29 2017


...................................

...THE ERIE PA CLIMATE SUMMARY FOR MAY 28 2017...

CLIMATE NORMAL PERIOD 1981 TO 2010
CLIMATE RECORD PERIOD 1873 TO 2017


WEATHER ITEM   OBSERVED TIME   RECORD YEAR NORMAL DEPARTURE LAST
                VALUE   (LST)  VALUE       VALUE  FROM      YEAR
                                                  NORMAL
..................................................................
TEMPERATURE (F)
 YESTERDAY
  MAXIMUM         75    230 PM  90    2016  70      5       90
                                      1911
  MINIMUM         50    427 AM  39    1974  52     -2       71
                                      1970
                                      1907
  AVERAGE         63                        61      2       81

PRECIPITATION (IN)
  YESTERDAY        0.24                      0.11   0.13     0.01
  MONTH TO DATE    4.82                      3.09   1.73     1.57
  SINCE MAR 1     12.29                      9.37   2.92     6.56
  SINCE JAN 1     19.71                     14.71   5.00    12.77

SNOWFALL (IN)
  YESTERDAY        0.0                       0.0    0.0      0.0
  MONTH TO DATE    0.0                       0.0    0.0       T
  SINCE MAR 1     10.3                      16.9   -6.6      4.0
  SINCE JUL 1     78.6                     100.9  -22.3     71.2
  SNOW DEPTH       0

DEGREE DAYS
 HEATING
  YESTERDAY        2                         5     -3        0
  MONTH TO DATE  277                       252     25      269
  SINCE MAR 1   1553                      1706   -153     1572
  SINCE JUL 1   5057                      6071  -1014     5170

 COOLING
  YESTERDAY        0                         2     -2       16
  MONTH TO DATE   29                        27      2       50
  SINCE MAR 1     38                        34      4       50
  SINCE JAN 1     38                        34      4       50
..................................................................


WIND (MPH)
  HIGHEST WIND SPEED    21   HIGHEST WIND DIRECTION     S (170)
  HIGHEST GUST SPEED    27   HIGHEST GUST DIRECTION     S (170)
  AVERAGE WIND SPEED     7.7


SKY COVER
  POSSIBLE SUNSHINE  MM
  AVERAGE SKY COVER 0.2


WEATHER CONDITIONS
 THE FOLLOWING WEATHER WAS RECORDED YESTERDAY.
  THUNDERSTORM
  HEAVY RAIN
  LIGHT RAIN
  FOG


RELATIVE HUMIDITY (PERCENT)
 HIGHEST    93           400 AM
 LOWEST     61           300 PM
 AVERAGE    77

..........................................................


THE ERIE PA CLIMATE NORMALS FOR TODAY
                         NORMAL    RECORD    YEAR
 MAXIMUM TEMPERATURE (F)   71        87      1987
                                             1942
 MINIMUM TEMPERATURE (F)   53        35      1889


SUNRISE AND SUNSET
MAY 29 2017...........SUNRISE   549 AM EDT   SUNSET   848 PM EDT
MAY 30 2017...........SUNRISE   548 AM EDT   SUNSET   849 PM EDT


-  INDICATES NEGATIVE NUMBERS.
R  INDICATES RECORD WAS SET OR TIED.
MM INDICATES DATA IS MISSING.
T  INDICATES TRACE AMOUNT.




$$
