000
CDUS41 KCLE 060529
CLIERI


CLIMATE REPORT
NATIONAL WEATHER SERVICE CLEVELAND OH
1228 AM EST TUE DEC 6 2016


...................................

...THE ERIE PA CLIMATE SUMMARY FOR DECEMBER 5 2016...

CLIMATE NORMAL PERIOD 1981 TO 2010
CLIMATE RECORD PERIOD 1873 TO 2016


WEATHER ITEM   OBSERVED TIME   RECORD YEAR NORMAL DEPARTURE LAST
                VALUE   (LST)  VALUE       VALUE  FROM      YEAR
                                                  NORMAL
..................................................................
TEMPERATURE (F)
 YESTERDAY
  MAXIMUM         43    138 PM  72    2001  42      1       43
  MINIMUM         36   1159 PM  -2    1886  30      6       27
  AVERAGE         40                        36      4       35

PRECIPITATION (IN)
  YESTERDAY        0.05                      0.12  -0.07     0.00
  MONTH TO DATE    0.90                      0.62   0.28     0.65
  SINCE DEC 1      0.90                      0.62   0.28     0.65
  SINCE JAN 1     42.68                     39.04   3.64    34.13

SNOWFALL (IN)
  YESTERDAY        T                         0.7   -0.7      0.0
  MONTH TO DATE    T                         3.2   -3.2      0.4
  SINCE DEC 1      T                         3.2   -3.2      0.4
  SINCE JUL 1      2.4                      11.9   -9.5      0.9
  SNOW DEPTH       0

DEGREE DAYS
 HEATING
  YESTERDAY       25                        29     -4       30
  MONTH TO DATE  126                       142    -16      123
  SINCE DEC 1    126                       142    -16      123
  SINCE JUL 1    906                      1298   -392     1014

 COOLING
  YESTERDAY        0                         0      0        0
  MONTH TO DATE    0                         0      0        0
  SINCE DEC 1      0                         0      0        0
  SINCE JAN 1   1017                       638    379      773
..................................................................


WIND (MPH)
  HIGHEST WIND SPEED    23   HIGHEST WIND DIRECTION     W (260)
  HIGHEST GUST SPEED    32   HIGHEST GUST DIRECTION     W (260)
  AVERAGE WIND SPEED    11.6


SKY COVER
  POSSIBLE SUNSHINE  MM
  AVERAGE SKY COVER 0.9


WEATHER CONDITIONS
 THE FOLLOWING WEATHER WAS RECORDED YESTERDAY.
  LIGHT RAIN
  LIGHT SNOW
  FOG


RELATIVE HUMIDITY (PERCENT)
 HIGHEST    85           200 AM
 LOWEST     62          1200 PM
 AVERAGE    74

..........................................................


THE ERIE PA CLIMATE NORMALS FOR TODAY
                         NORMAL    RECORD    YEAR
 MAXIMUM TEMPERATURE (F)   41        69      1998
 MINIMUM TEMPERATURE (F)   30        12      1926
                                             1886
                                             1885


SUNRISE AND SUNSET
DECEMBER  6 2016......SUNRISE   735 AM EST   SUNSET   449 PM EST
DECEMBER  7 2016......SUNRISE   736 AM EST   SUNSET   449 PM EST


-  INDICATES NEGATIVE NUMBERS.
R  INDICATES RECORD WAS SET OR TIED.
MM INDICATES DATA IS MISSING.
T  INDICATES TRACE AMOUNT.




$$
