000
CDUS41 KCLE 190527
CLIERI


CLIMATE REPORT
NATIONAL WEATHER SERVICE CLEVELAND OH
126 AM EDT FRI SEP 19 2014


...................................

...THE ERIE PA CLIMATE SUMMARY FOR SEPTEMBER 18 2014...

CLIMATE NORMAL PERIOD 1981 TO 2010
CLIMATE RECORD PERIOD 1873 TO 2014


WEATHER ITEM   OBSERVED TIME   RECORD YEAR NORMAL DEPARTURE LAST
                VALUE   (LST)  VALUE       VALUE  FROM      YEAR
                                                  NORMAL
..................................................................
TEMPERATURE (F)
 YESTERDAY
  MAXIMUM         66   1248 PM  88    1955  71     -5       73
  MINIMUM         48    622 AM  40    1990  55     -7       48
  AVERAGE         57                        63     -6       61

PRECIPITATION (IN)
  YESTERDAY        0.00                      0.16  -0.16     0.00
  MONTH TO DATE    2.12                      2.59  -0.47     1.94
  SINCE SEP 1      2.12                      2.59  -0.47     1.94
  SINCE JAN 1     29.83                     28.42   1.41    35.81

SNOWFALL (IN)
  YESTERDAY        0.0                       0.0    0.0      0.0
  MONTH TO DATE    0.0                       0.0    0.0      0.0
  SINCE SEP 1      0.0                       0.0    0.0      0.0
  SINCE JUL 1      0.0                       0.0    0.0      0.0
  SNOW DEPTH       0

DEGREE DAYS
 HEATING
  YESTERDAY        8                         4      4        4
  MONTH TO DATE   55                        37     18       61
  SINCE SEP 1     55                        37     18       61
  SINCE JUL 1     73                        55     18       73

 COOLING
  YESTERDAY        0                         2     -2        0
  MONTH TO DATE   72                        55     17       57
  SINCE SEP 1     72                        55     17       57
  SINCE JAN 1    588                       613    -25      678
..................................................................


WIND (MPH)
  HIGHEST WIND SPEED    15   HIGHEST WIND DIRECTION     N (20)
  HIGHEST GUST SPEED    21   HIGHEST GUST DIRECTION     N (20)
  AVERAGE WIND SPEED     6.0


SKY COVER
  POSSIBLE SUNSHINE  MM
  AVERAGE SKY COVER 0.2


WEATHER CONDITIONS
 THE FOLLOWING WEATHER WAS RECORDED YESTERDAY.
  NO SIGNIFICANT WEATHER WAS OBSERVED.


RELATIVE HUMIDITY (PERCENT)
 HIGHEST    86           400 AM
 LOWEST     60           500 PM
 AVERAGE    73

..........................................................


THE ERIE PA CLIMATE NORMALS FOR TODAY
                         NORMAL    RECORD    YEAR
 MAXIMUM TEMPERATURE (F)   71        89      1955
 MINIMUM TEMPERATURE (F)   55        40      1929


SUNRISE AND SUNSET
SEPTEMBER 19 2014.....SUNRISE   705 AM EDT   SUNSET   723 PM EDT
SEPTEMBER 20 2014.....SUNRISE   706 AM EDT   SUNSET   721 PM EDT


-  INDICATES NEGATIVE NUMBERS.
R  INDICATES RECORD WAS SET OR TIED.
MM INDICATES DATA IS MISSING.
T  INDICATES TRACE AMOUNT.




$$
