753
CDUS41 KCLE 180546
CLIERI


CLIMATE REPORT
NATIONAL WEATHER SERVICE CLEVELAND OH
145 AM EDT WED MAY 18 2016


...................................

...THE ERIE PA CLIMATE SUMMARY FOR MAY 17 2016...

CLIMATE NORMAL PERIOD 1981 TO 2010
CLIMATE RECORD PERIOD 1873 TO 2016


WEATHER ITEM   OBSERVED TIME   RECORD YEAR NORMAL DEPARTURE LAST
                VALUE   (LST)  VALUE       VALUE  FROM      YEAR
                                                  NORMAL
..................................................................
TEMPERATURE (F)
 YESTERDAY
  MAXIMUM         61    228 PM  87    1962  67     -6       78
  MINIMUM         48   1153 PM  31    1957  49     -1       63
  AVERAGE         55                        58     -3       71

PRECIPITATION (IN)
  YESTERDAY        T                         0.11  -0.11     0.01
  MONTH TO DATE    1.46                      1.84  -0.38     1.43
  SINCE MAR 1      6.45                      8.12  -1.67     6.40
  SINCE JAN 1     12.66                     13.46  -0.80    12.16

SNOWFALL (IN)
  YESTERDAY       MM                         0.0   MM        0.0
  MONTH TO DATE    T                         0.0    0.0      0.0
  SINCE MAR 1      4.0                      16.9  -12.9     10.9
  SINCE JUL 1     71.2                     100.9  -29.7    110.3
  SNOW DEPTH       0

DEGREE DAYS
 HEATING
  YESTERDAY       10                         8      2        0
  MONTH TO DATE  212                       179     33       90
  SINCE MAR 1   1515                      1633   -118     1666
  SINCE JUL 1   5113                      5998   -885     6542

 COOLING
  YESTERDAY        0                         1     -1        6
  MONTH TO DATE    4                        12     -8       52
  SINCE MAR 1      4                        19    -15       52
  SINCE JAN 1      4                        19    -15       52
..................................................................


WIND (MPH)
  HIGHEST WIND SPEED    15   HIGHEST WIND DIRECTION     W (270)
  HIGHEST GUST SPEED    21   HIGHEST GUST DIRECTION     W (280)
  AVERAGE WIND SPEED     6.0


SKY COVER
  POSSIBLE SUNSHINE  MM
  AVERAGE SKY COVER 0.6


WEATHER CONDITIONS
 THE FOLLOWING WEATHER WAS RECORDED YESTERDAY.
  LIGHT RAIN


RELATIVE HUMIDITY (PERCENT)
 HIGHEST    86           900 PM
 LOWEST     43          1200 AM
 AVERAGE    65

..........................................................


THE ERIE PA CLIMATE NORMALS FOR TODAY
                         NORMAL    RECORD    YEAR
 MAXIMUM TEMPERATURE (F)   67        89      1889
 MINIMUM TEMPERATURE (F)   49        30      2009


SUNRISE AND SUNSET
MAY 18 2016...........SUNRISE   557 AM EDT   SUNSET   838 PM EDT
MAY 19 2016...........SUNRISE   556 AM EDT   SUNSET   839 PM EDT


-  INDICATES NEGATIVE NUMBERS.
R  INDICATES RECORD WAS SET OR TIED.
MM INDICATES DATA IS MISSING.
T  INDICATES TRACE AMOUNT.




$$
