000
CDUS41 KCLE 220545
CLIERI


CLIMATE REPORT
NATIONAL WEATHER SERVICE CLEVELAND OH
145 AM EDT FRI APR 22 2016


...................................

...THE ERIE PA CLIMATE SUMMARY FOR APRIL 21 2016...

CLIMATE NORMAL PERIOD 1981 TO 2010
CLIMATE RECORD PERIOD 1873 TO 2016


WEATHER ITEM   OBSERVED TIME   RECORD YEAR NORMAL DEPARTURE LAST
                VALUE   (LST)  VALUE       VALUE  FROM      YEAR
                                                  NORMAL
..................................................................
TEMPERATURE (F)
 YESTERDAY
  MAXIMUM         71   1056 AM  80    1954  58     13       54
                                      1923
  MINIMUM         46   1240 AM  22    1981  40      6       43
  AVERAGE         59                        49     10       49

PRECIPITATION (IN)
  YESTERDAY        T                         0.11  -0.11     0.03
  MONTH TO DATE    1.21                      2.40  -1.19     2.49
  SINCE MAR 1      4.37                      5.35  -0.98     4.49
  SINCE JAN 1     10.58                     10.69  -0.11    10.25

SNOWFALL (IN)
  YESTERDAY       MM                         0.1   MM        0.0
  MONTH TO DATE    2.9                       3.1   -0.2      0.0
  SINCE MAR 1      4.0                      16.8  -12.8     10.9
  SINCE JUL 1     71.2                     100.8  -29.6    110.3
  SNOW DEPTH       0

DEGREE DAYS
 HEATING
  YESTERDAY        6                        16    -10       16
  MONTH TO DATE  462                       413     49      313
  SINCE MAR 1   1138                      1324   -186     1359
  SINCE JUL 1   4736                      5689   -953     6235

 COOLING
  YESTERDAY        0                         0      0        0
  MONTH TO DATE    0                         0      0        0
  SINCE MAR 1      0                         1     -1        0
  SINCE JAN 1      0                         1     -1        0
..................................................................


WIND (MPH)
  HIGHEST WIND SPEED    22   HIGHEST WIND DIRECTION     S (190)
  HIGHEST GUST SPEED    29   HIGHEST GUST DIRECTION     S (170)
  AVERAGE WIND SPEED    10.4


SKY COVER
  POSSIBLE SUNSHINE  MM
  AVERAGE SKY COVER 0.7


WEATHER CONDITIONS
 THE FOLLOWING WEATHER WAS RECORDED YESTERDAY.
  LIGHT RAIN


RELATIVE HUMIDITY (PERCENT)
 HIGHEST    71          1200 AM
 LOWEST     26           300 AM
 AVERAGE    49

..........................................................


THE ERIE PA CLIMATE NORMALS FOR TODAY
                         NORMAL    RECORD    YEAR
 MAXIMUM TEMPERATURE (F)   59        85      1902
 MINIMUM TEMPERATURE (F)   40        26      1978
                                             1975
                                             1959


SUNRISE AND SUNSET
APRIL 22 2016.........SUNRISE   629 AM EDT   SUNSET   810 PM EDT
APRIL 23 2016.........SUNRISE   627 AM EDT   SUNSET   811 PM EDT


-  INDICATES NEGATIVE NUMBERS.
R  INDICATES RECORD WAS SET OR TIED.
MM INDICATES DATA IS MISSING.
T  INDICATES TRACE AMOUNT.




$$
