000
CDUS41 KCLE 040545
CLIERI


CLIMATE REPORT
NATIONAL WEATHER SERVICE CLEVELAND OH
145 AM EDT MON SEP 4 2017


...................................

...THE ERIE PA CLIMATE SUMMARY FOR SEPTEMBER 3 2017...

CLIMATE NORMAL PERIOD 1981 TO 2010
CLIMATE RECORD PERIOD 1873 TO 2017


WEATHER ITEM   OBSERVED TIME   RECORD YEAR NORMAL DEPARTURE LAST
                VALUE   (LST)  VALUE       VALUE  FROM      YEAR
                                                  NORMAL
..................................................................
TEMPERATURE (F)
 YESTERDAY
  MAXIMUM         69    503 PM  99    1953  76     -7       75
  MINIMUM         57   1232 AM  47    1975  60     -3       54
                                      1946
  AVERAGE         63                        68     -5       65

PRECIPITATION (IN)
  YESTERDAY        1.35                      0.13   1.22     0.00
  MONTH TO DATE    1.35                      0.39   0.96      T
  SINCE SEP 1      1.35                      0.39   0.96      T
  SINCE JAN 1     32.72                     26.22   6.50    27.06

SNOWFALL (IN)
  YESTERDAY        0.0                       0.0    0.0      0.0
  MONTH TO DATE    0.0                       0.0    0.0      0.0
  SINCE SEP 1      0.0                       0.0    0.0      0.0
  SINCE JUL 1      0.0                       0.0    0.0      0.0
  SNOW DEPTH       0

DEGREE DAYS
 HEATING
  YESTERDAY        2                         1      1        0
  MONTH TO DATE   16                         3     13        0
  SINCE SEP 1     16                         3     13        0
  SINCE JUL 1     26                        21      5        0

 COOLING
  YESTERDAY        0                         4     -4        0
  MONTH TO DATE    0                        12    -12        7
  SINCE SEP 1      0                        12    -12        7
  SINCE JAN 1    562                       570     -8      856
..................................................................


WIND (MPH)
  HIGHEST WIND SPEED    21   HIGHEST WIND DIRECTION     W (260)
  HIGHEST GUST SPEED    28   HIGHEST GUST DIRECTION     W (260)
  AVERAGE WIND SPEED    10.3


SKY COVER
  POSSIBLE SUNSHINE  MM
  AVERAGE SKY COVER 0.7


WEATHER CONDITIONS
 THE FOLLOWING WEATHER WAS RECORDED YESTERDAY.
  THUNDERSTORM
  HEAVY RAIN
  RAIN
  LIGHT RAIN
  FOG


RELATIVE HUMIDITY (PERCENT)
 HIGHEST    93           300 AM
 LOWEST     67           100 PM
 AVERAGE    80

..........................................................


THE ERIE PA CLIMATE NORMALS FOR TODAY
                         NORMAL    RECORD    YEAR
 MAXIMUM TEMPERATURE (F)   76        97      1953
 MINIMUM TEMPERATURE (F)   60        46      1974


SUNRISE AND SUNSET
SEPTEMBER  4 2017.....SUNRISE   650 AM EDT   SUNSET   749 PM EDT
SEPTEMBER  5 2017.....SUNRISE   651 AM EDT   SUNSET   747 PM EDT


-  INDICATES NEGATIVE NUMBERS.
R  INDICATES RECORD WAS SET OR TIED.
MM INDICATES DATA IS MISSING.
T  INDICATES TRACE AMOUNT.




$$
