000
CDUS41 KCLE 052213
CLIERI


CLIMATE REPORT
NATIONAL WEATHER SERVICE CLEVELAND OH
512 PM EST SUN NOV 5 2017


...................................

...THE ERIE PA CLIMATE SUMMARY FOR NOVEMBER 5 2017...
VALID TODAY AS OF 0500 PM LOCAL TIME.

CLIMATE NORMAL PERIOD 1981 TO 2010
CLIMATE RECORD PERIOD 1873 TO 2017


WEATHER ITEM   OBSERVED TIME   RECORD YEAR NORMAL DEPARTURE LAST
                VALUE   (LST)  VALUE       VALUE  FROM      YEAR
                                                  NORMAL
..................................................................
TEMPERATURE (F)
 TODAY
  MAXIMUM         65    141 PM  77    1948  54     11       58
  MINIMUM         53    517 AM  21    1991  40     13       42
  AVERAGE         59                        47     12       50

PRECIPITATION (IN)
  TODAY            0.44                      0.13   0.31     0.00
  MONTH TO DATE    1.74                      0.65   1.09     0.62
  SINCE SEP 1      9.87                      9.31   0.56    12.82
  SINCE JAN 1     41.24                     35.14   6.10    39.88

SNOWFALL (IN)
  TODAY            0.0                       0.2   -0.2      0.0
  MONTH TO DATE    0.0                       0.7   -0.7      0.0
  SINCE SEP 1      0.0                       0.9   -0.9      0.0
  SINCE JUL 1      0.0                       0.9   -0.9      0.0
  SNOW DEPTH       0

DEGREE DAYS
 HEATING
  TODAY            6                        18    -12       15
  MONTH TO DATE   61                        87    -26       45
  SINCE SEP 1    382                       572   -190      321
  SINCE JUL 1    392                       590   -198      321

 COOLING
  TODAY            0                         0      0        0
  MONTH TO DATE    0                         0      0        2
  SINCE SEP 1    135                        80     55      168
  SINCE JAN 1    697                       638     59     1017
..................................................................


WIND (MPH)
  HIGHEST WIND SPEED    25   HIGHEST WIND DIRECTION    SE (150)
  HIGHEST GUST SPEED    34   HIGHEST GUST DIRECTION     S (170)


SKY COVER
  POSSIBLE SUNSHINE  MM
  AVERAGE SKY COVER 0.8


WEATHER CONDITIONS
 THE FOLLOWING WEATHER WAS RECORDED TODAY.
  THUNDERSTORM
  HEAVY RAIN
  RAIN
  LIGHT RAIN
  FOG


RELATIVE HUMIDITY (PERCENT)
 HIGHEST    93          1000 AM
 LOWEST     66          1200 AM
 AVERAGE    80

..........................................................


THE ERIE PA CLIMATE NORMALS FOR TOMORROW
                         NORMAL    RECORD    YEAR
 MAXIMUM TEMPERATURE (F)   54        74      1948
 MINIMUM TEMPERATURE (F)   40        23      1951


SUNRISE AND SUNSET
NOVEMBER  5 2017......SUNRISE   659 AM EST   SUNSET   509 PM EST
NOVEMBER  6 2017......SUNRISE   700 AM EST   SUNSET   508 PM EST


-  INDICATES NEGATIVE NUMBERS.
R  INDICATES RECORD WAS SET OR TIED.
MM INDICATES DATA IS MISSING.
T  INDICATES TRACE AMOUNT.




$$
