000
CDUS41 KCLE 102116
CLIERI


CLIMATE REPORT
NATIONAL WEATHER SERVICE CLEVELAND OH
516 PM EDT SAT SEP 10 2016


...................................

...THE ERIE PA CLIMATE SUMMARY FOR SEPTEMBER 10 2016...
VALID TODAY AS OF 0500 PM LOCAL TIME.

CLIMATE NORMAL PERIOD 1981 TO 2010
CLIMATE RECORD PERIOD 1873 TO 2016


WEATHER ITEM   OBSERVED TIME   RECORD YEAR NORMAL DEPARTURE LAST
                VALUE   (LST)  VALUE       VALUE  FROM      YEAR
                                                  NORMAL
..................................................................
TEMPERATURE (F)
 TODAY
  MAXIMUM         89    359 PM  93    1964  74     15       76
  MINIMUM         71   1226 AM  40    1956  58     13       59
  AVERAGE         80                        66     14       68

PRECIPITATION (IN)
  TODAY            0.01                      0.15  -0.14     0.00
  MONTH TO DATE    1.10                      1.36  -0.26     0.01
  SINCE SEP 1      1.10                      1.36  -0.26     0.01
  SINCE JAN 1     28.16                     27.19   0.97    23.72

SNOWFALL (IN)
  TODAY            0.0                       0.0    0.0      0.0
  MONTH TO DATE    0.0                       0.0    0.0      0.0
  SINCE SEP 1      0.0                       0.0    0.0      0.0
  SINCE JUL 1      0.0                       0.0    0.0      0.0
  SNOW DEPTH       0

DEGREE DAYS
 HEATING
  TODAY            0                         2     -2        0
  MONTH TO DATE    0                        14    -14        0
  SINCE SEP 1      0                        14    -14        0
  SINCE JUL 1      0                        32    -32       18

 COOLING
  TODAY           15                         3     12        3
  MONTH TO DATE   84                        36     48      119
  SINCE SEP 1     84                        36     48      119
  SINCE JAN 1    933                       594    339      725
..................................................................


WIND (MPH)
  HIGHEST WIND SPEED    26   HIGHEST WIND DIRECTION    SW (210)
  HIGHEST GUST SPEED    41   HIGHEST GUST DIRECTION    SW (220)


SKY COVER
  POSSIBLE SUNSHINE  MM
  AVERAGE SKY COVER 0.3


WEATHER CONDITIONS
 THE FOLLOWING WEATHER WAS RECORDED TODAY.
  LIGHT RAIN


RELATIVE HUMIDITY (PERCENT)
 HIGHEST    84           500 AM
 LOWEST     52           200 PM
 AVERAGE    68

..........................................................


THE ERIE PA CLIMATE NORMALS FOR TOMORROW
                         NORMAL    RECORD    YEAR
 MAXIMUM TEMPERATURE (F)   74        92      1925
 MINIMUM TEMPERATURE (F)   58        42      1967


SUNRISE AND SUNSET
SEPTEMBER 10 2016.....SUNRISE   656 AM EDT   SUNSET   738 PM EDT
SEPTEMBER 11 2016.....SUNRISE   657 AM EDT   SUNSET   736 PM EDT


-  INDICATES NEGATIVE NUMBERS.
R  INDICATES RECORD WAS SET OR TIED.
MM INDICATES DATA IS MISSING.
T  INDICATES TRACE AMOUNT.




$$
