000
CDUS41 KCLE 202115
CLIERI


CLIMATE REPORT
NATIONAL WEATHER SERVICE CLEVELAND OH
514 PM EDT MON MAR 20 2017


...................................

...THE ERIE PA CLIMATE SUMMARY FOR MARCH 20 2017...
VALID TODAY AS OF 0500 PM LOCAL TIME.

CLIMATE NORMAL PERIOD 1981 TO 2010
CLIMATE RECORD PERIOD 1873 TO 2017


WEATHER ITEM   OBSERVED TIME   RECORD YEAR NORMAL DEPARTURE LAST
                VALUE   (LST)  VALUE       VALUE  FROM      YEAR
                                                  NORMAL
..................................................................
TEMPERATURE (F)
 TODAY
  MAXIMUM         46    329 PM  77    2012  45      1       39
  MINIMUM         32    238 AM   3    1885  29      3       28
  AVERAGE         39                        37      2       34

PRECIPITATION (IN)
  TODAY            0.00                      0.10  -0.10     0.00
  MONTH TO DATE    1.82                      1.82   0.00     1.43
  SINCE MAR 1      1.82                      1.82   0.00     1.43
  SINCE JAN 1      9.24                      7.16   2.08     7.64

SNOWFALL (IN)
  TODAY            0.0                       0.4   -0.4      0.0
  MONTH TO DATE    9.8                      10.0   -0.2      1.1
  SINCE MAR 1      9.8                      10.0   -0.2      1.1
  SINCE JUL 1     78.1                      94.0  -15.9     68.3
  SNOW DEPTH       0

DEGREE DAYS
 HEATING
  TODAY           26                        28     -2       31
  MONTH TO DATE  654                       627     27      470
  SINCE MAR 1    654                       627     27      470
  SINCE JUL 1   4158                      4992   -834     4068

 COOLING
  TODAY            0                         0      0        0
  MONTH TO DATE    0                         0      0        0
  SINCE MAR 1      0                         0      0        0
  SINCE JAN 1      0                         0      0        0
..................................................................


WIND (MPH)
  HIGHEST WIND SPEED    14   HIGHEST WIND DIRECTION     S (200)
  HIGHEST GUST SPEED    17   HIGHEST GUST DIRECTION    SW (220)


SKY COVER
  POSSIBLE SUNSHINE  MM
  AVERAGE SKY COVER 1.0


WEATHER CONDITIONS
 THE FOLLOWING WEATHER WAS RECORDED TODAY.
  NO SIGNIFICANT WEATHER WAS OBSERVED.


RELATIVE HUMIDITY (PERCENT)
 HIGHEST    89          1200 AM
 LOWEST     60           300 PM
 AVERAGE    75

..........................................................


THE ERIE PA CLIMATE NORMALS FOR TOMORROW
                         NORMAL    RECORD    YEAR
 MAXIMUM TEMPERATURE (F)   46        78      2012
 MINIMUM TEMPERATURE (F)   29        -1      1885


SUNRISE AND SUNSET
MARCH 20 2017.........SUNRISE   724 AM EDT   SUNSET   733 PM EDT
MARCH 21 2017.........SUNRISE   722 AM EDT   SUNSET   734 PM EDT


-  INDICATES NEGATIVE NUMBERS.
R  INDICATES RECORD WAS SET OR TIED.
MM INDICATES DATA IS MISSING.
T  INDICATES TRACE AMOUNT.




$$
