000
CDUS41 KCLE 062210
CLIERI


CLIMATE REPORT
NATIONAL WEATHER SERVICE CLEVELAND OH
510 PM EST MON FEB 6 2017


...................................

...THE ERIE PA CLIMATE SUMMARY FOR FEBRUARY 6 2017...
VALID TODAY AS OF 0500 PM LOCAL TIME.

CLIMATE NORMAL PERIOD 1981 TO 2010
CLIMATE RECORD PERIOD 1873 TO 2017


WEATHER ITEM   OBSERVED TIME   RECORD YEAR NORMAL DEPARTURE LAST
                VALUE   (LST)  VALUE       VALUE  FROM      YEAR
                                                  NORMAL
..................................................................
TEMPERATURE (F)
 TODAY
  MAXIMUM         42    334 PM  58    1938  34      8       35
  MINIMUM         24    633 AM  -9    1895  20      4       27
  AVERAGE         33                        27      6       31

PRECIPITATION (IN)
  TODAY            0.00                      0.08  -0.08     0.00
  MONTH TO DATE    0.24                      0.49  -0.25     0.85
  SINCE DEC 1      9.00                      7.18   1.82     7.12
  SINCE JAN 1      5.12                      3.44   1.68     3.23

SNOWFALL (IN)
  TODAY            0.0                       0.7   -0.7      0.0
  MONTH TO DATE    3.9                       4.5   -0.6      1.4
  SINCE DEC 1     59.5                      61.6   -2.1     44.7
  SINCE JUL 1     61.9                      70.3   -8.4     45.2
  SNOW DEPTH       0

DEGREE DAYS
 HEATING
  TODAY           32                        38     -6       34
  MONTH TO DATE  217                       228    -11      161
  SINCE DEC 1   2188                      2410   -222     1924
  SINCE JUL 1   2968                      3566   -598     2815

 COOLING
  TODAY            0                         0      0        0
  MONTH TO DATE    0                         0      0        0
  SINCE DEC 1      0                         0      0        0
  SINCE JAN 1      0                         0      0        0
..................................................................


WIND (MPH)
  HIGHEST WIND SPEED    16   HIGHEST WIND DIRECTION    SW (210)
  HIGHEST GUST SPEED    20   HIGHEST GUST DIRECTION    SW (210)


SKY COVER
  POSSIBLE SUNSHINE  MM
  AVERAGE SKY COVER 0.7


WEATHER CONDITIONS
 THE FOLLOWING WEATHER WAS RECORDED TODAY.
  NO SIGNIFICANT WEATHER WAS OBSERVED.


RELATIVE HUMIDITY (PERCENT)
 HIGHEST    75           500 AM
 LOWEST     55           300 PM
 AVERAGE    65

..........................................................


THE ERIE PA CLIMATE NORMALS FOR TOMORROW
                         NORMAL    RECORD    YEAR
 MAXIMUM TEMPERATURE (F)   34        60      1925
 MINIMUM TEMPERATURE (F)   20        -7      1895


SUNRISE AND SUNSET
FEBRUARY  6 2017......SUNRISE   728 AM EST   SUNSET   542 PM EST
FEBRUARY  7 2017......SUNRISE   727 AM EST   SUNSET   544 PM EST


-  INDICATES NEGATIVE NUMBERS.
R  INDICATES RECORD WAS SET OR TIED.
MM INDICATES DATA IS MISSING.
T  INDICATES TRACE AMOUNT.




$$
