000
CDUS41 KCLE 190534
CLIERI


CLIMATE REPORT
NATIONAL WEATHER SERVICE CLEVELAND OH
1234 AM EST THU FEB 19 2015


...................................

...THE ERIE PA CLIMATE SUMMARY FOR FEBRUARY 18 2015...

CLIMATE NORMAL PERIOD 1981 TO 2010
CLIMATE RECORD PERIOD 1873 TO 2015


WEATHER ITEM   OBSERVED TIME   RECORD YEAR NORMAL DEPARTURE LAST
                VALUE   (LST)  VALUE       VALUE  FROM      YEAR
                                                  NORMAL
..................................................................
TEMPERATURE (F)
 YESTERDAY
  MAXIMUM         17   1020 AM  61    1981  36    -19       41
                                      1949
  MINIMUM          8   1159 PM -11    1979  21    -13       22
  AVERAGE         13                        29    -16       32

PRECIPITATION (IN)
  YESTERDAY        0.12                      0.08   0.04     0.21
  MONTH TO DATE    1.63                      1.49   0.14     2.24
  SINCE DEC 1      7.82                      8.18  -0.36    10.76
  SINCE JAN 1      5.37                      4.44   0.93     4.80

SNOWFALL (IN)
  YESTERDAY        2.8                       0.7    2.1      2.5
  MONTH TO DATE   26.2                      12.2   14.0     22.3
  SINCE DEC 1     69.1                      69.3   -0.2     98.4
  SINCE JUL 1     94.1                      78.0   16.1    114.0
  SNOW DEPTH      12

DEGREE DAYS
 HEATING
  YESTERDAY       52                        36     16       33
  MONTH TO DATE  883                       674    209      861
  SINCE DEC 1   3099                      2856    243     3243
  SINCE JUL 1   4313                      4012    301     4442

 COOLING
  YESTERDAY        0                         0      0        0
  MONTH TO DATE    0                         0      0        0
  SINCE DEC 1      0                         0      0        0
  SINCE JAN 1      0                         0      0        0
..................................................................


WIND (MPH)
  HIGHEST WIND SPEED    22   HIGHEST WIND DIRECTION     W (260)
  HIGHEST GUST SPEED    31   HIGHEST GUST DIRECTION     W (260)
  AVERAGE WIND SPEED    10.8


SKY COVER
  POSSIBLE SUNSHINE  MM
  AVERAGE SKY COVER 1.0


WEATHER CONDITIONS
 THE FOLLOWING WEATHER WAS RECORDED YESTERDAY.
  HEAVY SNOW
  SNOW
  LIGHT SNOW
  FOG
  FOG W/VISIBILITY <= 1/4 MILE
  HAZE


RELATIVE HUMIDITY (PERCENT)
 HIGHEST    84           800 PM
 LOWEST     56          1200 AM
 AVERAGE    70

..........................................................


THE ERIE PA CLIMATE NORMALS FOR TODAY
                         NORMAL    RECORD    YEAR
 MAXIMUM TEMPERATURE (F)   36        65      1948
 MINIMUM TEMPERATURE (F)   21        -4      1903


SUNRISE AND SUNSET
FEBRUARY 19 2015......SUNRISE   711 AM EST   SUNSET   558 PM EST
FEBRUARY 20 2015......SUNRISE   710 AM EST   SUNSET   559 PM EST


-  INDICATES NEGATIVE NUMBERS.
R  INDICATES RECORD WAS SET OR TIED.
MM INDICATES DATA IS MISSING.
T  INDICATES TRACE AMOUNT.




$$
