000
CDUS41 KCLE 272211
CLIERI


CLIMATE REPORT
NATIONAL WEATHER SERVICE CLEVELAND OH
510 PM EST MON NOV 27 2017


...................................

...THE ERIE PA CLIMATE SUMMARY FOR NOVEMBER 27 2017...
VALID TODAY AS OF 0500 PM LOCAL TIME.

CLIMATE NORMAL PERIOD 1981 TO 2010
CLIMATE RECORD PERIOD 1873 TO 2017


WEATHER ITEM   OBSERVED TIME   RECORD YEAR NORMAL DEPARTURE LAST
                VALUE   (LST)  VALUE       VALUE  FROM      YEAR
                                                  NORMAL
..................................................................
TEMPERATURE (F)
 TODAY
  MAXIMUM         44    109 PM  71    1990  45     -1       48
  MINIMUM         39   1213 AM  10    1930  33      6       37
  AVERAGE         42                        39      3       43

PRECIPITATION (IN)
  TODAY            0.00                      0.13  -0.13     0.00
  MONTH TO DATE    6.34                      3.54   2.80     2.10
  SINCE SEP 1     14.47                     12.20   2.27    14.30
  SINCE JAN 1     45.84                     38.03   7.81    41.36

SNOWFALL (IN)
  TODAY            0.0                       0.5   -0.5      0.0
  MONTH TO DATE    0.5                       7.1   -6.6      2.4
  SINCE SEP 1      0.5                       7.3   -6.8      2.4
  SINCE JUL 1      0.5                       7.3   -6.8      2.4
  SNOW DEPTH       0

DEGREE DAYS
 HEATING
  TODAY           23                        26     -3       22
  MONTH TO DATE  613                       572     41      457
  SINCE SEP 1    934                      1057   -123      733
  SINCE JUL 1    944                      1075   -131      733

 COOLING
  TODAY            0                         0      0        0
  MONTH TO DATE    0                         0      0        2
  SINCE SEP 1    135                        80     55      168
  SINCE JAN 1    697                       638     59     1017
..................................................................


WIND (MPH)
  HIGHEST WIND SPEED    18   HIGHEST WIND DIRECTION     W (270)
  HIGHEST GUST SPEED    24   HIGHEST GUST DIRECTION     W (290)


SKY COVER
  POSSIBLE SUNSHINE  MM
  AVERAGE SKY COVER 0.6


WEATHER CONDITIONS
 THE FOLLOWING WEATHER WAS RECORDED TODAY.
  NO SIGNIFICANT WEATHER WAS OBSERVED.


RELATIVE HUMIDITY (PERCENT)
 HIGHEST    79           500 PM
 LOWEST     62           100 AM
 AVERAGE    71

..........................................................


THE ERIE PA CLIMATE NORMALS FOR TOMORROW
                         NORMAL    RECORD    YEAR
 MAXIMUM TEMPERATURE (F)   45        70      1990
 MINIMUM TEMPERATURE (F)   33         9      1955


SUNRISE AND SUNSET
NOVEMBER 27 2017......SUNRISE   725 AM EST   SUNSET   451 PM EST
NOVEMBER 28 2017......SUNRISE   726 AM EST   SUNSET   451 PM EST


-  INDICATES NEGATIVE NUMBERS.
R  INDICATES RECORD WAS SET OR TIED.
MM INDICATES DATA IS MISSING.
T  INDICATES TRACE AMOUNT.




$$
