000
CDUS41 KCLE 130546
CLIERI


CLIMATE REPORT
NATIONAL WEATHER SERVICE CLEVELAND OH
145 AM EDT WED APR 13 2016


...................................

...THE ERIE PA CLIMATE SUMMARY FOR APRIL 12 2016...

CLIMATE NORMAL PERIOD 1981 TO 2010
CLIMATE RECORD PERIOD 1873 TO 2016


WEATHER ITEM   OBSERVED TIME   RECORD YEAR NORMAL DEPARTURE LAST
                VALUE   (LST)  VALUE       VALUE  FROM      YEAR
                                                  NORMAL
..................................................................
TEMPERATURE (F)
 YESTERDAY
  MAXIMUM         43    417 PM  85    2001  55    -12       60
  MINIMUM         29   1148 PM  17    1874  37     -8       40
  AVERAGE         36                        46    -10       50

PRECIPITATION (IN)
  YESTERDAY        0.00                      0.12  -0.12     0.00
  MONTH TO DATE    1.21                      1.40  -0.19     1.66
  SINCE MAR 1      4.37                      4.35   0.02     3.66
  SINCE JAN 1     10.58                      9.69   0.89     9.42

SNOWFALL (IN)
  YESTERDAY        0.0                       0.2   -0.2      0.0
  MONTH TO DATE    2.9                       2.3    0.6      0.0
  SINCE MAR 1      4.0                      16.0  -12.0     10.9
  SINCE JUL 1     71.2                     100.0  -28.8    110.3
  SNOW DEPTH       0

DEGREE DAYS
 HEATING
  YESTERDAY       29                        19     10       15
  MONTH TO DATE  330                       257     73      224
  SINCE MAR 1   1006                      1168   -162     1270
  SINCE JUL 1   4604                      5533   -929     6146

 COOLING
  YESTERDAY        0                         0      0        0
  MONTH TO DATE    0                         0      0        0
  SINCE MAR 1      0                         1     -1        0
  SINCE JAN 1      0                         1     -1        0
..................................................................


WIND (MPH)
  HIGHEST WIND SPEED    17   HIGHEST WIND DIRECTION     W (280)
  HIGHEST GUST SPEED    26   HIGHEST GUST DIRECTION     W (280)
  AVERAGE WIND SPEED     8.8


SKY COVER
  POSSIBLE SUNSHINE  MM
  AVERAGE SKY COVER 0.3


WEATHER CONDITIONS
 THE FOLLOWING WEATHER WAS RECORDED YESTERDAY.
  NO SIGNIFICANT WEATHER WAS OBSERVED.


RELATIVE HUMIDITY (PERCENT)
 HIGHEST    85          1000 PM
 LOWEST     54           700 AM
 AVERAGE    70

..........................................................


THE ERIE PA CLIMATE NORMALS FOR TODAY
                         NORMAL    RECORD    YEAR
 MAXIMUM TEMPERATURE (F)   55        81      2015
                                             1945
 MINIMUM TEMPERATURE (F)   37        21      1950


SUNRISE AND SUNSET
APRIL 13 2016.........SUNRISE   643 AM EDT   SUNSET   800 PM EDT
APRIL 14 2016.........SUNRISE   641 AM EDT   SUNSET   801 PM EDT


-  INDICATES NEGATIVE NUMBERS.
R  INDICATES RECORD WAS SET OR TIED.
MM INDICATES DATA IS MISSING.
T  INDICATES TRACE AMOUNT.




$$
