000
CDUS41 KCLE 020535
CLIERI


CLIMATE REPORT
NATIONAL WEATHER SERVICE CLEVELAND OH
1234 AM EST TUE FEB 2 2016


...................................

...THE ERIE PA CLIMATE SUMMARY FOR FEBRUARY 1 2016...

CLIMATE NORMAL PERIOD 1981 TO 2010
CLIMATE RECORD PERIOD 1873 TO 2016


WEATHER ITEM   OBSERVED TIME   RECORD YEAR NORMAL DEPARTURE LAST
                VALUE   (LST)  VALUE       VALUE  FROM      YEAR
                                                  NORMAL
..................................................................
TEMPERATURE (F)
 YESTERDAY
  MAXIMUM         58R  1200 AM  58    2002  34     24       30
  MINIMUM         29   1154 PM  -5    1971  20      9       21
  AVERAGE         44                        27     17       26

PRECIPITATION (IN)
  YESTERDAY        0.13                      0.08   0.05     0.54
  MONTH TO DATE    0.13                      0.08   0.05     0.54
  SINCE DEC 1      6.40                      6.77  -0.37     6.73
  SINCE JAN 1      2.51                      3.03  -0.52     4.28

SNOWFALL (IN)
  YESTERDAY        0.0                       0.8   -0.8      9.0
  MONTH TO DATE    0.0                       0.8   -0.8      9.0
  SINCE DEC 1     43.3                      57.9  -14.6     51.9
  SINCE JUL 1     43.8                      66.6  -22.8     76.9
  SNOW DEPTH       0

DEGREE DAYS
 HEATING
  YESTERDAY       21                        38    -17       39
  MONTH TO DATE   21                        38    -17       39
  SINCE DEC 1   1784                      2220   -436     2255
  SINCE JUL 1   2675                      3376   -701     3469

 COOLING
  YESTERDAY        0                         0      0        0
  MONTH TO DATE    0                         0      0        0
  SINCE DEC 1      0                         0      0        0
  SINCE JAN 1      0                         0      0        0
..................................................................


WIND (MPH)
  HIGHEST WIND SPEED    25   HIGHEST WIND DIRECTION     W (260)
  HIGHEST GUST SPEED    37   HIGHEST GUST DIRECTION    SW (240)
  AVERAGE WIND SPEED     8.1


SKY COVER
  POSSIBLE SUNSHINE  MM
  AVERAGE SKY COVER 0.5


WEATHER CONDITIONS
 THE FOLLOWING WEATHER WAS RECORDED YESTERDAY.
  LIGHT RAIN
  FOG
  HAZE


RELATIVE HUMIDITY (PERCENT)
 HIGHEST    85           500 AM
 LOWEST     60           300 PM
 AVERAGE    73

..........................................................


THE ERIE PA CLIMATE NORMALS FOR TODAY
                         NORMAL    RECORD    YEAR
 MAXIMUM TEMPERATURE (F)   34        61      1903
 MINIMUM TEMPERATURE (F)   20        -7      1971


SUNRISE AND SUNSET
FEBRUARY  2 2016......SUNRISE   733 AM EST   SUNSET   536 PM EST
FEBRUARY  3 2016......SUNRISE   732 AM EST   SUNSET   537 PM EST


-  INDICATES NEGATIVE NUMBERS.
R  INDICATES RECORD WAS SET OR TIED.
MM INDICATES DATA IS MISSING.
T  INDICATES TRACE AMOUNT.




$$
