131
CDUS41 KCLE 050532
CLIERI


CLIMATE REPORT
NATIONAL WEATHER SERVICE CLEVELAND OH
131 AM EDT TUE MAY 5 2015


...................................

...THE ERIE PA CLIMATE SUMMARY FOR MAY 4 2015...

CLIMATE NORMAL PERIOD 1981 TO 2010
CLIMATE RECORD PERIOD 1873 TO 2015


WEATHER ITEM   OBSERVED TIME   RECORD YEAR NORMAL DEPARTURE LAST
                VALUE   (LST)  VALUE       VALUE  FROM      YEAR
                                                  NORMAL
..................................................................
TEMPERATURE (F)
 YESTERDAY
  MAXIMUM         81   1250 PM  84    1902  63     18       53
  MINIMUM         55   1150 PM  30    1926  44     11       42
  AVERAGE         68                        54     14       48

PRECIPITATION (IN)
  YESTERDAY        0.07                      0.11  -0.04     0.08
  MONTH TO DATE    0.07                      0.42  -0.35     0.20
  SINCE MAR 1      5.04                      6.70  -1.66     7.19
  SINCE JAN 1     10.80                     12.04  -1.24    13.10

SNOWFALL (IN)
  YESTERDAY        0.0                       0.0    0.0      0.0
  MONTH TO DATE    0.0                       0.0    0.0      0.0
  SINCE MAR 1     10.9                      16.9   -6.0     18.8
  SINCE JUL 1    110.3                     100.9    9.4    138.4
  SNOW DEPTH       0

DEGREE DAYS
 HEATING
  YESTERDAY        0                        12    -12       17
  MONTH TO DATE   29                        50    -21       57
  SINCE MAR 1   1605                      1504    101     1726
  SINCE JUL 1   6481                      5869    612     6547

 COOLING
  YESTERDAY        3                         0      3        0
  MONTH TO DATE    3                         0      3        0
  SINCE MAR 1      3                         7     -4        0
  SINCE JAN 1      3                         7     -4        0
..................................................................


WIND (MPH)
  HIGHEST WIND SPEED    25   HIGHEST WIND DIRECTION    SW (220)
  HIGHEST GUST SPEED    34   HIGHEST GUST DIRECTION    SW (220)
  AVERAGE WIND SPEED     9.9


SKY COVER
  POSSIBLE SUNSHINE  MM
  AVERAGE SKY COVER 0.4


WEATHER CONDITIONS
 THE FOLLOWING WEATHER WAS RECORDED YESTERDAY.
  LIGHT RAIN


RELATIVE HUMIDITY (PERCENT)
 HIGHEST    93          1100 PM
 LOWEST     28           100 PM
 AVERAGE    61

..........................................................


THE ERIE PA CLIMATE NORMALS FOR TODAY
                         NORMAL    RECORD    YEAR
 MAXIMUM TEMPERATURE (F)   63        86      1950
                                             1938
 MINIMUM TEMPERATURE (F)   45        32      1987
                                             1891


SUNRISE AND SUNSET
MAY  5 2015...........SUNRISE   612 AM EDT   SUNSET   824 PM EDT
MAY  6 2015...........SUNRISE   610 AM EDT   SUNSET   825 PM EDT


-  INDICATES NEGATIVE NUMBERS.
R  INDICATES RECORD WAS SET OR TIED.
MM INDICATES DATA IS MISSING.
T  INDICATES TRACE AMOUNT.




$$
