000
CDUS41 KCLE 050528
CLIERI


CLIMATE REPORT
NATIONAL WEATHER SERVICE CLEVELAND OH
1228 AM EST MON FEB 5 2018


...................................

...THE ERIE PA CLIMATE SUMMARY FOR FEBRUARY 4 2018...

CLIMATE NORMAL PERIOD 1981 TO 2010
CLIMATE RECORD PERIOD 1873 TO 2018


WEATHER ITEM   OBSERVED TIME   RECORD YEAR NORMAL DEPARTURE LAST
                VALUE   (LST)  VALUE       VALUE  FROM      YEAR
                                                  NORMAL
..................................................................
TEMPERATURE (F)
 YESTERDAY
  MAXIMUM         40    157 AM  67    1890  34      6       30
  MINIMUM         19   1159 PM -12    1978  20     -1       20
  AVERAGE         30                        27      3       25

PRECIPITATION (IN)
  YESTERDAY        0.18                      0.08   0.10      T
  MONTH TO DATE    0.20                      0.33  -0.13     0.22
  SINCE DEC 1     10.47                      7.02   3.45     8.98
  SINCE JAN 1      2.92                      3.28  -0.36     5.10

SNOWFALL (IN)
  YESTERDAY        1.4                       0.8    0.6       T
  MONTH TO DATE    1.8                       3.1   -1.3      3.6
  SINCE DEC 1    145.1                      60.2   84.9     59.2
  SINCE JUL 1    145.6                      68.9   76.7     61.6
  SNOW DEPTH       0

DEGREE DAYS
 HEATING
  YESTERDAY       35                        38     -3       40
  MONTH TO DATE  158                       152      6      153
  SINCE DEC 1   2492                      2334    158     2124
  SINCE JUL 1   3489                      3490     -1     2904

 COOLING
  YESTERDAY        0                         0      0        0
  MONTH TO DATE    0                         0      0        0
  SINCE DEC 1      0                         0      0        0
  SINCE JAN 1      0                         0      0        0
..................................................................


WIND (MPH)
  HIGHEST WIND SPEED    31   HIGHEST WIND DIRECTION     S (200)
  HIGHEST GUST SPEED    40   HIGHEST GUST DIRECTION     S (190)
  AVERAGE WIND SPEED    14.8


SKY COVER
  POSSIBLE SUNSHINE  MM
  AVERAGE SKY COVER 1.0


WEATHER CONDITIONS
 THE FOLLOWING WEATHER WAS RECORDED YESTERDAY.
  LIGHT RAIN
  SNOW
  LIGHT SNOW
  FOG
  HAZE


RELATIVE HUMIDITY (PERCENT)
 HIGHEST    89           600 AM
 LOWEST     34           200 AM
 AVERAGE    62

..........................................................


THE ERIE PA CLIMATE NORMALS FOR TODAY
                         NORMAL    RECORD    YEAR
 MAXIMUM TEMPERATURE (F)   34        59      2008
                                             1938
 MINIMUM TEMPERATURE (F)   20       -13      1918


SUNRISE AND SUNSET
FEBRUARY  5 2018......SUNRISE   729 AM EST   SUNSET   541 PM EST
FEBRUARY  6 2018......SUNRISE   728 AM EST   SUNSET   542 PM EST


-  INDICATES NEGATIVE NUMBERS.
R  INDICATES RECORD WAS SET OR TIED.
MM INDICATES DATA IS MISSING.
T  INDICATES TRACE AMOUNT.




$$
