000
CDUS41 KCLE 100545
CLIERI


CLIMATE REPORT
NATIONAL WEATHER SERVICE CLEVELAND OH
145 AM EDT TUE MAY 10 2016


...................................

...THE ERIE PA CLIMATE SUMMARY FOR MAY 9 2016...

CLIMATE NORMAL PERIOD 1981 TO 2010
CLIMATE RECORD PERIOD 1873 TO 2016


WEATHER ITEM   OBSERVED TIME   RECORD YEAR NORMAL DEPARTURE LAST
                VALUE   (LST)  VALUE       VALUE  FROM      YEAR
                                                  NORMAL
..................................................................
TEMPERATURE (F)
 YESTERDAY
  MAXIMUM         59    350 PM  87    2015  65     -6       87
  MINIMUM         38    540 AM  32    1947  46     -8       60
                                      1923
  AVERAGE         49                        55     -6       74

PRECIPITATION (IN)
  YESTERDAY        0.00                      0.11  -0.11      T
  MONTH TO DATE    0.81                      0.96  -0.15     0.62
  SINCE MAR 1      5.80                      7.24  -1.44     5.59
  SINCE JAN 1     12.01                     12.58  -0.57    11.35

SNOWFALL (IN)
  YESTERDAY        0.0                       0.0    0.0      0.0
  MONTH TO DATE    0.0                       0.0    0.0      0.0
  SINCE MAR 1      4.0                      16.9  -12.9     10.9
  SINCE JUL 1     71.2                     100.9  -29.7    110.3
  SNOW DEPTH       0

DEGREE DAYS
 HEATING
  YESTERDAY       16                        10      6        0
  MONTH TO DATE  126                       105     21       45
  SINCE MAR 1   1429                      1559   -130     1621
  SINCE JUL 1   5027                      5924   -897     6497

 COOLING
  YESTERDAY        0                         1     -1        9
  MONTH TO DATE    0                         4     -4       22
  SINCE MAR 1      0                        11    -11       22
  SINCE JAN 1      0                        11    -11       22
..................................................................


WIND (MPH)
  HIGHEST WIND SPEED     9   HIGHEST WIND DIRECTION     N (340)
  HIGHEST GUST SPEED    12   HIGHEST GUST DIRECTION     N (20)
  AVERAGE WIND SPEED     3.3


SKY COVER
  POSSIBLE SUNSHINE  MM
  AVERAGE SKY COVER 0.0


WEATHER CONDITIONS
 THE FOLLOWING WEATHER WAS RECORDED YESTERDAY.
  NO SIGNIFICANT WEATHER WAS OBSERVED.


RELATIVE HUMIDITY (PERCENT)
 HIGHEST    85           600 AM
 LOWEST     40           100 PM
 AVERAGE    63

..........................................................


THE ERIE PA CLIMATE NORMALS FOR TODAY
                         NORMAL    RECORD    YEAR
 MAXIMUM TEMPERATURE (F)   65        85      2015
                                             1936
                                             1894
 MINIMUM TEMPERATURE (F)   46        31      2010
                                             1907


SUNRISE AND SUNSET
MAY 10 2016...........SUNRISE   605 AM EDT   SUNSET   830 PM EDT
MAY 11 2016...........SUNRISE   604 AM EDT   SUNSET   831 PM EDT


-  INDICATES NEGATIVE NUMBERS.
R  INDICATES RECORD WAS SET OR TIED.
MM INDICATES DATA IS MISSING.
T  INDICATES TRACE AMOUNT.




$$
