000
CDUS41 KCLE 290535
CLIERI


CLIMATE REPORT
NATIONAL WEATHER SERVICE CLEVELAND OH
132 AM EDT MON JUN 29 2015


...................................

...THE ERIE PA CLIMATE SUMMARY FOR JUNE 28 2015...

CLIMATE NORMAL PERIOD 1981 TO 2010
CLIMATE RECORD PERIOD 1873 TO 2015


WEATHER ITEM   OBSERVED TIME   RECORD YEAR NORMAL DEPARTURE LAST
                VALUE   (LST)  VALUE       VALUE  FROM      YEAR
                                                  NORMAL
..................................................................
TEMPERATURE (F)
 YESTERDAY
  MAXIMUM         65   1141 PM  94    1944  79    -14       85
                                      1934
  MINIMUM         57   1250 PM  46    1970  62     -5       69
  AVERAGE         61                        70     -9       77

PRECIPITATION (IN)
  YESTERDAY        0.31                      0.12   0.19     0.00
  MONTH TO DATE    4.96                      3.51   1.45     4.19
  SINCE JUN 1      4.96                      3.51   1.45     4.19
  SINCE JAN 1     19.15                     18.57   0.58    20.34

SNOWFALL (IN)
  YESTERDAY        0.0                       0.0    0.0      0.0
  MONTH TO DATE    0.0                       0.0    0.0      0.0
  SINCE JUN 1      0.0                       0.0    0.0      0.0
  SINCE JUL 1    110.3                     100.9    9.4    138.4
  SNOW DEPTH       0

DEGREE DAYS
 HEATING
  YESTERDAY        4                         1      3        0
  MONTH TO DATE   37                        60    -23       30
  SINCE JUN 1     37                        60    -23       30
  SINCE JUL 1   6651                      6146    505     6757

 COOLING
  YESTERDAY        0                         6     -6       12
  MONTH TO DATE   96                       111    -15      136
  SINCE JUN 1     96                       111    -15      136
  SINCE JAN 1    208                       150     58      175
..................................................................


WIND (MPH)
  HIGHEST WIND SPEED    18   HIGHEST WIND DIRECTION     W (290)
  HIGHEST GUST SPEED    25   HIGHEST GUST DIRECTION    NW (300)
  AVERAGE WIND SPEED     9.4


SKY COVER
  POSSIBLE SUNSHINE  MM
  AVERAGE SKY COVER 1.0


WEATHER CONDITIONS
 THE FOLLOWING WEATHER WAS RECORDED YESTERDAY.
  LIGHT RAIN
  FOG
  HAZE


RELATIVE HUMIDITY (PERCENT)
 HIGHEST    90           500 AM
 LOWEST     72          1000 PM
 AVERAGE    81

..........................................................


THE ERIE PA CLIMATE NORMALS FOR TODAY
                         NORMAL    RECORD    YEAR
 MAXIMUM TEMPERATURE (F)   79        90      1948
                                             1947
                                             1934
 MINIMUM TEMPERATURE (F)   62        49      1919
                                             1885


SUNRISE AND SUNSET
JUNE 29 2015..........SUNRISE   548 AM EDT   SUNSET   901 PM EDT
JUNE 30 2015..........SUNRISE   548 AM EDT   SUNSET   901 PM EDT


-  INDICATES NEGATIVE NUMBERS.
R  INDICATES RECORD WAS SET OR TIED.
MM INDICATES DATA IS MISSING.
T  INDICATES TRACE AMOUNT.




$$
