186
CDUS41 KCLE 290525
CLIERI


CLIMATE REPORT
NATIONAL WEATHER SERVICE CLEVELAND OH
1225 AM EST TUE NOV 29 2016


...................................

...THE ERIE PA CLIMATE SUMMARY FOR NOVEMBER 28 2016...

CLIMATE NORMAL PERIOD 1981 TO 2010
CLIMATE RECORD PERIOD 1873 TO 2016


WEATHER ITEM   OBSERVED TIME   RECORD YEAR NORMAL DEPARTURE LAST
                VALUE   (LST)  VALUE       VALUE  FROM      YEAR
                                                  NORMAL
..................................................................
TEMPERATURE (F)
 YESTERDAY
  MAXIMUM         51    736 PM  70    1990  45      6       42
  MINIMUM         35    648 AM   9    1955  33      2       38
  AVERAGE         43                        38      5       40

PRECIPITATION (IN)
  YESTERDAY        0.01                      0.13  -0.12     0.11
  MONTH TO DATE    2.11                      3.67  -1.56     2.38
  SINCE SEP 1     14.31                     12.33   1.98     9.77
  SINCE JAN 1     41.37                     38.16   3.21    33.48

SNOWFALL (IN)
  YESTERDAY        0.0                       0.5   -0.5      0.0
  MONTH TO DATE    2.4                       7.6   -5.2      0.5
  SINCE SEP 1      2.4                       7.8   -5.4      0.5
  SINCE JUL 1      2.4                       7.8   -5.4      0.5
  SNOW DEPTH       0

DEGREE DAYS
 HEATING
  YESTERDAY       22                        26     -4       25
  MONTH TO DATE  479                       598   -119      442
  SINCE SEP 1    755                      1083   -328      811
  SINCE JUL 1    755                      1101   -346      829

 COOLING
  YESTERDAY        0                         0      0        0
  MONTH TO DATE    2                         0      2        4
  SINCE SEP 1    168                        80     88      167
  SINCE JAN 1   1017                       638    379      773
..................................................................


WIND (MPH)
  HIGHEST WIND SPEED    23   HIGHEST WIND DIRECTION     S (160)
  HIGHEST GUST SPEED    32   HIGHEST GUST DIRECTION    SE (140)
  AVERAGE WIND SPEED    13.2


SKY COVER
  POSSIBLE SUNSHINE  MM
  AVERAGE SKY COVER 0.4


WEATHER CONDITIONS
 THE FOLLOWING WEATHER WAS RECORDED YESTERDAY.
  NO SIGNIFICANT WEATHER WAS OBSERVED.


RELATIVE HUMIDITY (PERCENT)
 HIGHEST    75           400 AM
 LOWEST     38           600 PM
 AVERAGE    57

..........................................................


THE ERIE PA CLIMATE NORMALS FOR TODAY
                         NORMAL    RECORD    YEAR
 MAXIMUM TEMPERATURE (F)   44        69      2005
 MINIMUM TEMPERATURE (F)   32         7      1955


SUNRISE AND SUNSET
NOVEMBER 29 2016......SUNRISE   728 AM EST   SUNSET   450 PM EST
NOVEMBER 30 2016......SUNRISE   729 AM EST   SUNSET   450 PM EST


-  INDICATES NEGATIVE NUMBERS.
R  INDICATES RECORD WAS SET OR TIED.
MM INDICATES DATA IS MISSING.
T  INDICATES TRACE AMOUNT.




$$
