000
CDUS41 KCLE 062118
CLIERI


CLIMATE REPORT
NATIONAL WEATHER SERVICE CLEVELAND OH
518 PM EDT SUN APR 6 2014


...................................

...THE ERIE PA CLIMATE SUMMARY FOR APRIL 6 2014...
VALID TODAY AS OF 0500 PM LOCAL TIME.

CLIMATE NORMAL PERIOD 1981 TO 2010
CLIMATE RECORD PERIOD 1873 TO 2014


WEATHER ITEM   OBSERVED TIME   RECORD YEAR NORMAL DEPARTURE LAST
                VALUE   (LST)  VALUE       VALUE  FROM      YEAR
                                                  NORMAL
..................................................................
TEMPERATURE (F)
 TODAY
  MAXIMUM         48    313 PM  79    1942  52     -4       53
                                      1929
                                      1928
  MINIMUM         29    607 AM  16    1982  35     -6       22
  AVERAGE         39                        44     -5       38

PRECIPITATION (IN)
  TODAY            0.00                      0.11  -0.11     0.00
  MONTH TO DATE    0.45                      0.68  -0.23     0.05
  SINCE MAR 1      3.62                      3.63  -0.01     2.65
  SINCE JAN 1      9.53                      8.97   0.56     9.16

SNOWFALL (IN)
  TODAY            0.0                       0.2   -0.2      0.0
  MONTH TO DATE    0.0                       1.3   -1.3       T
  SINCE MAR 1     17.6                      15.0    2.6     25.2
  SINCE JUL 1    137.2                      99.0   38.2    104.5
  SNOW DEPTH       0

DEGREE DAYS
 HEATING
  TODAY           26                        22      4       27
  MONTH TO DATE  137                       136      1      178
  SINCE MAR 1   1276                      1047    229     1173
  SINCE JUL 1   6097                      5412    685     5267

 COOLING
  TODAY            0                         0      0        0
  MONTH TO DATE    0                         0      0        0
  SINCE MAR 1      0                         1     -1        0
  SINCE JAN 1      0                         1     -1        0
..................................................................


WIND (MPH)
  HIGHEST WIND SPEED     9   HIGHEST WIND DIRECTION    NE (30)
  HIGHEST GUST SPEED    12   HIGHEST GUST DIRECTION    NE (30)


SKY COVER
  POSSIBLE SUNSHINE  MM
  AVERAGE SKY COVER 0.0


WEATHER CONDITIONS
 THE FOLLOWING WEATHER WAS RECORDED TODAY.
  NO SIGNIFICANT WEATHER WAS OBSERVED.


RELATIVE HUMIDITY (PERCENT)
 HIGHEST    75           600 AM
 LOWEST     37          1000 AM
 AVERAGE    56

..........................................................


THE ERIE PA CLIMATE NORMALS FOR TOMORROW
                         NORMAL    RECORD    YEAR
 MAXIMUM TEMPERATURE (F)   53        81      1929
                                             1921
 MINIMUM TEMPERATURE (F)   35        16      1982


SUNRISE AND SUNSET
APRIL  6 2014.........SUNRISE   655 AM EDT   SUNSET   752 PM EDT
APRIL  7 2014.........SUNRISE   653 AM EDT   SUNSET   753 PM EDT


-  INDICATES NEGATIVE NUMBERS.
R  INDICATES RECORD WAS SET OR TIED.
MM INDICATES DATA IS MISSING.
T  INDICATES TRACE AMOUNT.




$$
