445
CDUS41 KCLE 200536
CLIERI


CLIMATE REPORT
NATIONAL WEATHER SERVICE CLEVELAND OH
125 AM EDT THU APR 20 2017


...................................

...THE ERIE PA CLIMATE SUMMARY FOR APRIL 19 2017...

CLIMATE NORMAL PERIOD 1981 TO 2010
CLIMATE RECORD PERIOD 1873 TO 2017


WEATHER ITEM   OBSERVED TIME   RECORD YEAR NORMAL DEPARTURE LAST
                VALUE   (LST)  VALUE       VALUE  FROM      YEAR
                                                  NORMAL
..................................................................
TEMPERATURE (F)
 YESTERDAY
  MAXIMUM         72    446 PM  84    2008  58     14       61
  MINIMUM         52   1159 PM  23    1904  39     13       40
                                      1897
                                      1875
  AVERAGE         62                        48     14       51

PRECIPITATION (IN)
  YESTERDAY        0.45                      0.11   0.34     0.00
  MONTH TO DATE    1.93                      2.19  -0.26     1.21
  SINCE MAR 1      6.02                      5.14   0.88     4.37
  SINCE JAN 1     13.44                     10.48   2.96    10.58

SNOWFALL (IN)
  YESTERDAY        0.0                       0.1   -0.1      0.0
  MONTH TO DATE    0.5                       3.0   -2.5      2.9
  SINCE MAR 1     10.3                      16.7   -6.4      4.0
  SINCE JUL 1     78.6                     100.7  -22.1     71.2
  SNOW DEPTH       0

DEGREE DAYS
 HEATING
  YESTERDAY        3                        17    -14       14
  MONTH TO DATE  260                       381   -121      440
  SINCE MAR 1   1156                      1292   -136     1116
  SINCE JUL 1   4660                      5657   -997     4714

 COOLING
  YESTERDAY        0                         0      0        0
  MONTH TO DATE    4                         0      4        0
  SINCE MAR 1      4                         1      3        0
  SINCE JAN 1      4                         1      3        0
..................................................................


WIND (MPH)
  HIGHEST WIND SPEED    26   HIGHEST WIND DIRECTION     S (180)
  HIGHEST GUST SPEED    34   HIGHEST GUST DIRECTION     S (170)
  AVERAGE WIND SPEED    12.2


SKY COVER
  POSSIBLE SUNSHINE  MM
  AVERAGE SKY COVER 0.9


WEATHER CONDITIONS
 THE FOLLOWING WEATHER WAS RECORDED YESTERDAY.
  THUNDERSTORM
  HEAVY RAIN
  RAIN
  LIGHT RAIN
  FOG
  FOG W/VISIBILITY <= 1/4 MILE


RELATIVE HUMIDITY (PERCENT)
 HIGHEST   100           700 PM
 LOWEST     39           100 AM
 AVERAGE    70

..........................................................


THE ERIE PA CLIMATE NORMALS FOR TODAY
                         NORMAL    RECORD    YEAR
 MAXIMUM TEMPERATURE (F)   58        82      1992
                                             1941
 MINIMUM TEMPERATURE (F)   40        23      1904


SUNRISE AND SUNSET
APRIL 20 2017.........SUNRISE   632 AM EDT   SUNSET   808 PM EDT
APRIL 21 2017.........SUNRISE   630 AM EDT   SUNSET   809 PM EDT


-  INDICATES NEGATIVE NUMBERS.
R  INDICATES RECORD WAS SET OR TIED.
MM INDICATES DATA IS MISSING.
T  INDICATES TRACE AMOUNT.




$$
