000
CDUS41 KCLE 030529
CLIERI


CLIMATE REPORT
NATIONAL WEATHER SERVICE CLEVELAND OH
127 AM EDT MON AUG 3 2015


...................................

...THE ERIE PA CLIMATE SUMMARY FOR AUGUST 2 2015...

CLIMATE NORMAL PERIOD 1981 TO 2010
CLIMATE RECORD PERIOD 1873 TO 2015


WEATHER ITEM   OBSERVED TIME   RECORD YEAR NORMAL DEPARTURE LAST
                VALUE   (LST)  VALUE       VALUE  FROM      YEAR
                                                  NORMAL
..................................................................
TEMPERATURE (F)
 YESTERDAY
  MAXIMUM         89    244 PM  93    2006  80      9       79
  MINIMUM         64    547 AM  51    1976  64      0       64
                                      1962
  AVERAGE         77                        72      5       72

PRECIPITATION (IN)
  YESTERDAY        T                         0.12  -0.12     0.86
  MONTH TO DATE    T                         0.24  -0.24     0.95
  SINCE JUN 1      8.07                      7.54   0.53     9.19
  SINCE JAN 1     22.26                     22.60  -0.34    25.34

SNOWFALL (IN)
  YESTERDAY        0.0                       0.0    0.0      0.0
  MONTH TO DATE    0.0                       0.0    0.0      0.0
  SINCE JUN 1      0.0                       0.0    0.0      0.0
  SINCE JUL 1      0.0                       0.0    0.0      0.0
  SNOW DEPTH       0

DEGREE DAYS
 HEATING
  YESTERDAY        0                         0      0        0
  MONTH TO DATE    0                         0      0        0
  SINCE JUN 1     49                        68    -19       35
  SINCE JUL 1     12                         7      5        5

 COOLING
  YESTERDAY       12                         7      5        7
  MONTH TO DATE   19                        14      5       15
  SINCE JUN 1    318                       350    -32      325
  SINCE JAN 1    430                       389     41      364
..................................................................


WIND (MPH)
  HIGHEST WIND SPEED    29   HIGHEST WIND DIRECTION     S (200)
  HIGHEST GUST SPEED    40   HIGHEST GUST DIRECTION     S (200)
  AVERAGE WIND SPEED    11.0


SKY COVER
  POSSIBLE SUNSHINE  MM
  AVERAGE SKY COVER 0.0


WEATHER CONDITIONS
 THE FOLLOWING WEATHER WAS RECORDED YESTERDAY.
  LIGHT RAIN


RELATIVE HUMIDITY (PERCENT)
 HIGHEST    73           400 AM
 LOWEST     34          1200 PM
 AVERAGE    54

..........................................................


THE ERIE PA CLIMATE NORMALS FOR TODAY
                         NORMAL    RECORD    YEAR
 MAXIMUM TEMPERATURE (F)   80        93      1944
 MINIMUM TEMPERATURE (F)   64        49      1976
                                             1956


SUNRISE AND SUNSET
AUGUST  3 2015........SUNRISE   616 AM EDT   SUNSET   837 PM EDT
AUGUST  4 2015........SUNRISE   617 AM EDT   SUNSET   836 PM EDT


-  INDICATES NEGATIVE NUMBERS.
R  INDICATES RECORD WAS SET OR TIED.
MM INDICATES DATA IS MISSING.
T  INDICATES TRACE AMOUNT.




$$
