000
CDUS41 KCLE 130533
CLIERI


CLIMATE REPORT
NATIONAL WEATHER SERVICE CLEVELAND OH
1231 AM EST WED DEC 13 2017


...................................

...THE ERIE PA CLIMATE SUMMARY FOR DECEMBER 12 2017...

CLIMATE NORMAL PERIOD 1981 TO 2010
CLIMATE RECORD PERIOD 1873 TO 2017


WEATHER ITEM   OBSERVED TIME   RECORD YEAR NORMAL DEPARTURE LAST
                VALUE   (LST)  VALUE       VALUE  FROM      YEAR
                                                  NORMAL
..................................................................
TEMPERATURE (F)
 YESTERDAY
  MAXIMUM         33    627 AM  66    2015  39     -6       38
  MINIMUM         17    733 PM   4    2005  28    -11       32
                                      1917
  AVERAGE         25                        33     -8       35

PRECIPITATION (IN)
  YESTERDAY        0.52                      0.12   0.40     0.11
  MONTH TO DATE    1.57                      1.50   0.07     2.19
  SINCE DEC 1      1.57                      1.50   0.07     2.19
  SINCE JAN 1     47.54                     39.92   7.62    43.97

SNOWFALL (IN)
  YESTERDAY        6.8                       0.9    5.9      0.1
  MONTH TO DATE   17.5                       8.7    8.8     12.4
  SINCE DEC 1     17.5                       8.7    8.8     12.4
  SINCE JUL 1     18.0                      17.4    0.6     14.8
  SNOW DEPTH       4

DEGREE DAYS
 HEATING
  YESTERDAY       40                        32      8       30
  MONTH TO DATE  371                       357     14      353
  SINCE DEC 1    371                       357     14      353
  SINCE JUL 1   1368                      1513   -145     1133

 COOLING
  YESTERDAY        0                         0      0        0
  MONTH TO DATE    0                         0      0        0
  SINCE DEC 1      0                         0      0        0
  SINCE JAN 1    697                       638     59     1017
..................................................................


WIND (MPH)
  HIGHEST WIND SPEED    25   HIGHEST WIND DIRECTION     W (280)
  HIGHEST GUST SPEED    38   HIGHEST GUST DIRECTION     W (270)
  AVERAGE WIND SPEED    14.7


SKY COVER
  POSSIBLE SUNSHINE  MM
  AVERAGE SKY COVER 0.9


WEATHER CONDITIONS
 THE FOLLOWING WEATHER WAS RECORDED YESTERDAY.
  HEAVY SNOW
  SNOW
  LIGHT SNOW
  FOG
  FOG W/VISIBILITY <= 1/4 MILE
  HAZE


RELATIVE HUMIDITY (PERCENT)
 HIGHEST   100           500 AM
 LOWEST     56          1000 PM
 AVERAGE    78

..........................................................


THE ERIE PA CLIMATE NORMALS FOR TODAY
                         NORMAL    RECORD    YEAR
 MAXIMUM TEMPERATURE (F)   39        66      2015
 MINIMUM TEMPERATURE (F)   27        -1      1962


SUNRISE AND SUNSET
DECEMBER 13 2017......SUNRISE   741 AM EST   SUNSET   449 PM EST
DECEMBER 14 2017......SUNRISE   741 AM EST   SUNSET   450 PM EST


-  INDICATES NEGATIVE NUMBERS.
R  INDICATES RECORD WAS SET OR TIED.
MM INDICATES DATA IS MISSING.
T  INDICATES TRACE AMOUNT.




$$
