000
CDUS41 KCLE 110527
CLIERI


CLIMATE REPORT
NATIONAL WEATHER SERVICE CLEVELAND OH
126 AM EDT FRI JUL 11 2014


...................................

...THE ERIE PA CLIMATE SUMMARY FOR JULY 10 2014...

CLIMATE NORMAL PERIOD 1981 TO 2010
CLIMATE RECORD PERIOD 1873 TO 2014


WEATHER ITEM   OBSERVED TIME   RECORD YEAR NORMAL DEPARTURE LAST
                VALUE   (LST)  VALUE       VALUE  FROM      YEAR
                                                  NORMAL
..................................................................
TEMPERATURE (F)
 YESTERDAY
  MAXIMUM         74    424 PM  98    1936  80     -6       88
  MINIMUM         57    526 AM  50    1997  63     -6       70
                                      1962
                                      1895
  AVERAGE         66                        72     -6       79

PRECIPITATION (IN)
  YESTERDAY        0.00                      0.11  -0.11     0.29
  MONTH TO DATE    1.97                      1.08   0.89     2.26
  SINCE JUN 1      6.96                      4.84   2.12     9.54
  SINCE JAN 1     23.11                     19.90   3.21    26.77

SNOWFALL (IN)
  YESTERDAY        0.0                       0.0    0.0      0.0
  MONTH TO DATE    0.0                       0.0    0.0      0.0
  SINCE JUN 1      0.0                       0.0    0.0      0.0
  SINCE JUL 1      0.0                       0.0    0.0      0.0
  SNOW DEPTH       0

DEGREE DAYS
 HEATING
  YESTERDAY        0                         0      0        0
  MONTH TO DATE    1                         2     -1        0
  SINCE JUN 1     31                        63    -32       68
  SINCE JUL 1      1                         2     -1        0

 COOLING
  YESTERDAY        1                         7     -6       14
  MONTH TO DATE   55                        68    -13       94
  SINCE JUN 1    220                       191     29      212
  SINCE JAN 1    259                       230     29      297
..................................................................


WIND (MPH)
  HIGHEST WIND SPEED    17   HIGHEST WIND DIRECTION     N (20)
  HIGHEST GUST SPEED    21   HIGHEST GUST DIRECTION     N (20)
  AVERAGE WIND SPEED     5.8


SKY COVER
  POSSIBLE SUNSHINE  MM
  AVERAGE SKY COVER 0.2


WEATHER CONDITIONS
 THE FOLLOWING WEATHER WAS RECORDED YESTERDAY.
  NO SIGNIFICANT WEATHER WAS OBSERVED.


RELATIVE HUMIDITY (PERCENT)
 HIGHEST    86           200 AM
 LOWEST     46           500 PM
 AVERAGE    66

..........................................................


THE ERIE PA CLIMATE NORMALS FOR TODAY
                         NORMAL    RECORD    YEAR
 MAXIMUM TEMPERATURE (F)   80        95      1946
                                             1936
 MINIMUM TEMPERATURE (F)   64        51      1978
                                             1974
                                             1954


SUNRISE AND SUNSET
JULY 11 2014..........SUNRISE   555 AM EDT   SUNSET   857 PM EDT
JULY 12 2014..........SUNRISE   556 AM EDT   SUNSET   857 PM EDT


-  INDICATES NEGATIVE NUMBERS.
R  INDICATES RECORD WAS SET OR TIED.
MM INDICATES DATA IS MISSING.
T  INDICATES TRACE AMOUNT.




$$
