051
CDUS41 KCLE 300526
CLIERI


CLIMATE REPORT
NATIONAL WEATHER SERVICE CLEVELAND OH
125 AM EDT FRI SEP 30 2016


...................................

...THE ERIE PA CLIMATE SUMMARY FOR SEPTEMBER 29 2016...

CLIMATE NORMAL PERIOD 1981 TO 2010
CLIMATE RECORD PERIOD 1873 TO 2016


WEATHER ITEM   OBSERVED TIME   RECORD YEAR NORMAL DEPARTURE LAST
                VALUE   (LST)  VALUE       VALUE  FROM      YEAR
                                                  NORMAL
..................................................................
TEMPERATURE (F)
 YESTERDAY
  MAXIMUM         66    433 AM  89    1954  67     -1       73
  MINIMUM         61   1159 PM  35    1969  51     10       60
  AVERAGE         64                        59      5       67

PRECIPITATION (IN)
  YESTERDAY        0.68                      0.17   0.51     0.43
  MONTH TO DATE    5.52                      4.45   1.07     5.07
  SINCE SEP 1      5.52                      4.45   1.07     5.07
  SINCE JAN 1     32.58                     30.28   2.30    28.78

SNOWFALL (IN)
  YESTERDAY        0.0                       0.0    0.0      0.0
  MONTH TO DATE    0.0                       0.0    0.0      0.0
  SINCE SEP 1      0.0                       0.0    0.0      0.0
  SINCE JUL 1      0.0                       0.0    0.0      0.0
  SNOW DEPTH       0

DEGREE DAYS
 HEATING
  YESTERDAY        1                         7     -6        0
  MONTH TO DATE   22                        97    -75       26
  SINCE SEP 1     22                        97    -75       26
  SINCE JUL 1     22                       115    -93       44

 COOLING
  YESTERDAY        0                         1     -1        2
  MONTH TO DATE  136                        69     67      162
  SINCE SEP 1    136                        69     67      162
  SINCE JAN 1    985                       627    358      768
..................................................................


WIND (MPH)
  HIGHEST WIND SPEED    16   HIGHEST WIND DIRECTION    NE (60)
  HIGHEST GUST SPEED    19   HIGHEST GUST DIRECTION     E (70)
  AVERAGE WIND SPEED     8.6


SKY COVER
  POSSIBLE SUNSHINE  MM
  AVERAGE SKY COVER 0.9


WEATHER CONDITIONS
 THE FOLLOWING WEATHER WAS RECORDED YESTERDAY.
  HEAVY RAIN
  RAIN
  LIGHT RAIN
  FOG


RELATIVE HUMIDITY (PERCENT)
 HIGHEST    90          1000 PM
 LOWEST     67          1200 AM
 AVERAGE    79

..........................................................


THE ERIE PA CLIMATE NORMALS FOR TODAY
                         NORMAL    RECORD    YEAR
 MAXIMUM TEMPERATURE (F)   66        86      1881
 MINIMUM TEMPERATURE (F)   51        37      1899
                                             1895
                                             1888


SUNRISE AND SUNSET
SEPTEMBER 30 2016.....SUNRISE   717 AM EDT   SUNSET   703 PM EDT
OCTOBER  1 2016.......SUNRISE   718 AM EDT   SUNSET   701 PM EDT


-  INDICATES NEGATIVE NUMBERS.
R  INDICATES RECORD WAS SET OR TIED.
MM INDICATES DATA IS MISSING.
T  INDICATES TRACE AMOUNT.




$$
