000
CDUS41 KCLE 190545
CLIERI


CLIMATE REPORT
NATIONAL WEATHER SERVICE CLEVELAND OH
145 AM EDT WED AUG 19 2015


...................................

...THE ERIE PA CLIMATE SUMMARY FOR AUGUST 18 2015...

CLIMATE NORMAL PERIOD 1981 TO 2010
CLIMATE RECORD PERIOD 1873 TO 2015


WEATHER ITEM   OBSERVED TIME   RECORD YEAR NORMAL DEPARTURE LAST
                VALUE   (LST)  VALUE       VALUE  FROM      YEAR
                                                  NORMAL
..................................................................
TEMPERATURE (F)
 YESTERDAY
  MAXIMUM         83    452 PM  92    1940  79      4       74
  MINIMUM         71   1159 PM  46    1954  63      8       56
  AVERAGE         77                        71      6       65

PRECIPITATION (IN)
  YESTERDAY        0.11                      0.11   0.00     0.00
  MONTH TO DATE    0.65                      2.05  -1.40     1.98
  SINCE JUN 1      8.72                      9.35  -0.63    10.22
  SINCE JAN 1     22.91                     24.41  -1.50    26.37

SNOWFALL (IN)
  YESTERDAY        0.0                       0.0    0.0      0.0
  MONTH TO DATE    0.0                       0.0    0.0      0.0
  SINCE JUN 1      0.0                       0.0    0.0      0.0
  SINCE JUL 1      0.0                       0.0    0.0      0.0
  SNOW DEPTH       0

DEGREE DAYS
 HEATING
  YESTERDAY        0                         0      0        0
  MONTH TO DATE    0                         0      0       11
  SINCE JUN 1     49                        68    -19       46
  SINCE JUL 1     12                         7      5       16

 COOLING
  YESTERDAY       12                         6      6        0
  MONTH TO DATE  133                       116     17       71
  SINCE JUN 1    432                       452    -20      381
  SINCE JAN 1    544                       491     53      420
..................................................................


WIND (MPH)
  HIGHEST WIND SPEED    10   HIGHEST WIND DIRECTION    SE (140)
  HIGHEST GUST SPEED    13   HIGHEST GUST DIRECTION    SE (150)
  AVERAGE WIND SPEED     4.6


SKY COVER
  POSSIBLE SUNSHINE  MM
  AVERAGE SKY COVER 0.4


WEATHER CONDITIONS
 THE FOLLOWING WEATHER WAS RECORDED YESTERDAY.
  THUNDERSTORM
  LIGHT RAIN
  FOG
  HAZE


RELATIVE HUMIDITY (PERCENT)
 HIGHEST    84           400 AM
 LOWEST     55           500 PM
 AVERAGE    70

..........................................................


THE ERIE PA CLIMATE NORMALS FOR TODAY
                         NORMAL    RECORD    YEAR
 MAXIMUM TEMPERATURE (F)   79        93      1936
 MINIMUM TEMPERATURE (F)   62        48      1958


SUNRISE AND SUNSET
AUGUST 19 2015........SUNRISE   632 AM EDT   SUNSET   816 PM EDT
AUGUST 20 2015........SUNRISE   633 AM EDT   SUNSET   814 PM EDT


-  INDICATES NEGATIVE NUMBERS.
R  INDICATES RECORD WAS SET OR TIED.
MM INDICATES DATA IS MISSING.
T  INDICATES TRACE AMOUNT.




$$
