000
CDUS41 KCLE 082121
CLIERI


CLIMATE REPORT
NATIONAL WEATHER SERVICE CLEVELAND OH
520 PM EDT MON MAY 8 2017


...................................

...THE ERIE PA CLIMATE SUMMARY FOR MAY 8 2017...
VALID TODAY AS OF 0500 PM LOCAL TIME.

CLIMATE NORMAL PERIOD 1981 TO 2010
CLIMATE RECORD PERIOD 1873 TO 2017


WEATHER ITEM   OBSERVED TIME   RECORD YEAR NORMAL DEPARTURE LAST
                VALUE   (LST)  VALUE       VALUE  FROM      YEAR
                                                  NORMAL
..................................................................
TEMPERATURE (F)
 TODAY
  MAXIMUM         49    325 PM  89    1875  64    -15       58
  MINIMUM         39    435 AM  29    1976  46     -7       43
  AVERAGE         44                        55    -11       51

PRECIPITATION (IN)
  TODAY            0.00                      0.11  -0.11     0.00
  MONTH TO DATE    3.01                      0.85   2.16     0.81
  SINCE MAR 1     10.48                      7.13   3.35     5.80
  SINCE JAN 1     17.90                     12.47   5.43    12.01

SNOWFALL (IN)
  TODAY            0.0                       0.0    0.0      0.0
  MONTH TO DATE    0.0                       0.0    0.0      0.0
  SINCE MAR 1     10.3                      16.9   -6.6      4.0
  SINCE JUL 1     78.6                     100.9  -22.3     71.2
  SNOW DEPTH       0

DEGREE DAYS
 HEATING
  TODAY           21                        11     10       14
  MONTH TO DATE  135                        95     40      110
  SINCE MAR 1   1411                      1549   -138     1413
  SINCE JUL 1   4915                      5914   -999     5011

 COOLING
  TODAY            0                         1     -1        0
  MONTH TO DATE    0                         3     -3        0
  SINCE MAR 1      9                        10     -1        0
  SINCE JAN 1      9                        10     -1        0
..................................................................


WIND (MPH)
  HIGHEST WIND SPEED    21   HIGHEST WIND DIRECTION     W (280)
  HIGHEST GUST SPEED    27   HIGHEST GUST DIRECTION     W (270)


SKY COVER
  POSSIBLE SUNSHINE  MM
  AVERAGE SKY COVER 0.2


WEATHER CONDITIONS
 THE FOLLOWING WEATHER WAS RECORDED TODAY.
  NO SIGNIFICANT WEATHER WAS OBSERVED.


RELATIVE HUMIDITY (PERCENT)
 HIGHEST    70           500 AM
 LOWEST     51           100 AM
 AVERAGE    61

..........................................................


THE ERIE PA CLIMATE NORMALS FOR TOMORROW
                         NORMAL    RECORD    YEAR
 MAXIMUM TEMPERATURE (F)   65        87      2015
 MINIMUM TEMPERATURE (F)   46        32      1947
                                             1923


SUNRISE AND SUNSET
MAY  8 2017...........SUNRISE   607 AM EDT   SUNSET   828 PM EDT
MAY  9 2017...........SUNRISE   606 AM EDT   SUNSET   829 PM EDT


-  INDICATES NEGATIVE NUMBERS.
R  INDICATES RECORD WAS SET OR TIED.
MM INDICATES DATA IS MISSING.
T  INDICATES TRACE AMOUNT.




$$
