000
CDUS41 KCLE 162212
CLIERI


CLIMATE REPORT
NATIONAL WEATHER SERVICE CLEVELAND OH
511 PM EST FRI JAN 16 2015


...................................

...THE ERIE PA CLIMATE SUMMARY FOR JANUARY 16 2015...
VALID TODAY AS OF 0500 PM LOCAL TIME.

CLIMATE NORMAL PERIOD 1981 TO 2010
CLIMATE RECORD PERIOD 1873 TO 2015


WEATHER ITEM   OBSERVED TIME   RECORD YEAR NORMAL DEPARTURE LAST
                VALUE   (LST)  VALUE       VALUE  FROM      YEAR
                                                  NORMAL
..................................................................
TEMPERATURE (F)
 TODAY
  MAXIMUM         32    221 AM  60    1953  34     -2       31
  MINIMUM         22    359 PM  -8    1982  21      1       23
  AVERAGE         27                        27      0       27

PRECIPITATION (IN)
  TODAY            0.01                      0.09  -0.08     0.01
  MONTH TO DATE    2.76                      1.64   1.12     2.04
  SINCE DEC 1      5.21                      5.38  -0.17     8.00
  SINCE JAN 1      2.76                      1.64   1.12     2.04

SNOWFALL (IN)
  TODAY            0.2                       1.0   -0.8      0.2
  MONTH TO DATE   27.9                      16.3   11.6     17.8
  SINCE DEC 1     33.4                      43.8  -10.4     65.8
  SINCE JUL 1     58.4                      52.5    5.9     81.4
  SNOW DEPTH       6

DEGREE DAYS
 HEATING
  TODAY           38                        38      0       38
  MONTH TO DATE  701                       600    101      623
  SINCE DEC 1   1594                      1612    -18     1666
  SINCE JUL 1   2808                      2768     40     2865

 COOLING
  TODAY            0                         0      0        0
  MONTH TO DATE    0                         0      0        0
  SINCE DEC 1      0                         0      0        0
  SINCE JAN 1      0                         0      0        0
..................................................................


WIND (MPH)
  HIGHEST WIND SPEED    24   HIGHEST WIND DIRECTION     W (250)
  HIGHEST GUST SPEED    35   HIGHEST GUST DIRECTION     W (250)


SKY COVER
  POSSIBLE SUNSHINE  MM
  AVERAGE SKY COVER 0.9


WEATHER CONDITIONS
 THE FOLLOWING WEATHER WAS RECORDED TODAY.
  LIGHT SNOW
  FOG
  HAZE


RELATIVE HUMIDITY (PERCENT)
 HIGHEST    78           400 AM
 LOWEST     57          1100 AM
 AVERAGE    68

..........................................................


THE ERIE PA CLIMATE NORMALS FOR TOMORROW
                         NORMAL    RECORD    YEAR
 MAXIMUM TEMPERATURE (F)   34        58      1952
                                             1913
 MINIMUM TEMPERATURE (F)   21       -15      1982


SUNRISE AND SUNSET
JANUARY 16 2015.......SUNRISE   746 AM EST   SUNSET   515 PM EST
JANUARY 17 2015.......SUNRISE   746 AM EST   SUNSET   516 PM EST


-  INDICATES NEGATIVE NUMBERS.
R  INDICATES RECORD WAS SET OR TIED.
MM INDICATES DATA IS MISSING.
T  INDICATES TRACE AMOUNT.




$$
