000
CDUS41 KCLE 200545
CLIERI


CLIMATE REPORT
NATIONAL WEATHER SERVICE CLEVELAND OH
145 AM EDT SAT AUG 20 2016


...................................

...THE ERIE PA CLIMATE SUMMARY FOR AUGUST 19 2016...

CLIMATE NORMAL PERIOD 1981 TO 2010
CLIMATE RECORD PERIOD 1873 TO 2016


WEATHER ITEM   OBSERVED TIME   RECORD YEAR NORMAL DEPARTURE LAST
                VALUE   (LST)  VALUE       VALUE  FROM      YEAR
                                                  NORMAL
..................................................................
TEMPERATURE (F)
 YESTERDAY
  MAXIMUM         87    138 PM  93    1936  79      8       92
  MINIMUM         63    556 AM  48    1958  62      1       69
  AVERAGE         75                        70      5       81

PRECIPITATION (IN)
  YESTERDAY        T                         0.11  -0.11     0.00
  MONTH TO DATE    5.42                      2.16   3.26     0.65
  SINCE JUN 1     11.59                      9.46   2.13     8.72
  SINCE JAN 1     24.36                     24.52  -0.16    22.91

SNOWFALL (IN)
  YESTERDAY        0.0                       0.0    0.0      0.0
  MONTH TO DATE    0.0                       0.0    0.0      0.0
  SINCE JUN 1      0.0                       0.0    0.0      0.0
  SINCE JUL 1      0.0                       0.0    0.0      0.0
  SNOW DEPTH       0

DEGREE DAYS
 HEATING
  YESTERDAY        0                         0      0        0
  MONTH TO DATE    0                         0      0        0
  SINCE JUN 1     40                        68    -28       49
  SINCE JUL 1      0                         7     -7       12

 COOLING
  YESTERDAY       10                         6      4       16
  MONTH TO DATE  226                       122    104      149
  SINCE JUN 1    664                       458    206      448
  SINCE JAN 1    739                       497    242      560
..................................................................


WIND (MPH)
  HIGHEST WIND SPEED    10   HIGHEST WIND DIRECTION     S (180)
  HIGHEST GUST SPEED    17   HIGHEST GUST DIRECTION     W (280)
  AVERAGE WIND SPEED     6.5


SKY COVER
  POSSIBLE SUNSHINE  MM
  AVERAGE SKY COVER 0.2


WEATHER CONDITIONS
 THE FOLLOWING WEATHER WAS RECORDED YESTERDAY.
  THUNDERSTORM
  LIGHT RAIN
  HAZE


RELATIVE HUMIDITY (PERCENT)
 HIGHEST    93          1200 AM
 LOWEST     55          1100 AM
 AVERAGE    74

..........................................................


THE ERIE PA CLIMATE NORMALS FOR TODAY
                         NORMAL    RECORD    YEAR
 MAXIMUM TEMPERATURE (F)   79        91      1959
 MINIMUM TEMPERATURE (F)   62        46      1977


SUNRISE AND SUNSET
AUGUST 20 2016........SUNRISE   634 AM EDT   SUNSET   813 PM EDT
AUGUST 21 2016........SUNRISE   635 AM EDT   SUNSET   811 PM EDT


-  INDICATES NEGATIVE NUMBERS.
R  INDICATES RECORD WAS SET OR TIED.
MM INDICATES DATA IS MISSING.
T  INDICATES TRACE AMOUNT.




$$
