000
CDUS41 KCLE 161301
CLIERI


CLIMATE REPORT
NATIONAL WEATHER SERVICE CLEVELAND OH
901 AM EDT THU OCT 16 2014


...................................

...THE ERIE PA CLIMATE SUMMARY FOR OCTOBER 15 2014...

CLIMATE NORMAL PERIOD 1981 TO 2010
CLIMATE RECORD PERIOD 1873 TO 2014


WEATHER ITEM   OBSERVED TIME   RECORD YEAR NORMAL DEPARTURE LAST
                VALUE   (LST)  VALUE       VALUE  FROM      YEAR
                                                  NORMAL
..................................................................
TEMPERATURE (F)
 YESTERDAY
  MAXIMUM         65    228 PM  82    1962  61      4       69
                                      1920
  MINIMUM         50   1140 PM  28    1876  45      5       46
  AVERAGE         58                        53      5       58

PRECIPITATION (IN)
  YESTERDAY        0.30                      0.12   0.18     0.00
  MONTH TO DATE    2.95                      2.11   0.84     2.42
  SINCE SEP 1      5.74                      6.72  -0.98     6.40
  SINCE JAN 1     33.45                     32.55   0.90    40.27

SNOWFALL (IN)
  YESTERDAY        0.0                       0.0    0.0      0.0
  MONTH TO DATE    0.0                       0.0    0.0      0.0
  SINCE SEP 1      0.0                       0.0    0.0      0.0
  SINCE JUL 1      0.0                       0.0    0.0      0.0
  SNOW DEPTH       0

DEGREE DAYS
 HEATING
  YESTERDAY        7                        12     -5        7
  MONTH TO DATE  126                       149    -23       65
  SINCE SEP 1    225                       255    -30      185
  SINCE JUL 1    243                       273    -30      197

 COOLING
  YESTERDAY        0                         0      0        0
  MONTH TO DATE    7                         7      0       20
  SINCE SEP 1     87                        78      9       85
  SINCE JAN 1    603                       636    -33      706
..................................................................


WIND (MPH)
  HIGHEST WIND SPEED    16   HIGHEST WIND DIRECTION     W (260)
  HIGHEST GUST SPEED    21   HIGHEST GUST DIRECTION     W (270)
  AVERAGE WIND SPEED     5.6


SKY COVER
  POSSIBLE SUNSHINE  MM
  AVERAGE SKY COVER 0.6


WEATHER CONDITIONS
 THE FOLLOWING WEATHER WAS RECORDED YESTERDAY.
  RAIN
  LIGHT RAIN
  FOG


RELATIVE HUMIDITY (PERCENT)
 HIGHEST    93           200 AM
 LOWEST     67           200 PM
 AVERAGE    80

..........................................................


THE ERIE PA CLIMATE NORMALS FOR TODAY
                         NORMAL    RECORD    YEAR
 MAXIMUM TEMPERATURE (F)   61        82      1962
 MINIMUM TEMPERATURE (F)   45        33      2009


SUNRISE AND SUNSET
OCTOBER 16 2014.......SUNRISE   734 AM EDT   SUNSET   637 PM EDT
OCTOBER 17 2014.......SUNRISE   736 AM EDT   SUNSET   636 PM EDT


-  INDICATES NEGATIVE NUMBERS.
R  INDICATES RECORD WAS SET OR TIED.
MM INDICATES DATA IS MISSING.
T  INDICATES TRACE AMOUNT.




$$
