000
CDUS41 KCLE 110529
CLIERI


CLIMATE REPORT
NATIONAL WEATHER SERVICE CLEVELAND OH
1228 AM EST SAT FEB 11 2017


...................................

...THE ERIE PA CLIMATE SUMMARY FOR FEBRUARY 10 2017...

CLIMATE NORMAL PERIOD 1981 TO 2010
CLIMATE RECORD PERIOD 1873 TO 2017


WEATHER ITEM   OBSERVED TIME   RECORD YEAR NORMAL DEPARTURE LAST
                VALUE   (LST)  VALUE       VALUE  FROM      YEAR
                                                  NORMAL
..................................................................
TEMPERATURE (F)
 YESTERDAY
  MAXIMUM         35   1159 PM  62    1965  35      0       28
                                      1932
  MINIMUM         20    949 AM -12    1899  21     -1       18
  AVERAGE         28                        28      0       23

PRECIPITATION (IN)
  YESTERDAY        0.03                      0.09  -0.06     0.37
  MONTH TO DATE    1.06                      0.83   0.23     1.39
  SINCE DEC 1      9.82                      7.52   2.30     7.66
  SINCE JAN 1      5.94                      3.78   2.16     3.77

SNOWFALL (IN)
  YESTERDAY        0.6                       0.6    0.0      6.1
  MONTH TO DATE    6.4                       7.1   -0.7      8.4
  SINCE DEC 1     62.0                      64.2   -2.2     51.7
  SINCE JUL 1     64.4                      72.9   -8.5     52.2
  SNOW DEPTH       1

DEGREE DAYS
 HEATING
  YESTERDAY       37                        37      0       42
  MONTH TO DATE  342                       379    -37      284
  SINCE DEC 1   2313                      2561   -248     2047
  SINCE JUL 1   3093                      3717   -624     2938

 COOLING
  YESTERDAY        0                         0      0        0
  MONTH TO DATE    0                         0      0        0
  SINCE DEC 1      0                         0      0        0
  SINCE JAN 1      0                         0      0        0
..................................................................


WIND (MPH)
  HIGHEST WIND SPEED    30   HIGHEST WIND DIRECTION     S (160)
  HIGHEST GUST SPEED    38   HIGHEST GUST DIRECTION     S (170)
  AVERAGE WIND SPEED    16.2


SKY COVER
  POSSIBLE SUNSHINE  MM
  AVERAGE SKY COVER 0.8


WEATHER CONDITIONS
 THE FOLLOWING WEATHER WAS RECORDED YESTERDAY.
  SNOW
  LIGHT SNOW
  HAZE


RELATIVE HUMIDITY (PERCENT)
 HIGHEST    77           300 PM
 LOWEST     46           800 PM
 AVERAGE    62

..........................................................


THE ERIE PA CLIMATE NORMALS FOR TODAY
                         NORMAL    RECORD    YEAR
 MAXIMUM TEMPERATURE (F)   35        72      1932
 MINIMUM TEMPERATURE (F)   21       -17      1979


SUNRISE AND SUNSET
FEBRUARY 11 2017......SUNRISE   722 AM EST   SUNSET   549 PM EST
FEBRUARY 12 2017......SUNRISE   720 AM EST   SUNSET   550 PM EST


-  INDICATES NEGATIVE NUMBERS.
R  INDICATES RECORD WAS SET OR TIED.
MM INDICATES DATA IS MISSING.
T  INDICATES TRACE AMOUNT.




$$
