000
CDUS41 KCLE 042113
CLIERI


CLIMATE REPORT
NATIONAL WEATHER SERVICE CLEVELAND OH
511 PM EDT THU MAY 4 2017


...................................

...THE ERIE PA CLIMATE SUMMARY FOR MAY 4 2017...
VALID TODAY AS OF 0500 PM LOCAL TIME.

CLIMATE NORMAL PERIOD 1981 TO 2010
CLIMATE RECORD PERIOD 1873 TO 2017


WEATHER ITEM   OBSERVED TIME   RECORD YEAR NORMAL DEPARTURE LAST
                VALUE   (LST)  VALUE       VALUE  FROM      YEAR
                                                  NORMAL
..................................................................
TEMPERATURE (F)
 TODAY
  MAXIMUM         52   1008 AM  84    1902  63    -11       62
  MINIMUM         40    151 AM  30    1926  44     -4       41
  AVERAGE         46                        54     -8       52

PRECIPITATION (IN)
  TODAY            0.30                      0.11   0.19     0.00
  MONTH TO DATE    1.54                      0.42   1.12     0.80
  SINCE MAR 1      9.01                      6.70   2.31     5.79
  SINCE JAN 1     16.43                     12.04   4.39    12.00

SNOWFALL (IN)
  TODAY            0.0                       0.0    0.0      0.0
  MONTH TO DATE    0.0                       0.0    0.0      0.0
  SINCE MAR 1     10.3                      16.9   -6.6      4.0
  SINCE JUL 1     78.6                     100.9  -22.3     71.2
  SNOW DEPTH       0

DEGREE DAYS
 HEATING
  TODAY           19                        12      7       13
  MONTH TO DATE   57                        50      7       64
  SINCE MAR 1   1333                      1504   -171     1367
  SINCE JUL 1   4837                      5869  -1032     4965

 COOLING
  TODAY            0                         0      0        0
  MONTH TO DATE    0                         0      0        0
  SINCE MAR 1      9                         7      2        0
  SINCE JAN 1      9                         7      2        0
..................................................................


WIND (MPH)
  HIGHEST WIND SPEED    15   HIGHEST WIND DIRECTION     E (110)
  HIGHEST GUST SPEED    23   HIGHEST GUST DIRECTION     E (110)


SKY COVER
  POSSIBLE SUNSHINE  MM
  AVERAGE SKY COVER 0.8


WEATHER CONDITIONS
 THE FOLLOWING WEATHER WAS RECORDED TODAY.
  LIGHT RAIN
  FOG


RELATIVE HUMIDITY (PERCENT)
 HIGHEST    86          1200 PM
 LOWEST     54           600 AM
 AVERAGE    70

..........................................................


THE ERIE PA CLIMATE NORMALS FOR TOMORROW
                         NORMAL    RECORD    YEAR
 MAXIMUM TEMPERATURE (F)   63        86      1950
                                             1938
 MINIMUM TEMPERATURE (F)   45        32      1987
                                             1891


SUNRISE AND SUNSET
MAY  4 2017...........SUNRISE   612 AM EDT   SUNSET   823 PM EDT
MAY  5 2017...........SUNRISE   611 AM EDT   SUNSET   824 PM EDT


-  INDICATES NEGATIVE NUMBERS.
R  INDICATES RECORD WAS SET OR TIED.
MM INDICATES DATA IS MISSING.
T  INDICATES TRACE AMOUNT.




$$
