000
CDUS41 KCLE 262130
CLIERI


CLIMATE REPORT
NATIONAL WEATHER SERVICE CLEVELAND OH
529 PM EDT TUE MAY 26 2015


...................................

...THE ERIE PA CLIMATE SUMMARY FOR MAY 26 2015...
VALID TODAY AS OF 0500 PM LOCAL TIME.

CLIMATE NORMAL PERIOD 1981 TO 2010
CLIMATE RECORD PERIOD 1873 TO 2015


WEATHER ITEM   OBSERVED TIME   RECORD YEAR NORMAL DEPARTURE LAST
                VALUE   (LST)  VALUE       VALUE  FROM      YEAR
                                                  NORMAL
..................................................................
TEMPERATURE (F)
 TODAY
  MAXIMUM         84    425 PM  90    1944  70     14       78
  MINIMUM         68    516 AM  34    1969  52     16       59
  AVERAGE         76                        61     15       69

PRECIPITATION (IN)
  TODAY            0.00                      0.11  -0.11     0.00
  MONTH TO DATE    1.60                      2.87  -1.27     3.19
  SINCE MAR 1      6.57                      9.15  -2.58    10.18
  SINCE JAN 1     12.33                     14.49  -2.16    16.09

SNOWFALL (IN)
  TODAY            0.0                       0.0    0.0      0.0
  MONTH TO DATE    0.0                       0.0    0.0      0.0
  SINCE MAR 1     10.9                      16.9   -6.0     18.8
  SINCE JUL 1    110.3                     100.9    9.4    138.4
  SNOW DEPTH       0

DEGREE DAYS
 HEATING
  TODAY            0                         6     -6        0
  MONTH TO DATE  154                       241    -87      222
  SINCE MAR 1   1730                      1695     35     1891
  SINCE JUL 1   6606                      6060    546     6712

 COOLING
  TODAY           11                         2      9        4
  MONTH TO DATE   82                        23     59       32
  SINCE MAR 1     82                        30     52       32
  SINCE JAN 1     82                        30     52       32
..................................................................


WIND (MPH)
  HIGHEST WIND SPEED    17   HIGHEST WIND DIRECTION     S (190)
  HIGHEST GUST SPEED    22   HIGHEST GUST DIRECTION     S (190)


SKY COVER
  POSSIBLE SUNSHINE  MM
  AVERAGE SKY COVER 0.4


WEATHER CONDITIONS
 THE FOLLOWING WEATHER WAS RECORDED TODAY.
  NO SIGNIFICANT WEATHER WAS OBSERVED.


RELATIVE HUMIDITY (PERCENT)
 HIGHEST    76           500 AM
 LOWEST     47           400 PM
 AVERAGE    62

..........................................................


THE ERIE PA CLIMATE NORMALS FOR TOMORROW
                         NORMAL    RECORD    YEAR
 MAXIMUM TEMPERATURE (F)   70        87      1955
 MINIMUM TEMPERATURE (F)   52        35      1969


SUNRISE AND SUNSET
MAY 26 2015...........SUNRISE   551 AM EDT   SUNSET   845 PM EDT
MAY 27 2015...........SUNRISE   550 AM EDT   SUNSET   846 PM EDT


-  INDICATES NEGATIVE NUMBERS.
R  INDICATES RECORD WAS SET OR TIED.
MM INDICATES DATA IS MISSING.
T  INDICATES TRACE AMOUNT.




$$
