000
CDUS41 KCLE 110536
CLIERI


CLIMATE REPORT
NATIONAL WEATHER SERVICE CLEVELAND OH
1235 AM EST SAT MAR 11 2017


...................................

...THE ERIE PA CLIMATE SUMMARY FOR MARCH 10 2017...

CLIMATE NORMAL PERIOD 1981 TO 2010
CLIMATE RECORD PERIOD 1873 TO 2017


WEATHER ITEM   OBSERVED TIME   RECORD YEAR NORMAL DEPARTURE LAST
                VALUE   (LST)  VALUE       VALUE  FROM      YEAR
                                                  NORMAL
..................................................................
TEMPERATURE (F)
 YESTERDAY
  MAXIMUM         34    442 AM  71    1878  41     -7       60
  MINIMUM         17   1012 PM   6    1995  25     -8       39
  AVERAGE         26                        33     -7       50

PRECIPITATION (IN)
  YESTERDAY        0.03                      0.08  -0.05     0.96
  MONTH TO DATE    1.18                      0.90   0.28     1.30
  SINCE MAR 1      1.18                      0.90   0.28     1.30
  SINCE JAN 1      8.60                      6.24   2.36     7.51

SNOWFALL (IN)
  YESTERDAY        0.7                       0.5    0.2      0.0
  MONTH TO DATE    2.9                       5.5   -2.6      1.1
  SINCE MAR 1      2.9                       5.5   -2.6      1.1
  SINCE JUL 1     71.2                      89.5  -18.3     68.3
  SNOW DEPTH       0

DEGREE DAYS
 HEATING
  YESTERDAY       39                        32      7       15
  MONTH TO DATE  284                       330    -46      256
  SINCE MAR 1    284                       330    -46      256
  SINCE JUL 1   3788                      4695   -907     3854

 COOLING
  YESTERDAY        0                         0      0        0
  MONTH TO DATE    0                         0      0        0
  SINCE MAR 1      0                         0      0        0
  SINCE JAN 1      0                         0      0        0
..................................................................


WIND (MPH)
  HIGHEST WIND SPEED    26   HIGHEST WIND DIRECTION    NW (330)
  HIGHEST GUST SPEED    37   HIGHEST GUST DIRECTION    NW (320)
  AVERAGE WIND SPEED    12.8


SKY COVER
  POSSIBLE SUNSHINE  MM
  AVERAGE SKY COVER 1.0


WEATHER CONDITIONS
 THE FOLLOWING WEATHER WAS RECORDED YESTERDAY.
  SNOW
  LIGHT SNOW
  FOG
  HAZE


RELATIVE HUMIDITY (PERCENT)
 HIGHEST    85          1200 AM
 LOWEST     49          1000 AM
 AVERAGE    67

..........................................................


THE ERIE PA CLIMATE NORMALS FOR TODAY
                         NORMAL    RECORD    YEAR
 MAXIMUM TEMPERATURE (F)   42        70      1927
 MINIMUM TEMPERATURE (F)   26        -1      1960


SUNRISE AND SUNSET
MARCH 11 2017.........SUNRISE   639 AM EST   SUNSET   623 PM EST
MARCH 12 2017.........SUNRISE   737 AM EDT   SUNSET   724 PM EDT


-  INDICATES NEGATIVE NUMBERS.
R  INDICATES RECORD WAS SET OR TIED.
MM INDICATES DATA IS MISSING.
T  INDICATES TRACE AMOUNT.




$$
