000
CDUS41 KCLE 092111
CLIERI


CLIMATE REPORT
NATIONAL WEATHER SERVICE CLEVELAND OH
511 PM EDT SAT AUG 9 2014


...................................

...THE ERIE PA CLIMATE SUMMARY FOR AUGUST 9 2014...
VALID TODAY AS OF 0500 PM LOCAL TIME.

CLIMATE NORMAL PERIOD 1981 TO 2010
CLIMATE RECORD PERIOD 1873 TO 2014


WEATHER ITEM   OBSERVED TIME   RECORD YEAR NORMAL DEPARTURE LAST
                VALUE   (LST)  VALUE       VALUE  FROM      YEAR
                                                  NORMAL
..................................................................
TEMPERATURE (F)
 TODAY
  MAXIMUM         79   1224 PM  90    2009  79      0       74
  MINIMUM         59    617 AM  51    1989  63     -4       63
                                      1958
                                      1922
  AVERAGE         69                        71     -2       69

PRECIPITATION (IN)
  TODAY            0.00                      0.12  -0.12     0.05
  MONTH TO DATE    0.98                      1.05  -0.07     0.78
  SINCE JUN 1      9.22                      8.35   0.87    13.68
  SINCE JAN 1     25.37                     23.41   1.96    30.91

SNOWFALL (IN)
  TODAY            0.0                       0.0    0.0      0.0
  MONTH TO DATE    0.0                       0.0    0.0      0.0
  SINCE JUN 1      0.0                       0.0    0.0      0.0
  SINCE JUL 1      0.0                       0.0    0.0      0.0
  SNOW DEPTH       0

DEGREE DAYS
 HEATING
  TODAY            0                         0      0        0
  MONTH TO DATE    0                         0      0        3
  SINCE JUN 1     35                        68    -33       74
  SINCE JUL 1      5                         7     -2        6

 COOLING
  TODAY            4                         6     -2        4
  MONTH TO DATE   43                        62    -19       47
  SINCE JUN 1    353                       398    -45      412
  SINCE JAN 1    392                       437    -45      497
..................................................................


WIND (MPH)
  HIGHEST WIND SPEED    20   HIGHEST WIND DIRECTION    NE (30)
  HIGHEST GUST SPEED    25   HIGHEST GUST DIRECTION    NE (50)


SKY COVER
  POSSIBLE SUNSHINE  MM
  AVERAGE SKY COVER 0.0


WEATHER CONDITIONS
 THE FOLLOWING WEATHER WAS RECORDED TODAY.
  NO SIGNIFICANT WEATHER WAS OBSERVED.


RELATIVE HUMIDITY (PERCENT)
 HIGHEST    84           100 AM
 LOWEST     47           400 PM
 AVERAGE    66

..........................................................


THE ERIE PA CLIMATE NORMALS FOR TOMORROW
                         NORMAL    RECORD    YEAR
 MAXIMUM TEMPERATURE (F)   79        90      1944
 MINIMUM TEMPERATURE (F)   63        46      1972


SUNRISE AND SUNSET
AUGUST  9 2014........SUNRISE   622 AM EDT   SUNSET   830 PM EDT
AUGUST 10 2014........SUNRISE   623 AM EDT   SUNSET   828 PM EDT


-  INDICATES NEGATIVE NUMBERS.
R  INDICATES RECORD WAS SET OR TIED.
MM INDICATES DATA IS MISSING.
T  INDICATES TRACE AMOUNT.




$$
