000
CDUS41 KCLE 022116
CLIERI


CLIMATE REPORT
NATIONAL WEATHER SERVICE CLEVELAND OH
515 PM EDT WED JUL 2 2014


...................................

...THE ERIE PA CLIMATE SUMMARY FOR JULY 2 2014...
VALID TODAY AS OF 0500 PM LOCAL TIME.

CLIMATE NORMAL PERIOD 1981 TO 2010
CLIMATE RECORD PERIOD 1873 TO 2014


WEATHER ITEM   OBSERVED TIME   RECORD YEAR NORMAL DEPARTURE LAST
                VALUE   (LST)  VALUE       VALUE  FROM      YEAR
                                                  NORMAL
..................................................................
TEMPERATURE (F)
 TODAY
  MAXIMUM         82    256 PM  94    1963  79      3       73
  MINIMUM         71    550 AM  45    1957  63      8       61
  AVERAGE         77                        71      6       67

PRECIPITATION (IN)
  TODAY            0.06                      0.11  -0.05     0.01
  MONTH TO DATE    0.07                      0.23  -0.16     0.19
  SINCE JUN 1      5.06                      3.99   1.07     7.47
  SINCE JAN 1     21.21                     19.05   2.16    24.70

SNOWFALL (IN)
  TODAY            0.0                       0.0    0.0      0.0
  MONTH TO DATE    0.0                       0.0    0.0      0.0
  SINCE JUN 1      0.0                       0.0    0.0      0.0
  SINCE JUL 1      0.0                       0.0    0.0      0.0
  SNOW DEPTH       0

DEGREE DAYS
 HEATING
  TODAY            0                         1     -1        0
  MONTH TO DATE    0                         2     -2        0
  SINCE JUN 1     30                        63    -33       68
  SINCE JUL 1      0                         2     -2        0

 COOLING
  TODAY           12                         6      6        2
  MONTH TO DATE   26                        12     14        4
  SINCE JUN 1    191                       135     56      122
  SINCE JAN 1    230                       174     56      207
..................................................................


WIND (MPH)
  HIGHEST WIND SPEED    15   HIGHEST WIND DIRECTION    SW (230)
  HIGHEST GUST SPEED    20   HIGHEST GUST DIRECTION    SW (230)


SKY COVER
  POSSIBLE SUNSHINE  MM
  AVERAGE SKY COVER 0.4


WEATHER CONDITIONS
 THE FOLLOWING WEATHER WAS RECORDED TODAY.
  THUNDERSTORM
  LIGHT RAIN


RELATIVE HUMIDITY (PERCENT)
 HIGHEST    79           100 AM
 LOWEST     51           100 PM
 AVERAGE    65

..........................................................


THE ERIE PA CLIMATE NORMALS FOR TOMORROW
                         NORMAL    RECORD    YEAR
 MAXIMUM TEMPERATURE (F)   79        93      1934
 MINIMUM TEMPERATURE (F)   63        49      1971


SUNRISE AND SUNSET
JULY  2 2014..........SUNRISE   549 AM EDT   SUNSET   900 PM EDT
JULY  3 2014..........SUNRISE   550 AM EDT   SUNSET   900 PM EDT


-  INDICATES NEGATIVE NUMBERS.
R  INDICATES RECORD WAS SET OR TIED.
MM INDICATES DATA IS MISSING.
T  INDICATES TRACE AMOUNT.




$$
