000
CDUS41 KCLE 140532
CLIERI


CLIMATE REPORT
NATIONAL WEATHER SERVICE CLEVELAND OH
1230 AM EST TUE FEB 14 2017


...................................

...THE ERIE PA CLIMATE SUMMARY FOR FEBRUARY 13 2017...

CLIMATE NORMAL PERIOD 1981 TO 2010
CLIMATE RECORD PERIOD 1873 TO 2017


WEATHER ITEM   OBSERVED TIME   RECORD YEAR NORMAL DEPARTURE LAST
                VALUE   (LST)  VALUE       VALUE  FROM      YEAR
                                                  NORMAL
..................................................................
TEMPERATURE (F)
 YESTERDAY
  MAXIMUM         32    252 PM  63    1990  35     -3       17
  MINIMUM         24    927 PM -10    1914  21      3        5
  AVERAGE         28                        28      0       11

PRECIPITATION (IN)
  YESTERDAY        0.01                      0.09  -0.08     0.01
  MONTH TO DATE    1.65                      1.08   0.57     1.53
  SINCE DEC 1     10.41                      7.77   2.64     7.80
  SINCE JAN 1      6.53                      4.03   2.50     3.91

SNOWFALL (IN)
  YESTERDAY        0.3                       0.6   -0.3      0.3
  MONTH TO DATE    7.4                       9.0   -1.6     12.8
  SINCE DEC 1     63.0                      66.1   -3.1     56.1
  SINCE JUL 1     65.4                      74.8   -9.4     56.6
  SNOW DEPTH       1

DEGREE DAYS
 HEATING
  YESTERDAY       37                        37      0       54
  MONTH TO DATE  435                       490    -55      433
  SINCE DEC 1   2406                      2672   -266     2196
  SINCE JUL 1   3186                      3828   -642     3087

 COOLING
  YESTERDAY        0                         0      0        0
  MONTH TO DATE    0                         0      0        0
  SINCE DEC 1      0                         0      0        0
  SINCE JAN 1      0                         0      0        0
..................................................................


WIND (MPH)
  HIGHEST WIND SPEED    25   HIGHEST WIND DIRECTION    NW (300)
  HIGHEST GUST SPEED    37   HIGHEST GUST DIRECTION    NW (310)
  AVERAGE WIND SPEED    12.0


SKY COVER
  POSSIBLE SUNSHINE  MM
  AVERAGE SKY COVER 0.7


WEATHER CONDITIONS
 THE FOLLOWING WEATHER WAS RECORDED YESTERDAY.
  LIGHT SNOW
  HAZE


RELATIVE HUMIDITY (PERCENT)
 HIGHEST    81           900 PM
 LOWEST     63           200 AM
 AVERAGE    72

..........................................................


THE ERIE PA CLIMATE NORMALS FOR TODAY
                         NORMAL    RECORD    YEAR
 MAXIMUM TEMPERATURE (F)   35        59      1946
                                             1938
 MINIMUM TEMPERATURE (F)   21       -10      1979


SUNRISE AND SUNSET
FEBRUARY 14 2017......SUNRISE   718 AM EST   SUNSET   553 PM EST
FEBRUARY 15 2017......SUNRISE   716 AM EST   SUNSET   554 PM EST


-  INDICATES NEGATIVE NUMBERS.
R  INDICATES RECORD WAS SET OR TIED.
MM INDICATES DATA IS MISSING.
T  INDICATES TRACE AMOUNT.




$$
