000
CDUS41 KCLE 160545
CLIERI


CLIMATE REPORT
NATIONAL WEATHER SERVICE CLEVELAND OH
145 AM EDT THU JUL 16 2015


...................................

...THE ERIE PA CLIMATE SUMMARY FOR JULY 15 2015...

CLIMATE NORMAL PERIOD 1981 TO 2010
CLIMATE RECORD PERIOD 1873 TO 2015


WEATHER ITEM   OBSERVED TIME   RECORD YEAR NORMAL DEPARTURE LAST
                VALUE   (LST)  VALUE       VALUE  FROM      YEAR
                                                  NORMAL
..................................................................
TEMPERATURE (F)
 YESTERDAY
  MAXIMUM         72    142 AM  92    1912  80     -8       75
  MINIMUM         52   1159 PM  51    1971  64    -12       64
                                      1960
                                      1930
  AVERAGE         62                        72    -10       70

PRECIPITATION (IN)
  YESTERDAY        T                         0.11  -0.11     0.06
  MONTH TO DATE    2.11                      1.63   0.48     2.11
  SINCE JUN 1      7.39                      5.39   2.00     7.10
  SINCE JAN 1     21.58                     20.45   1.13    23.25

SNOWFALL (IN)
  YESTERDAY        0.0                       0.0    0.0      0.0
  MONTH TO DATE    0.0                       0.0    0.0      0.0
  SINCE JUN 1      0.0                       0.0    0.0      0.0
  SINCE JUL 1      0.0                       0.0    0.0      0.0
  SNOW DEPTH       0

DEGREE DAYS
 HEATING
  YESTERDAY        3                         0      3        0
  MONTH TO DATE    9                         2      7        1
  SINCE JUN 1     46                        63    -17       31
  SINCE JUL 1      9                         2      7        1

 COOLING
  YESTERDAY        0                         7     -7        5
  MONTH TO DATE   56                       103    -47       91
  SINCE JUN 1    156                       226    -70      256
  SINCE JAN 1    268                       265      3      295
..................................................................


WIND (MPH)
  HIGHEST WIND SPEED    25   HIGHEST WIND DIRECTION    NE (40)
  HIGHEST GUST SPEED    35   HIGHEST GUST DIRECTION    NE (30)
  AVERAGE WIND SPEED    11.7


SKY COVER
  POSSIBLE SUNSHINE  MM
  AVERAGE SKY COVER 0.6


WEATHER CONDITIONS
 THE FOLLOWING WEATHER WAS RECORDED YESTERDAY.
  HAZE


RELATIVE HUMIDITY (PERCENT)
 HIGHEST    87           400 AM
 LOWEST     48           600 PM
 AVERAGE    68

..........................................................


THE ERIE PA CLIMATE NORMALS FOR TODAY
                         NORMAL    RECORD    YEAR
 MAXIMUM TEMPERATURE (F)   80        96      1988
 MINIMUM TEMPERATURE (F)   64        49      1957
                                             1954


SUNRISE AND SUNSET
JULY 16 2015..........SUNRISE   559 AM EDT   SUNSET   854 PM EDT
JULY 17 2015..........SUNRISE   600 AM EDT   SUNSET   854 PM EDT


-  INDICATES NEGATIVE NUMBERS.
R  INDICATES RECORD WAS SET OR TIED.
MM INDICATES DATA IS MISSING.
T  INDICATES TRACE AMOUNT.




$$
