000
CDUS41 KCLE 070531
CLIERI


CLIMATE REPORT
NATIONAL WEATHER SERVICE CLEVELAND OH
1230 AM EST SAT JAN 7 2017


...................................

...THE ERIE PA CLIMATE SUMMARY FOR JANUARY 6 2017...

CLIMATE NORMAL PERIOD 1981 TO 2010
CLIMATE RECORD PERIOD 1873 TO 2017


WEATHER ITEM   OBSERVED TIME   RECORD YEAR NORMAL DEPARTURE LAST
                VALUE   (LST)  VALUE       VALUE  FROM      YEAR
                                                  NORMAL
..................................................................
TEMPERATURE (F)
 YESTERDAY
  MAXIMUM         19    347 PM  64    1946  34    -15       38
  MINIMUM          8   1125 PM  -9    2014  22    -14       21
  AVERAGE         14                        28    -14       30

PRECIPITATION (IN)
  YESTERDAY        0.34                      0.11   0.23     0.00
  MONTH TO DATE    1.27                      0.66   0.61     0.34
  SINCE DEC 1      5.15                      4.40   0.75     4.23
  SINCE JAN 1      1.27                      0.66   0.61     0.34

SNOWFALL (IN)
  YESTERDAY        7.9                       1.0    6.9      0.0
  MONTH TO DATE   13.6                       6.2    7.4      6.7
  SINCE DEC 1     35.8                      33.7    2.1     11.6
  SINCE JUL 1     38.2                      42.4   -4.2     12.1
  SNOW DEPTH       4

DEGREE DAYS
 HEATING
  YESTERDAY       51                        37     14       35
  MONTH TO DATE  214                       222     -8      232
  SINCE DEC 1   1207                      1234    -27      876
  SINCE JUL 1   1987                      2390   -403     1767

 COOLING
  YESTERDAY        0                         0      0        0
  MONTH TO DATE    0                         0      0        0
  SINCE DEC 1      0                         0      0        0
  SINCE JAN 1      0                         0      0        0
..................................................................


WIND (MPH)
  HIGHEST WIND SPEED    17   HIGHEST WIND DIRECTION    SW (230)
  HIGHEST GUST SPEED    24   HIGHEST GUST DIRECTION    SW (210)
  AVERAGE WIND SPEED    10.6


SKY COVER
  POSSIBLE SUNSHINE  MM
  AVERAGE SKY COVER 1.0


WEATHER CONDITIONS
 THE FOLLOWING WEATHER WAS RECORDED YESTERDAY.
  HEAVY SNOW
  SNOW
  LIGHT SNOW
  FOG
  FOG W/VISIBILITY <= 1/4 MILE
  HAZE


RELATIVE HUMIDITY (PERCENT)
 HIGHEST    84           700 AM
 LOWEST     58           800 PM
 AVERAGE    71

..........................................................


THE ERIE PA CLIMATE NORMALS FOR TODAY
                         NORMAL    RECORD    YEAR
 MAXIMUM TEMPERATURE (F)   34        65      2008
 MINIMUM TEMPERATURE (F)   21       -10      2014


SUNRISE AND SUNSET
JANUARY  7 2017.......SUNRISE   749 AM EST   SUNSET   506 PM EST
JANUARY  8 2017.......SUNRISE   749 AM EST   SUNSET   507 PM EST


-  INDICATES NEGATIVE NUMBERS.
R  INDICATES RECORD WAS SET OR TIED.
MM INDICATES DATA IS MISSING.
T  INDICATES TRACE AMOUNT.




$$
