809
CDUS41 KCLE 252218
CLIERI


CLIMATE REPORT
NATIONAL WEATHER SERVICE CLEVELAND OH
518 PM EST MON JAN 25 2016


...................................

...THE ERIE PA CLIMATE SUMMARY FOR JANUARY 25 2016...
VALID TODAY AS OF 0500 PM LOCAL TIME.

CLIMATE NORMAL PERIOD 1981 TO 2010
CLIMATE RECORD PERIOD 1873 TO 2016


WEATHER ITEM   OBSERVED TIME   RECORD YEAR NORMAL DEPARTURE LAST
                VALUE   (LST)  VALUE       VALUE  FROM      YEAR
                                                  NORMAL
..................................................................
TEMPERATURE (F)
 TODAY
  MAXIMUM         44    359 PM  73    1950  34     10       33
  MINIMUM         27    813 AM -10    1884  20      7       17
  AVERAGE         36                        27      9       25

PRECIPITATION (IN)
  TODAY            0.00                      0.09  -0.09     0.03
  MONTH TO DATE    2.25                      2.46  -0.21     3.14
  SINCE DEC 1      6.14                      6.20  -0.06     5.59
  SINCE JAN 1      2.25                      2.46  -0.21     3.14

SNOWFALL (IN)
  TODAY            0.0                       0.9   -0.9      0.6
  MONTH TO DATE   37.2                      24.6   12.6     31.6
  SINCE DEC 1     42.1                      52.1  -10.0     37.1
  SINCE JUL 1     42.6                      60.8  -18.2     62.1
  SNOW DEPTH       3

DEGREE DAYS
 HEATING
  TODAY           29                        38     -9       40
  MONTH TO DATE  949                       942      7     1053
  SINCE DEC 1   1593                      1954   -361     1946
  SINCE JUL 1   2484                      3110   -626     3160

 COOLING
  TODAY            0                         0      0        0
  MONTH TO DATE    0                         0      0        0
  SINCE DEC 1      0                         0      0        0
  SINCE JAN 1      0                         0      0        0
..................................................................


WIND (MPH)
  HIGHEST WIND SPEED    18   HIGHEST WIND DIRECTION     S (180)
  HIGHEST GUST SPEED    25   HIGHEST GUST DIRECTION     S (180)


SKY COVER
  POSSIBLE SUNSHINE  MM
  AVERAGE SKY COVER 0.3


WEATHER CONDITIONS
 THE FOLLOWING WEATHER WAS RECORDED TODAY.
  NO SIGNIFICANT WEATHER WAS OBSERVED.


RELATIVE HUMIDITY (PERCENT)
 HIGHEST    63           700 AM
 LOWEST     27           400 PM
 AVERAGE    45

..........................................................


THE ERIE PA CLIMATE NORMALS FOR TOMORROW
                         NORMAL    RECORD    YEAR
 MAXIMUM TEMPERATURE (F)   34        70      1950
 MINIMUM TEMPERATURE (F)   20        -3      1897
                                             1884


SUNRISE AND SUNSET
JANUARY 25 2016.......SUNRISE   740 AM EST   SUNSET   526 PM EST
JANUARY 26 2016.......SUNRISE   740 AM EST   SUNSET   527 PM EST


-  INDICATES NEGATIVE NUMBERS.
R  INDICATES RECORD WAS SET OR TIED.
MM INDICATES DATA IS MISSING.
T  INDICATES TRACE AMOUNT.




$$
