000
CDUS41 KCLE 132121
CLIERI


CLIMATE REPORT
NATIONAL WEATHER SERVICE CLEVELAND OH
521 PM EDT SAT SEP 13 2014


...................................

...THE ERIE PA CLIMATE SUMMARY FOR SEPTEMBER 13 2014...
VALID TODAY AS OF 0500 PM LOCAL TIME.

CLIMATE NORMAL PERIOD 1981 TO 2010
CLIMATE RECORD PERIOD 1873 TO 2014


WEATHER ITEM   OBSERVED TIME   RECORD YEAR NORMAL DEPARTURE LAST
                VALUE   (LST)  VALUE       VALUE  FROM      YEAR
                                                  NORMAL
..................................................................
TEMPERATURE (F)
 TODAY
  MAXIMUM         62    349 PM  92    1931  73    -11       64
                                      1887
  MINIMUM         54    708 AM  43    1964  57     -3       54
                                      1963
                                      1955
  AVERAGE         58                        65     -7       59

PRECIPITATION (IN)
  TODAY            T                         0.15  -0.15     0.00
  MONTH TO DATE    1.36                      1.80  -0.44     1.89
  SINCE SEP 1      1.36                      1.80  -0.44     1.89
  SINCE JAN 1     29.07                     27.63   1.44    35.76

SNOWFALL (IN)
  TODAY            0.0                       0.0    0.0      0.0
  MONTH TO DATE    0.0                       0.0    0.0      0.0
  SINCE SEP 1      0.0                       0.0    0.0      0.0
  SINCE JUL 1      0.0                       0.0    0.0      0.0
  SNOW DEPTH       0

DEGREE DAYS
 HEATING
  TODAY            7                         3      4        6
  MONTH TO DATE   18                        21     -3       18
  SINCE SEP 1     18                        21     -3       18
  SINCE JUL 1     36                        39     -3       30

 COOLING
  TODAY            0                         3     -3        0
  MONTH TO DATE   72                        45     27       57
  SINCE SEP 1     72                        45     27       57
  SINCE JAN 1    588                       603    -15      678
..................................................................


WIND (MPH)
  HIGHEST WIND SPEED    25   HIGHEST WIND DIRECTION     W (280)
  HIGHEST GUST SPEED    36   HIGHEST GUST DIRECTION     W (280)


SKY COVER
  POSSIBLE SUNSHINE  MM
  AVERAGE SKY COVER 1.0


WEATHER CONDITIONS
 THE FOLLOWING WEATHER WAS RECORDED TODAY.
  NO SIGNIFICANT WEATHER WAS OBSERVED.


RELATIVE HUMIDITY (PERCENT)
 HIGHEST    89           600 AM
 LOWEST     57           300 PM
 AVERAGE    73

..........................................................


THE ERIE PA CLIMATE NORMALS FOR TOMORROW
                         NORMAL    RECORD    YEAR
 MAXIMUM TEMPERATURE (F)   73        91      1915
 MINIMUM TEMPERATURE (F)   57        39      1913


SUNRISE AND SUNSET
SEPTEMBER 13 2014.....SUNRISE   659 AM EDT   SUNSET   734 PM EDT
SEPTEMBER 14 2014.....SUNRISE   700 AM EDT   SUNSET   732 PM EDT


-  INDICATES NEGATIVE NUMBERS.
R  INDICATES RECORD WAS SET OR TIED.
MM INDICATES DATA IS MISSING.
T  INDICATES TRACE AMOUNT.




$$
