000
CDUS41 KCLE 020529
CLIERI


CLIMATE REPORT
NATIONAL WEATHER SERVICE CLEVELAND OH
128 AM EDT WED APR 2 2014


...................................

...THE ERIE PA CLIMATE SUMMARY FOR APRIL 1 2014...

CLIMATE NORMAL PERIOD 1981 TO 2010
CLIMATE RECORD PERIOD 1873 TO 2014


WEATHER ITEM   OBSERVED TIME   RECORD YEAR NORMAL DEPARTURE LAST
                VALUE   (LST)  VALUE       VALUE  FROM      YEAR
                                                  NORMAL
..................................................................
TEMPERATURE (F)
 YESTERDAY
  MAXIMUM         73    258 PM  82    2010  50     23       48
  MINIMUM         39   1159 PM   7    1923  33      6       30
  AVERAGE         56                        42     14       39

PRECIPITATION (IN)
  YESTERDAY        0.00                      0.11  -0.11     0.05
  MONTH TO DATE    0.00                      0.11  -0.11     0.05
  SINCE MAR 1      3.17                      3.06   0.11     2.65
  SINCE JAN 1      9.08                      8.40   0.68     9.16

SNOWFALL (IN)
  YESTERDAY        0.0                       0.2   -0.2       T
  MONTH TO DATE    0.0                       0.2   -0.2       T
  SINCE MAR 1     17.6                      13.9    3.7     25.2
  SINCE JUL 1    137.2                      97.9   39.3    104.5
  SNOW DEPTH       0

DEGREE DAYS
 HEATING
  YESTERDAY        9                        24    -15       26
  MONTH TO DATE    9                        24    -15       26
  SINCE MAR 1   1148                       935    213     1021
  SINCE JUL 1   5969                      5300    669     5115

 COOLING
  YESTERDAY        0                         0      0        0
  MONTH TO DATE    0                         0      0        0
  SINCE MAR 1      0                         1     -1        0
  SINCE JAN 1      0                         1     -1        0
..................................................................


WIND (MPH)
  HIGHEST WIND SPEED    26   HIGHEST WIND DIRECTION     S (200)
  HIGHEST GUST SPEED    36   HIGHEST GUST DIRECTION     S (190)
  AVERAGE WIND SPEED    15.7


SKY COVER
  POSSIBLE SUNSHINE  MM
  AVERAGE SKY COVER 0.1


WEATHER CONDITIONS
 THE FOLLOWING WEATHER WAS RECORDED YESTERDAY.
  NO SIGNIFICANT WEATHER WAS OBSERVED.


RELATIVE HUMIDITY (PERCENT)
 HIGHEST    53           800 PM
 LOWEST     27           300 PM
 AVERAGE    40

..........................................................


THE ERIE PA CLIMATE NORMALS FOR TODAY
                         NORMAL    RECORD    YEAR
 MAXIMUM TEMPERATURE (F)   51        80      2010
                                             1967
 MINIMUM TEMPERATURE (F)   33        18      1883


SUNRISE AND SUNSET
APRIL  2 2014.........SUNRISE   702 AM EDT   SUNSET   748 PM EDT
APRIL  3 2014.........SUNRISE   700 AM EDT   SUNSET   749 PM EDT


-  INDICATES NEGATIVE NUMBERS.
R  INDICATES RECORD WAS SET OR TIED.
MM INDICATES DATA IS MISSING.
T  INDICATES TRACE AMOUNT.




$$
