000
CDUS41 KCLE 300545
CLIERI


CLIMATE REPORT
NATIONAL WEATHER SERVICE CLEVELAND OH
145 AM EDT MON JUN 30 2014


...................................

...THE ERIE PA CLIMATE SUMMARY FOR JUNE 29 2014...

CLIMATE NORMAL PERIOD 1981 TO 2010
CLIMATE RECORD PERIOD 1873 TO 2014


WEATHER ITEM   OBSERVED TIME   RECORD YEAR NORMAL DEPARTURE LAST
                VALUE   (LST)  VALUE       VALUE  FROM      YEAR
                                                  NORMAL
..................................................................
TEMPERATURE (F)
 YESTERDAY
  MAXIMUM         86   1238 PM  90    1948  79      7       74
                                      1947
                                      1934
  MINIMUM         71   1159 PM  49    1919  62      9       64
                                      1885
  AVERAGE         79                        70      9       69

PRECIPITATION (IN)
  YESTERDAY        0.80                      0.13   0.67     0.78
  MONTH TO DATE    4.99                      3.64   1.35     7.28
  SINCE JUN 1      4.99                      3.64   1.35     7.28
  SINCE JAN 1     21.14                     18.70   2.44    24.51

SNOWFALL (IN)
  YESTERDAY        0.0                       0.0    0.0      0.0
  MONTH TO DATE    0.0                       0.0    0.0      0.0
  SINCE JUN 1      0.0                       0.0    0.0      0.0
  SINCE JUL 1    138.4                     100.9   37.5    105.5
  SNOW DEPTH       0

DEGREE DAYS
 HEATING
  YESTERDAY        0                         1     -1        0
  MONTH TO DATE   30                        61    -31       68
  SINCE JUN 1     30                        61    -31       68
  SINCE JUL 1   6757                      6147    610     5880

 COOLING
  YESTERDAY       14                         6      8        4
  MONTH TO DATE  150                       117     33      114
  SINCE JUN 1    150                       117     33      114
  SINCE JAN 1    189                       156     33      199
..................................................................


WIND (MPH)
  HIGHEST WIND SPEED    25   HIGHEST WIND DIRECTION    SW (240)
  HIGHEST GUST SPEED    37   HIGHEST GUST DIRECTION    SW (230)
  AVERAGE WIND SPEED    10.3


SKY COVER
  POSSIBLE SUNSHINE  MM
  AVERAGE SKY COVER 0.3


WEATHER CONDITIONS
 THE FOLLOWING WEATHER WAS RECORDED YESTERDAY.
  THUNDERSTORM
  HEAVY RAIN
  RAIN
  LIGHT RAIN
  FOG


RELATIVE HUMIDITY (PERCENT)
 HIGHEST    84           900 PM
 LOWEST     55          1200 PM
 AVERAGE    70

..........................................................


THE ERIE PA CLIMATE NORMALS FOR TODAY
                         NORMAL    RECORD    YEAR
 MAXIMUM TEMPERATURE (F)   79        92      1930
 MINIMUM TEMPERATURE (F)   62        49      2010


SUNRISE AND SUNSET
JUNE 30 2014..........SUNRISE   548 AM EDT   SUNSET   900 PM EDT
JULY  1 2014..........SUNRISE   549 AM EDT   SUNSET   900 PM EDT


-  INDICATES NEGATIVE NUMBERS.
R  INDICATES RECORD WAS SET OR TIED.
MM INDICATES DATA IS MISSING.
T  INDICATES TRACE AMOUNT.




$$
