000
CDUS41 KCLE 010528
CLIERI


CLIMATE REPORT
NATIONAL WEATHER SERVICE CLEVELAND OH
1227 AM EST FRI DEC 1 2017


...................................

...THE ERIE PA CLIMATE SUMMARY FOR NOVEMBER 30 2017...

CLIMATE NORMAL PERIOD 1981 TO 2010
CLIMATE RECORD PERIOD 1873 TO 2017


WEATHER ITEM   OBSERVED TIME   RECORD YEAR NORMAL DEPARTURE LAST
                VALUE   (LST)  VALUE       VALUE  FROM      YEAR
                                                  NORMAL
..................................................................
TEMPERATURE (F)
 YESTERDAY
  MAXIMUM         55   1253 PM  68    1998  44     11       60
                                      1934
  MINIMUM         32    106 AM   6    1929  32      0       45
  AVERAGE         44                        38      6       53

PRECIPITATION (IN)
  YESTERDAY        0.13                      0.13   0.00     0.37
  MONTH TO DATE    6.47                      3.93   2.54     2.52
  SINCE SEP 1     14.60                     12.59   2.01    14.72
  SINCE JAN 1     45.97                     38.42   7.55    41.78

SNOWFALL (IN)
  YESTERDAY        0.0                       0.5   -0.5      0.0
  MONTH TO DATE    0.5                       8.5   -8.0      2.4
  SINCE SEP 1      0.5                       8.7   -8.2      2.4
  SINCE JUL 1      0.5                       8.7   -8.2      2.4
  SNOW DEPTH       0

DEGREE DAYS
 HEATING
  YESTERDAY       21                        27     -6       12
  MONTH TO DATE  666                       652     14      504
  SINCE SEP 1    987                      1138   -151      780
  SINCE JUL 1    997                      1156   -159      780

 COOLING
  YESTERDAY        0                         0      0        0
  MONTH TO DATE    0                         0      0        2
  SINCE SEP 1    135                        80     55      168
  SINCE JAN 1    697                       638     59     1017
..................................................................


WIND (MPH)
  HIGHEST WIND SPEED    24   HIGHEST WIND DIRECTION     S (170)
  HIGHEST GUST SPEED    32   HIGHEST GUST DIRECTION     S (170)
  AVERAGE WIND SPEED    13.4


SKY COVER
  POSSIBLE SUNSHINE  MM
  AVERAGE SKY COVER 0.7


WEATHER CONDITIONS
 THE FOLLOWING WEATHER WAS RECORDED YESTERDAY.
  RAIN
  LIGHT RAIN
  FOG
  HAZE


RELATIVE HUMIDITY (PERCENT)
 HIGHEST    93           400 PM
 LOWEST     46          1200 PM
 AVERAGE    70

..........................................................


THE ERIE PA CLIMATE NORMALS FOR TODAY
                         NORMAL    RECORD    YEAR
 MAXIMUM TEMPERATURE (F)   43        66      1982
 MINIMUM TEMPERATURE (F)   32         7      1929


SUNRISE AND SUNSET
DECEMBER  1 2017......SUNRISE   730 AM EST   SUNSET   450 PM EST
DECEMBER  2 2017......SUNRISE   731 AM EST   SUNSET   450 PM EST


-  INDICATES NEGATIVE NUMBERS.
R  INDICATES RECORD WAS SET OR TIED.
MM INDICATES DATA IS MISSING.
T  INDICATES TRACE AMOUNT.




$$
