000
CDUS41 KCLE 070540
CLIERI


CLIMATE REPORT
NATIONAL WEATHER SERVICE CLEVELAND OH
126 AM EDT SAT MAY 7 2016


...................................

...THE ERIE PA CLIMATE SUMMARY FOR MAY 6 2016...

CLIMATE NORMAL PERIOD 1981 TO 2010
CLIMATE RECORD PERIOD 1873 TO 2016


WEATHER ITEM   OBSERVED TIME   RECORD YEAR NORMAL DEPARTURE LAST
                VALUE   (LST)  VALUE       VALUE  FROM      YEAR
                                                  NORMAL
..................................................................
TEMPERATURE (F)
 YESTERDAY
  MAXIMUM         62    149 PM  84    1999  64     -2       67
                                      1982
                                      1964
  MINIMUM         41    541 AM  31    1968  45     -4       49
                                      1957
  AVERAGE         52                        54     -2       58

PRECIPITATION (IN)
  YESTERDAY        0.00                      0.10  -0.10     0.36
  MONTH TO DATE    0.80                      0.63   0.17     0.62
  SINCE MAR 1      5.79                      6.91  -1.12     5.59
  SINCE JAN 1     12.00                     12.25  -0.25    11.35

SNOWFALL (IN)
  YESTERDAY        0.0                       0.0    0.0      0.0
  MONTH TO DATE    0.0                       0.0    0.0      0.0
  SINCE MAR 1      4.0                      16.9  -12.9     10.9
  SINCE JUL 1     71.2                     100.9  -29.7    110.3
  SNOW DEPTH       0

DEGREE DAYS
 HEATING
  YESTERDAY       13                        11      2        7
  MONTH TO DATE   90                        73     17       44
  SINCE MAR 1   1393                      1527   -134     1620
  SINCE JUL 1   4991                      5892   -901     6496

 COOLING
  YESTERDAY        0                         1     -1        0
  MONTH TO DATE    0                         1     -1        3
  SINCE MAR 1      0                         8     -8        3
  SINCE JAN 1      0                         8     -8        3
..................................................................


WIND (MPH)
  HIGHEST WIND SPEED    13   HIGHEST WIND DIRECTION     W (290)
  HIGHEST GUST SPEED    16   HIGHEST GUST DIRECTION     W (290)
  AVERAGE WIND SPEED     3.8


SKY COVER
  POSSIBLE SUNSHINE  MM
  AVERAGE SKY COVER 0.2


WEATHER CONDITIONS
 THE FOLLOWING WEATHER WAS RECORDED YESTERDAY.
  NO SIGNIFICANT WEATHER WAS OBSERVED.


RELATIVE HUMIDITY (PERCENT)
 HIGHEST    89           200 AM
 LOWEST     46           500 PM
 AVERAGE    68

..........................................................


THE ERIE PA CLIMATE NORMALS FOR TODAY
                         NORMAL    RECORD    YEAR
 MAXIMUM TEMPERATURE (F)   64        84      1936
                                             1930
 MINIMUM TEMPERATURE (F)   45        26      1970


SUNRISE AND SUNSET
MAY  7 2016...........SUNRISE   608 AM EDT   SUNSET   827 PM EDT
MAY  8 2016...........SUNRISE   607 AM EDT   SUNSET   828 PM EDT


-  INDICATES NEGATIVE NUMBERS.
R  INDICATES RECORD WAS SET OR TIED.
MM INDICATES DATA IS MISSING.
T  INDICATES TRACE AMOUNT.




$$
