000
CDUS41 KCLE 140529
CLIERI


CLIMATE REPORT
NATIONAL WEATHER SERVICE CLEVELAND OH
128 AM EDT THU APR 14 2016


...................................

...THE ERIE PA CLIMATE SUMMARY FOR APRIL 13 2016...

CLIMATE NORMAL PERIOD 1981 TO 2010
CLIMATE RECORD PERIOD 1873 TO 2016


WEATHER ITEM   OBSERVED TIME   RECORD YEAR NORMAL DEPARTURE LAST
                VALUE   (LST)  VALUE       VALUE  FROM      YEAR
                                                  NORMAL
..................................................................
TEMPERATURE (F)
 YESTERDAY
  MAXIMUM         44    511 PM  81    2015  55    -11       81
                                      1945
  MINIMUM         26    559 AM  21    1950  37    -11       49
  AVERAGE         35                        46    -11       65

PRECIPITATION (IN)
  YESTERDAY        0.00                      0.12  -0.12     0.26
  MONTH TO DATE    1.21                      1.52  -0.31     1.92
  SINCE MAR 1      4.37                      4.47  -0.10     3.92
  SINCE JAN 1     10.58                      9.81   0.77     9.68

SNOWFALL (IN)
  YESTERDAY        0.0                       0.1   -0.1      0.0
  MONTH TO DATE    2.9                       2.4    0.5      0.0
  SINCE MAR 1      4.0                      16.1  -12.1     10.9
  SINCE JUL 1     71.2                     100.1  -28.9    110.3
  SNOW DEPTH       0

DEGREE DAYS
 HEATING
  YESTERDAY       30                        19     11        0
  MONTH TO DATE  360                       276     84      224
  SINCE MAR 1   1036                      1187   -151     1270
  SINCE JUL 1   4634                      5552   -918     6146

 COOLING
  YESTERDAY        0                         0      0        0
  MONTH TO DATE    0                         0      0        0
  SINCE MAR 1      0                         1     -1        0
  SINCE JAN 1      0                         1     -1        0
..................................................................


WIND (MPH)
  HIGHEST WIND SPEED    17   HIGHEST WIND DIRECTION    NE (50)
  HIGHEST GUST SPEED    22   HIGHEST GUST DIRECTION    NE (50)
  AVERAGE WIND SPEED     8.0


SKY COVER
  POSSIBLE SUNSHINE  MM
  AVERAGE SKY COVER 0.3


WEATHER CONDITIONS
 THE FOLLOWING WEATHER WAS RECORDED YESTERDAY.
  NO SIGNIFICANT WEATHER WAS OBSERVED.


RELATIVE HUMIDITY (PERCENT)
 HIGHEST    92           400 AM
 LOWEST     49           300 PM
 AVERAGE    71

..........................................................


THE ERIE PA CLIMATE NORMALS FOR TODAY
                         NORMAL    RECORD    YEAR
 MAXIMUM TEMPERATURE (F)   56        86      1883
 MINIMUM TEMPERATURE (F)   38        21      1975
                                             1950


SUNRISE AND SUNSET
APRIL 14 2016.........SUNRISE   641 AM EDT   SUNSET   801 PM EDT
APRIL 15 2016.........SUNRISE   639 AM EDT   SUNSET   803 PM EDT


-  INDICATES NEGATIVE NUMBERS.
R  INDICATES RECORD WAS SET OR TIED.
MM INDICATES DATA IS MISSING.
T  INDICATES TRACE AMOUNT.




$$
