000
CDUS41 KCLE 110545
CLIERI


CLIMATE REPORT
NATIONAL WEATHER SERVICE CLEVELAND OH
145 AM EDT TUE JUL 11 2017


...................................

...THE ERIE PA CLIMATE SUMMARY FOR JULY 10 2017...

CLIMATE NORMAL PERIOD 1981 TO 2010
CLIMATE RECORD PERIOD 1873 TO 2017


WEATHER ITEM   OBSERVED TIME   RECORD YEAR NORMAL DEPARTURE LAST
                VALUE   (LST)  VALUE       VALUE  FROM      YEAR
                                                  NORMAL
..................................................................
TEMPERATURE (F)
 YESTERDAY
  MAXIMUM         77    108 PM  98    1936  80     -3       79
  MINIMUM         63    525 AM  50    1997  63      0       65
                                      1962
                                      1895
  AVERAGE         70                        72     -2       72

PRECIPITATION (IN)
  YESTERDAY        0.07                      0.11  -0.04     0.00
  MONTH TO DATE    0.32                      1.08  -0.76     2.34
  SINCE JUN 1      8.78                      4.84   3.94     4.18
  SINCE JAN 1     28.77                     19.90   8.87    16.95

SNOWFALL (IN)
  YESTERDAY        0.0                       0.0    0.0      0.0
  MONTH TO DATE    0.0                       0.0    0.0      0.0
  SINCE JUN 1      0.0                       0.0    0.0      0.0
  SINCE JUL 1      0.0                       0.0    0.0      0.0
  SNOW DEPTH       0

DEGREE DAYS
 HEATING
  YESTERDAY        0                         0      0        0
  MONTH TO DATE    0                         2     -2        0
  SINCE JUN 1     48                        63    -15       40
  SINCE JUL 1      0                         2     -2        0

 COOLING
  YESTERDAY        5                         7     -2        7
  MONTH TO DATE   52                        68    -16       70
  SINCE JUN 1    199                       191      8      221
  SINCE JAN 1    243                       230     13      296
..................................................................


WIND (MPH)
  HIGHEST WIND SPEED    18   HIGHEST WIND DIRECTION     S (190)
  HIGHEST GUST SPEED    22   HIGHEST GUST DIRECTION    SE (150)
  AVERAGE WIND SPEED     9.5


SKY COVER
  POSSIBLE SUNSHINE  MM
  AVERAGE SKY COVER 0.3


WEATHER CONDITIONS
 THE FOLLOWING WEATHER WAS RECORDED YESTERDAY.
  HEAVY RAIN
  LIGHT RAIN
  FOG


RELATIVE HUMIDITY (PERCENT)
 HIGHEST    90           500 PM
 LOWEST     57           700 AM
 AVERAGE    74

..........................................................


THE ERIE PA CLIMATE NORMALS FOR TODAY
                         NORMAL    RECORD    YEAR
 MAXIMUM TEMPERATURE (F)   80        95      1946
                                             1936
 MINIMUM TEMPERATURE (F)   64        51      1978
                                             1974
                                             1954


SUNRISE AND SUNSET
JULY 11 2017..........SUNRISE   555 AM EDT   SUNSET   857 PM EDT
JULY 12 2017..........SUNRISE   556 AM EDT   SUNSET   856 PM EDT


-  INDICATES NEGATIVE NUMBERS.
R  INDICATES RECORD WAS SET OR TIED.
MM INDICATES DATA IS MISSING.
T  INDICATES TRACE AMOUNT.




$$
