000
CDUS41 KCLE 042119
CLIERI


CLIMATE REPORT
NATIONAL WEATHER SERVICE CLEVELAND OH
519 PM EDT THU SEP 4 2014


...................................

...THE ERIE PA CLIMATE SUMMARY FOR SEPTEMBER 4 2014...
VALID TODAY AS OF 0500 PM LOCAL TIME.

CLIMATE NORMAL PERIOD 1981 TO 2010
CLIMATE RECORD PERIOD 1873 TO 2014


WEATHER ITEM   OBSERVED TIME   RECORD YEAR NORMAL DEPARTURE LAST
                VALUE   (LST)  VALUE       VALUE  FROM      YEAR
                                                  NORMAL
..................................................................
TEMPERATURE (F)
 TODAY
  MAXIMUM         86   1222 PM  97    1953  76     10       75
  MINIMUM         67    639 AM  46    1974  60      7       59
  AVERAGE         77                        68      9       67

PRECIPITATION (IN)
  TODAY            0.00                      0.13  -0.13     0.00
  MONTH TO DATE    0.45                      0.52  -0.07     0.84
  SINCE SEP 1      0.45                      0.52  -0.07     0.84
  SINCE JAN 1     28.16                     26.35   1.81    34.71

SNOWFALL (IN)
  TODAY            0.0                       0.0    0.0      0.0
  MONTH TO DATE    0.0                       0.0    0.0      0.0
  SINCE SEP 1      0.0                       0.0    0.0      0.0
  SINCE JUL 1      0.0                       0.0    0.0      0.0
  SNOW DEPTH       0

DEGREE DAYS
 HEATING
  TODAY            0                         1     -1        0
  MONTH TO DATE    0                         4     -4        1
  SINCE SEP 1      0                         4     -4        1
  SINCE JUL 1     18                        22     -4       13

 COOLING
  TODAY           12                         4      8        2
  MONTH TO DATE   38                        16     22       18
  SINCE SEP 1     38                        16     22       18
  SINCE JAN 1    554                       574    -20      639
..................................................................


WIND (MPH)
  HIGHEST WIND SPEED    13   HIGHEST WIND DIRECTION    SW (230)
  HIGHEST GUST SPEED    17   HIGHEST GUST DIRECTION    SW (220)


SKY COVER
  POSSIBLE SUNSHINE  MM
  AVERAGE SKY COVER 0.2


WEATHER CONDITIONS
 THE FOLLOWING WEATHER WAS RECORDED TODAY.
  NO SIGNIFICANT WEATHER WAS OBSERVED.


RELATIVE HUMIDITY (PERCENT)
 HIGHEST    81          1200 AM
 LOWEST     43          1200 PM
 AVERAGE    62

..........................................................


THE ERIE PA CLIMATE NORMALS FOR TOMORROW
                         NORMAL    RECORD    YEAR
 MAXIMUM TEMPERATURE (F)   76        92      1881
 MINIMUM TEMPERATURE (F)   59        45      1974


SUNRISE AND SUNSET
SEPTEMBER  4 2014.....SUNRISE   649 AM EDT   SUNSET   749 PM EDT
SEPTEMBER  5 2014.....SUNRISE   650 AM EDT   SUNSET   748 PM EDT


-  INDICATES NEGATIVE NUMBERS.
R  INDICATES RECORD WAS SET OR TIED.
MM INDICATES DATA IS MISSING.
T  INDICATES TRACE AMOUNT.




$$
