000
CDUS41 KCLE 010537
CLIERI


CLIMATE REPORT
NATIONAL WEATHER SERVICE CLEVELAND OH
137 AM EDT SAT NOV 1 2014


...................................

...THE ERIE PA CLIMATE SUMMARY FOR OCTOBER 31 2014...

CLIMATE NORMAL PERIOD 1981 TO 2010
CLIMATE RECORD PERIOD 1873 TO 2014


WEATHER ITEM   OBSERVED TIME   RECORD YEAR NORMAL DEPARTURE LAST
                VALUE   (LST)  VALUE       VALUE  FROM      YEAR
                                                  NORMAL
..................................................................
TEMPERATURE (F)
 YESTERDAY
  MAXIMUM         50   1205 PM  76    1927  56     -6       67
  MINIMUM         40   1156 PM  24    1975  41     -1       54
  AVERAGE         45                        48     -3       61

PRECIPITATION (IN)
  YESTERDAY        0.01                      0.12  -0.11     0.61
  MONTH TO DATE    4.29                      4.05   0.24     6.21
  SINCE SEP 1      7.08                      8.66  -1.58    10.19
  SINCE JAN 1     34.79                     34.49   0.30    44.06

SNOWFALL (IN)
  YESTERDAY       MM                         0.0   MM        0.0
  MONTH TO DATE    0.0                       0.2   -0.2      0.3
  SINCE SEP 1      0.0                       0.2   -0.2      0.3
  SINCE JUL 1      0.0                       0.2   -0.2      0.3
  SNOW DEPTH       0

DEGREE DAYS
 HEATING
  YESTERDAY       20                        17      3        4
  MONTH TO DATE  330                       380    -50      312
  SINCE SEP 1    429                       485    -56      432
  SINCE JUL 1    447                       503    -56      444

 COOLING
  YESTERDAY        0                         0      0        0
  MONTH TO DATE    7                         9     -2       20
  SINCE SEP 1     87                        80      7       85
  SINCE JAN 1    603                       638    -35      706
..................................................................


WIND (MPH)
  HIGHEST WIND SPEED    12   HIGHEST WIND DIRECTION    SW (220)
  HIGHEST GUST SPEED    17   HIGHEST GUST DIRECTION     S (200)
  AVERAGE WIND SPEED     6.2


SKY COVER
  POSSIBLE SUNSHINE  MM
  AVERAGE SKY COVER 0.9


WEATHER CONDITIONS
 THE FOLLOWING WEATHER WAS RECORDED YESTERDAY.
  LIGHT RAIN
  FOG


RELATIVE HUMIDITY (PERCENT)
 HIGHEST    89           900 PM
 LOWEST     56          1200 PM
 AVERAGE    73

..........................................................


THE ERIE PA CLIMATE NORMALS FOR TODAY
                         NORMAL    RECORD    YEAR
 MAXIMUM TEMPERATURE (F)   56        82      1950
 MINIMUM TEMPERATURE (F)   41        28      1954


SUNRISE AND SUNSET
NOVEMBER  1 2014......SUNRISE   753 AM EDT   SUNSET   615 PM EDT
NOVEMBER  2 2014......SUNRISE   655 AM EST   SUNSET   513 PM EST


-  INDICATES NEGATIVE NUMBERS.
R  INDICATES RECORD WAS SET OR TIED.
MM INDICATES DATA IS MISSING.
T  INDICATES TRACE AMOUNT.




$$
