000
CDUS41 KCLE 260526
CLIERI


CLIMATE REPORT
NATIONAL WEATHER SERVICE CLEVELAND OH
1226 AM EST SUN NOV 26 2017


...................................

...THE ERIE PA CLIMATE SUMMARY FOR NOVEMBER 25 2017...

CLIMATE NORMAL PERIOD 1981 TO 2010
CLIMATE RECORD PERIOD 1873 TO 2017


WEATHER ITEM   OBSERVED TIME   RECORD YEAR NORMAL DEPARTURE LAST
                VALUE   (LST)  VALUE       VALUE  FROM      YEAR
                                                  NORMAL
..................................................................
TEMPERATURE (F)
 YESTERDAY
  MAXIMUM         53    223 AM  69    1908  46      7       45
  MINIMUM         37   1159 PM   7    1881  34      3       38
  AVERAGE         45                        40      5       42

PRECIPITATION (IN)
  YESTERDAY        0.11                      0.13  -0.02     0.14
  MONTH TO DATE    6.34                      3.28   3.06     1.86
  SINCE SEP 1     14.47                     11.94   2.53    14.06
  SINCE JAN 1     45.84                     37.77   8.07    41.12

SNOWFALL (IN)
  YESTERDAY        0.0                       0.4   -0.4      0.0
  MONTH TO DATE    0.5                       6.2   -5.7      2.3
  SINCE SEP 1      0.5                       6.4   -5.9      2.3
  SINCE JUL 1      0.5                       6.4   -5.9      2.3
  SNOW DEPTH       0

DEGREE DAYS
 HEATING
  YESTERDAY       20                        25     -5       23
  MONTH TO DATE  562                       520     42      410
  SINCE SEP 1    883                      1005   -122      686
  SINCE JUL 1    893                      1023   -130      686

 COOLING
  YESTERDAY        0                         0      0        0
  MONTH TO DATE    0                         0      0        2
  SINCE SEP 1    135                        80     55      168
  SINCE JAN 1    697                       638     59     1017
..................................................................


WIND (MPH)
  HIGHEST WIND SPEED    29   HIGHEST WIND DIRECTION     S (190)
  HIGHEST GUST SPEED    41   HIGHEST GUST DIRECTION     S (180)
  AVERAGE WIND SPEED    13.4


SKY COVER
  POSSIBLE SUNSHINE  MM
  AVERAGE SKY COVER 0.8


WEATHER CONDITIONS
 THE FOLLOWING WEATHER WAS RECORDED YESTERDAY.
  RAIN
  LIGHT RAIN
  FOG
  HAZE


RELATIVE HUMIDITY (PERCENT)
 HIGHEST    86          1200 PM
 LOWEST     32          1200 AM
 AVERAGE    59

..........................................................


THE ERIE PA CLIMATE NORMALS FOR TODAY
                         NORMAL    RECORD    YEAR
 MAXIMUM TEMPERATURE (F)   45        70      1896
 MINIMUM TEMPERATURE (F)   33        10      1950


SUNRISE AND SUNSET
NOVEMBER 26 2017......SUNRISE   724 AM EST   SUNSET   452 PM EST
NOVEMBER 27 2017......SUNRISE   725 AM EST   SUNSET   451 PM EST


-  INDICATES NEGATIVE NUMBERS.
R  INDICATES RECORD WAS SET OR TIED.
MM INDICATES DATA IS MISSING.
T  INDICATES TRACE AMOUNT.




$$
