000
CDUS41 KCLE 072111
CLIERI


CLIMATE REPORT
NATIONAL WEATHER SERVICE CLEVELAND OH
511 PM EDT THU APR 7 2016


...................................

...THE ERIE PA CLIMATE SUMMARY FOR APRIL 7 2016...
VALID TODAY AS OF 0500 PM LOCAL TIME.

CLIMATE NORMAL PERIOD 1981 TO 2010
CLIMATE RECORD PERIOD 1873 TO 2016


WEATHER ITEM   OBSERVED TIME   RECORD YEAR NORMAL DEPARTURE LAST
                VALUE   (LST)  VALUE       VALUE  FROM      YEAR
                                                  NORMAL
..................................................................
TEMPERATURE (F)
 TODAY
  MAXIMUM         52    331 AM  81    1929  53     -1       46
                                      1921
  MINIMUM         39    359 PM  16    1982  35      4       35
  AVERAGE         46                        44      2       41

PRECIPITATION (IN)
  TODAY            0.16                      0.12   0.04     0.05
  MONTH TO DATE    0.59                      0.80  -0.21     0.81
  SINCE MAR 1      3.75                      3.75   0.00     2.81
  SINCE JAN 1      9.96                      9.09   0.87     8.57

SNOWFALL (IN)
  TODAY            0.0                       0.2   -0.2      0.0
  MONTH TO DATE    1.1                       1.5   -0.4      0.0
  SINCE MAR 1      2.2                      15.2  -13.0     10.9
  SINCE JUL 1     69.4                      99.2  -29.8    110.3
  SNOW DEPTH       0

DEGREE DAYS
 HEATING
  TODAY           19                        21     -2       24
  MONTH TO DATE  183                       157     26      143
  SINCE MAR 1    859                      1068   -209     1189
  SINCE JUL 1   4457                      5433   -976     6065

 COOLING
  TODAY            0                         0      0        0
  MONTH TO DATE    0                         0      0        0
  SINCE MAR 1      0                         1     -1        0
  SINCE JAN 1      0                         1     -1        0
..................................................................


WIND (MPH)
  HIGHEST WIND SPEED    33   HIGHEST WIND DIRECTION     S (180)
  HIGHEST GUST SPEED    43   HIGHEST GUST DIRECTION     S (180)


SKY COVER
  POSSIBLE SUNSHINE  MM
  AVERAGE SKY COVER 0.8


WEATHER CONDITIONS
 THE FOLLOWING WEATHER WAS RECORDED TODAY.
  LIGHT RAIN
  FOG


RELATIVE HUMIDITY (PERCENT)
 HIGHEST    92           300 PM
 LOWEST     63           300 AM
 AVERAGE    78

..........................................................


THE ERIE PA CLIMATE NORMALS FOR TOMORROW
                         NORMAL    RECORD    YEAR
 MAXIMUM TEMPERATURE (F)   53        78      2001
                                             1991
 MINIMUM TEMPERATURE (F)   36        12      1982


SUNRISE AND SUNSET
APRIL  7 2016.........SUNRISE   652 AM EDT   SUNSET   754 PM EDT
APRIL  8 2016.........SUNRISE   651 AM EDT   SUNSET   755 PM EDT


-  INDICATES NEGATIVE NUMBERS.
R  INDICATES RECORD WAS SET OR TIED.
MM INDICATES DATA IS MISSING.
T  INDICATES TRACE AMOUNT.




$$
