000
CDUS41 KCLE 120532
CLIERI


CLIMATE REPORT
NATIONAL WEATHER SERVICE CLEVELAND OH
131 AM EDT MON SEP 12 2016


...................................

...THE ERIE PA CLIMATE SUMMARY FOR SEPTEMBER 11 2016...

CLIMATE NORMAL PERIOD 1981 TO 2010
CLIMATE RECORD PERIOD 1873 TO 2016


WEATHER ITEM   OBSERVED TIME   RECORD YEAR NORMAL DEPARTURE LAST
                VALUE   (LST)  VALUE       VALUE  FROM      YEAR
                                                  NORMAL
..................................................................
TEMPERATURE (F)
 YESTERDAY
  MAXIMUM         72    227 PM  92    1925  74     -2       77
  MINIMUM         56   1159 PM  42    1967  58     -2       55
  AVERAGE         64                        66     -2       66

PRECIPITATION (IN)
  YESTERDAY        T                         0.14  -0.14     1.36
  MONTH TO DATE    2.66                      1.50   1.16     1.37
  SINCE SEP 1      2.66                      1.50   1.16     1.37
  SINCE JAN 1     29.72                     27.33   2.39    25.08

SNOWFALL (IN)
  YESTERDAY        0.0                       0.0    0.0      0.0
  MONTH TO DATE    0.0                       0.0    0.0      0.0
  SINCE SEP 1      0.0                       0.0    0.0      0.0
  SINCE JUL 1      0.0                       0.0    0.0      0.0
  SNOW DEPTH       0

DEGREE DAYS
 HEATING
  YESTERDAY        1                         2     -1        0
  MONTH TO DATE    1                        16    -15        0
  SINCE SEP 1      1                        16    -15        0
  SINCE JUL 1      1                        34    -33       18

 COOLING
  YESTERDAY        0                         3     -3        1
  MONTH TO DATE   81                        39     42      120
  SINCE SEP 1     81                        39     42      120
  SINCE JAN 1    930                       597    333      726
..................................................................


WIND (MPH)
  HIGHEST WIND SPEED    23   HIGHEST WIND DIRECTION    NW (300)
  HIGHEST GUST SPEED    30   HIGHEST GUST DIRECTION     W (290)
  AVERAGE WIND SPEED     9.1


SKY COVER
  POSSIBLE SUNSHINE  MM
  AVERAGE SKY COVER 0.3


WEATHER CONDITIONS
 THE FOLLOWING WEATHER WAS RECORDED YESTERDAY.
  LIGHT RAIN


RELATIVE HUMIDITY (PERCENT)
 HIGHEST    80          1000 PM
 LOWEST     53           200 PM
 AVERAGE    67

..........................................................


THE ERIE PA CLIMATE NORMALS FOR TODAY
                         NORMAL    RECORD    YEAR
 MAXIMUM TEMPERATURE (F)   73        88      1931
                                             1903
 MINIMUM TEMPERATURE (F)   57        41      1958


SUNRISE AND SUNSET
SEPTEMBER 12 2016.....SUNRISE   658 AM EDT   SUNSET   735 PM EDT
SEPTEMBER 13 2016.....SUNRISE   659 AM EDT   SUNSET   733 PM EDT


-  INDICATES NEGATIVE NUMBERS.
R  INDICATES RECORD WAS SET OR TIED.
MM INDICATES DATA IS MISSING.
T  INDICATES TRACE AMOUNT.




$$
