000
CDUS41 KCLE 030546
CLIERI


CLIMATE REPORT
NATIONAL WEATHER SERVICE CLEVELAND OH
145 AM EDT FRI JUL 3 2015


...................................

...THE ERIE PA CLIMATE SUMMARY FOR JULY 2 2015...

CLIMATE NORMAL PERIOD 1981 TO 2010
CLIMATE RECORD PERIOD 1873 TO 2015


WEATHER ITEM   OBSERVED TIME   RECORD YEAR NORMAL DEPARTURE LAST
                VALUE   (LST)  VALUE       VALUE  FROM      YEAR
                                                  NORMAL
..................................................................
TEMPERATURE (F)
 YESTERDAY
  MAXIMUM         70    506 PM  94    1963  79     -9       82
  MINIMUM         54   1159 PM  45    1957  63     -9       71
  AVERAGE         62                        71     -9       77

PRECIPITATION (IN)
  YESTERDAY        0.00                      0.11  -0.11     0.06
  MONTH TO DATE    0.05                      0.23  -0.18     0.07
  SINCE JUN 1      5.33                      3.99   1.34     5.06
  SINCE JAN 1     19.52                     19.05   0.47    21.21

SNOWFALL (IN)
  YESTERDAY        0.0                       0.0    0.0      0.0
  MONTH TO DATE    0.0                       0.0    0.0      0.0
  SINCE JUN 1      0.0                       0.0    0.0      0.0
  SINCE JUL 1      0.0                       0.0    0.0      0.0
  SNOW DEPTH       0

DEGREE DAYS
 HEATING
  YESTERDAY        3                         1      2        0
  MONTH TO DATE    3                         2      1        0
  SINCE JUN 1     40                        63    -23       30
  SINCE JUL 1      3                         2      1        0

 COOLING
  YESTERDAY        0                         6     -6       12
  MONTH TO DATE    1                        12    -11       26
  SINCE JUN 1    101                       135    -34      191
  SINCE JAN 1    213                       174     39      230
..................................................................


WIND (MPH)
  HIGHEST WIND SPEED    15   HIGHEST WIND DIRECTION    NE (30)
  HIGHEST GUST SPEED    19   HIGHEST GUST DIRECTION     N (350)
  AVERAGE WIND SPEED     6.6


SKY COVER
  POSSIBLE SUNSHINE  MM
  AVERAGE SKY COVER 0.4


WEATHER CONDITIONS
 THE FOLLOWING WEATHER WAS RECORDED YESTERDAY.
  NO SIGNIFICANT WEATHER WAS OBSERVED.


RELATIVE HUMIDITY (PERCENT)
 HIGHEST    90           100 AM
 LOWEST     47           400 PM
 AVERAGE    69

..........................................................


THE ERIE PA CLIMATE NORMALS FOR TODAY
                         NORMAL    RECORD    YEAR
 MAXIMUM TEMPERATURE (F)   79        93      1934
 MINIMUM TEMPERATURE (F)   63        49      1971


SUNRISE AND SUNSET
JULY  3 2015..........SUNRISE   550 AM EDT   SUNSET   900 PM EDT
JULY  4 2015..........SUNRISE   550 AM EDT   SUNSET   900 PM EDT


-  INDICATES NEGATIVE NUMBERS.
R  INDICATES RECORD WAS SET OR TIED.
MM INDICATES DATA IS MISSING.
T  INDICATES TRACE AMOUNT.




$$
