000
CDUS41 KCLE 200528
CLIERI


CLIMATE REPORT
NATIONAL WEATHER SERVICE CLEVELAND OH
1227 AM EST MON NOV 20 2017


...................................

...THE ERIE PA CLIMATE SUMMARY FOR NOVEMBER 19 2017...

CLIMATE NORMAL PERIOD 1981 TO 2010
CLIMATE RECORD PERIOD 1873 TO 2017


WEATHER ITEM   OBSERVED TIME   RECORD YEAR NORMAL DEPARTURE LAST
                VALUE   (LST)  VALUE       VALUE  FROM      YEAR
                                                  NORMAL
..................................................................
TEMPERATURE (F)
 YESTERDAY
  MAXIMUM         43   1224 AM  74    1985  49     -6       65
  MINIMUM         33    541 PM  12    2014  36     -3       34
  AVERAGE         38                        42     -4       50

PRECIPITATION (IN)
  YESTERDAY        0.24                      0.13   0.11     0.41
  MONTH TO DATE    5.93                      2.48   3.45     1.34
  SINCE SEP 1     14.06                     11.14   2.92    13.54
  SINCE JAN 1     45.43                     36.97   8.46    40.60

SNOWFALL (IN)
  YESTERDAY        0.5                       0.3    0.2      0.7
  MONTH TO DATE    0.5                       3.8   -3.3      0.7
  SINCE SEP 1      0.5                       4.0   -3.5      0.7
  SINCE JUL 1      0.5                       4.0   -3.5      0.7
  SNOW DEPTH       0

DEGREE DAYS
 HEATING
  YESTERDAY       27                        23      4       15
  MONTH TO DATE  415                       375     40      250
  SINCE SEP 1    736                       860   -124      526
  SINCE JUL 1    746                       878   -132      526

 COOLING
  YESTERDAY        0                         0      0        0
  MONTH TO DATE    0                         0      0        2
  SINCE SEP 1    135                        80     55      168
  SINCE JAN 1    697                       638     59     1017
..................................................................


WIND (MPH)
  HIGHEST WIND SPEED    26   HIGHEST WIND DIRECTION    NW (300)
  HIGHEST GUST SPEED    41   HIGHEST GUST DIRECTION    NW (310)
  AVERAGE WIND SPEED    18.0


SKY COVER
  POSSIBLE SUNSHINE  MM
  AVERAGE SKY COVER 1.0


WEATHER CONDITIONS
 THE FOLLOWING WEATHER WAS RECORDED YESTERDAY.
  RAIN
  LIGHT RAIN
  SNOW
  LIGHT SNOW
  FOG
  HAZE


RELATIVE HUMIDITY (PERCENT)
 HIGHEST    92           200 AM
 LOWEST     52           700 PM
 AVERAGE    72

..........................................................


THE ERIE PA CLIMATE NORMALS FOR TODAY
                         NORMAL    RECORD    YEAR
 MAXIMUM TEMPERATURE (F)   48        73      1931
 MINIMUM TEMPERATURE (F)   35        19      1966
                                             1914
                                             1887


SUNRISE AND SUNSET
NOVEMBER 20 2017......SUNRISE   717 AM EST   SUNSET   455 PM EST
NOVEMBER 21 2017......SUNRISE   718 AM EST   SUNSET   455 PM EST


-  INDICATES NEGATIVE NUMBERS.
R  INDICATES RECORD WAS SET OR TIED.
MM INDICATES DATA IS MISSING.
T  INDICATES TRACE AMOUNT.




$$
