000
CDUS41 KCLE 220545
CLIERI


CLIMATE REPORT
NATIONAL WEATHER SERVICE CLEVELAND OH
145 AM EDT SAT APR 22 2017


...................................

...THE ERIE PA CLIMATE SUMMARY FOR APRIL 21 2017...

CLIMATE NORMAL PERIOD 1981 TO 2010
CLIMATE RECORD PERIOD 1873 TO 2017


WEATHER ITEM   OBSERVED TIME   RECORD YEAR NORMAL DEPARTURE LAST
                VALUE   (LST)  VALUE       VALUE  FROM      YEAR
                                                  NORMAL
..................................................................
TEMPERATURE (F)
 YESTERDAY
  MAXIMUM         63   1229 AM  80    1954  58      5       71
                                      1923
  MINIMUM         44   1159 PM  22    1981  40      4       46
  AVERAGE         54                        49      5       59

PRECIPITATION (IN)
  YESTERDAY        0.00                      0.11  -0.11      T
  MONTH TO DATE    2.94                      2.40   0.54     1.21
  SINCE MAR 1      7.03                      5.35   1.68     4.37
  SINCE JAN 1     14.45                     10.69   3.76    10.58

SNOWFALL (IN)
  YESTERDAY        0.0                       0.1   -0.1      0.0
  MONTH TO DATE    0.5                       3.1   -2.6      2.9
  SINCE MAR 1     10.3                      16.8   -6.5      4.0
  SINCE JUL 1     78.6                     100.8  -22.2     71.2
  SNOW DEPTH       0

DEGREE DAYS
 HEATING
  YESTERDAY       11                        16     -5        6
  MONTH TO DATE  282                       413   -131      462
  SINCE MAR 1   1178                      1324   -146     1138
  SINCE JUL 1   4682                      5689  -1007     4736

 COOLING
  YESTERDAY        0                         0      0        0
  MONTH TO DATE    4                         0      4        0
  SINCE MAR 1      4                         1      3        0
  SINCE JAN 1      4                         1      3        0
..................................................................


WIND (MPH)
  HIGHEST WIND SPEED    20   HIGHEST WIND DIRECTION     W (260)
  HIGHEST GUST SPEED    29   HIGHEST GUST DIRECTION     W (260)
  AVERAGE WIND SPEED     9.0


SKY COVER
  POSSIBLE SUNSHINE  MM
  AVERAGE SKY COVER 1.0


WEATHER CONDITIONS
 THE FOLLOWING WEATHER WAS RECORDED YESTERDAY.
  FOG


RELATIVE HUMIDITY (PERCENT)
 HIGHEST   100           300 AM
 LOWEST     63           200 PM
 AVERAGE    82

..........................................................


THE ERIE PA CLIMATE NORMALS FOR TODAY
                         NORMAL    RECORD    YEAR
 MAXIMUM TEMPERATURE (F)   59        85      1902
 MINIMUM TEMPERATURE (F)   40        26      1978
                                             1975
                                             1959


SUNRISE AND SUNSET
APRIL 22 2017.........SUNRISE   629 AM EDT   SUNSET   810 PM EDT
APRIL 23 2017.........SUNRISE   627 AM EDT   SUNSET   811 PM EDT


-  INDICATES NEGATIVE NUMBERS.
R  INDICATES RECORD WAS SET OR TIED.
MM INDICATES DATA IS MISSING.
T  INDICATES TRACE AMOUNT.




$$
