000
CDUS41 KCLE 270527
CLIERI


CLIMATE REPORT
NATIONAL WEATHER SERVICE CLEVELAND OH
1227 AM EST THU NOV 27 2014


...................................

...THE ERIE PA CLIMATE SUMMARY FOR NOVEMBER 26 2014...

CLIMATE NORMAL PERIOD 1981 TO 2010
CLIMATE RECORD PERIOD 1873 TO 2014


WEATHER ITEM   OBSERVED TIME   RECORD YEAR NORMAL DEPARTURE LAST
                VALUE   (LST)  VALUE       VALUE  FROM      YEAR
                                                  NORMAL
..................................................................
TEMPERATURE (F)
 YESTERDAY
  MAXIMUM         37    135 PM  70    1896  45     -8       35
  MINIMUM         34   1159 PM  10    1950  33      1       32
  AVERAGE         36                        39     -3       34

PRECIPITATION (IN)
  YESTERDAY        0.00                      0.13  -0.13     0.37
  MONTH TO DATE    3.26                      3.41  -0.15     3.96
  SINCE SEP 1     10.34                     12.07  -1.73    14.15
  SINCE JAN 1     38.05                     37.90   0.15    48.02

SNOWFALL (IN)
  YESTERDAY        0.0                       0.4   -0.4      3.9
  MONTH TO DATE   24.1                       6.6   17.5      8.8
  SINCE SEP 1     24.1                       6.8   17.3      9.1
  SINCE JUL 1     24.1                       6.8   17.3      9.1
  SNOW DEPTH       0

DEGREE DAYS
 HEATING
  YESTERDAY       29                        26      3       31
  MONTH TO DATE  661                       546    115      611
  SINCE SEP 1   1090                      1031     59     1043
  SINCE JUL 1   1108                      1049     59     1055

 COOLING
  YESTERDAY        0                         0      0        0
  MONTH TO DATE    0                         0      0        0
  SINCE SEP 1     87                        80      7       85
  SINCE JAN 1    603                       638    -35      706
..................................................................


WIND (MPH)
  HIGHEST WIND SPEED    13   HIGHEST WIND DIRECTION     E (70)
  HIGHEST GUST SPEED    15   HIGHEST GUST DIRECTION     E (70)
  AVERAGE WIND SPEED     5.3


SKY COVER
  POSSIBLE SUNSHINE  MM
  AVERAGE SKY COVER 1.0


WEATHER CONDITIONS
 THE FOLLOWING WEATHER WAS RECORDED YESTERDAY.
  HAZE


RELATIVE HUMIDITY (PERCENT)
 HIGHEST    82          1000 PM
 LOWEST     64          1200 AM
 AVERAGE    73

..........................................................


THE ERIE PA CLIMATE NORMALS FOR TODAY
                         NORMAL    RECORD    YEAR
 MAXIMUM TEMPERATURE (F)   45        71      1990
 MINIMUM TEMPERATURE (F)   33        10      1930


SUNRISE AND SUNSET
NOVEMBER 27 2014......SUNRISE   725 AM EST   SUNSET   451 PM EST
NOVEMBER 28 2014......SUNRISE   726 AM EST   SUNSET   451 PM EST


-  INDICATES NEGATIVE NUMBERS.
R  INDICATES RECORD WAS SET OR TIED.
MM INDICATES DATA IS MISSING.
T  INDICATES TRACE AMOUNT.




$$
