000
CDUS41 KCLE 260527
CLIERI


CLIMATE REPORT
NATIONAL WEATHER SERVICE CLEVELAND OH
1227 AM EST SUN FEB 26 2017


...................................

...THE ERIE PA CLIMATE SUMMARY FOR FEBRUARY 25 2017...

CLIMATE NORMAL PERIOD 1981 TO 2010
CLIMATE RECORD PERIOD 1873 TO 2017


WEATHER ITEM   OBSERVED TIME   RECORD YEAR NORMAL DEPARTURE LAST
                VALUE   (LST)  VALUE       VALUE  FROM      YEAR
                                                  NORMAL
..................................................................
TEMPERATURE (F)
 YESTERDAY
  MAXIMUM         58    419 AM  67    1957  37     21       42
  MINIMUM         27   1159 PM  -4    1900  22      5       27
  AVERAGE         43                        30     13       35

PRECIPITATION (IN)
  YESTERDAY        0.66                      0.10   0.56     0.26
  MONTH TO DATE    2.53                      2.11   0.42     3.69
  SINCE DEC 1     11.29                      8.80   2.49     9.96
  SINCE JAN 1      7.41                      5.06   2.35     6.07

SNOWFALL (IN)
  YESTERDAY        0.2                       0.6   -0.4      2.6
  MONTH TO DATE   10.0                      16.4   -6.4     23.1
  SINCE DEC 1     65.6                      73.5   -7.9     66.4
  SINCE JUL 1     68.0                      82.2  -14.2     66.9
  SNOW DEPTH       0

DEGREE DAYS
 HEATING
  YESTERDAY       22                        35    -13       30
  MONTH TO DATE  683                       924   -241      840
  SINCE DEC 1   2654                      3106   -452     2603
  SINCE JUL 1   3434                      4262   -828     3494

 COOLING
  YESTERDAY        0                         0      0        0
  MONTH TO DATE    0                         0      0        0
  SINCE DEC 1      0                         0      0        0
  SINCE JAN 1      0                         0      0        0
..................................................................


WIND (MPH)
  HIGHEST WIND SPEED    31   HIGHEST WIND DIRECTION     W (260)
  HIGHEST GUST SPEED    41   HIGHEST GUST DIRECTION     W (260)
  AVERAGE WIND SPEED    16.0


SKY COVER
  POSSIBLE SUNSHINE  MM
  AVERAGE SKY COVER 1.0


WEATHER CONDITIONS
 THE FOLLOWING WEATHER WAS RECORDED YESTERDAY.
  THUNDERSTORM
  RAIN
  LIGHT RAIN
  LIGHT SNOW
  FOG


RELATIVE HUMIDITY (PERCENT)
 HIGHEST    92           600 AM
 LOWEST     59           800 PM
 AVERAGE    76

..........................................................


THE ERIE PA CLIMATE NORMALS FOR TODAY
                         NORMAL    RECORD    YEAR
 MAXIMUM TEMPERATURE (F)   38        75      2000
 MINIMUM TEMPERATURE (F)   23       -11      1963


SUNRISE AND SUNSET
FEBRUARY 26 2017......SUNRISE   700 AM EST   SUNSET   608 PM EST
FEBRUARY 27 2017......SUNRISE   659 AM EST   SUNSET   609 PM EST


-  INDICATES NEGATIVE NUMBERS.
R  INDICATES RECORD WAS SET OR TIED.
MM INDICATES DATA IS MISSING.
T  INDICATES TRACE AMOUNT.




$$
