000
CDUS41 KCLE 020531
CLIERI


CLIMATE REPORT
NATIONAL WEATHER SERVICE CLEVELAND OH
130 AM EDT SAT JUL 2 2016


...................................

...THE ERIE PA CLIMATE SUMMARY FOR JULY 1 2016...

CLIMATE NORMAL PERIOD 1981 TO 2010
CLIMATE RECORD PERIOD 1873 TO 2016


WEATHER ITEM   OBSERVED TIME   RECORD YEAR NORMAL DEPARTURE LAST
                VALUE   (LST)  VALUE       VALUE  FROM      YEAR
                                                  NORMAL
..................................................................
TEMPERATURE (F)
 YESTERDAY
  MAXIMUM         74        MM  91    1959  79     -5       71
                                      1956
                                      1931
  MINIMUM         63        MM  48    1965  62      1       61
  AVERAGE         69                        71     -2       66

PRECIPITATION (IN)
  YESTERDAY        0.10                      0.12  -0.02     0.05
  MONTH TO DATE    0.10                      0.12  -0.02     0.05
  SINCE JUN 1      1.94                      3.88  -1.94     5.33
  SINCE JAN 1     14.71                     18.94  -4.23    19.52

SNOWFALL (IN)
  YESTERDAY        0.0                       0.0    0.0      0.0
  MONTH TO DATE    0.0                       0.0    0.0      0.0
  SINCE JUN 1      0.0                       0.0    0.0      0.0
  SINCE JUL 1      0.0                       0.0    0.0      0.0
  SNOW DEPTH       0

DEGREE DAYS
 HEATING
  YESTERDAY        0                         1     -1        0
  MONTH TO DATE    0                         1     -1        0
  SINCE JUN 1     40                        62    -22       37
  SINCE JUL 1      0                         1     -1        0

 COOLING
  YESTERDAY        4                         6     -2        1
  MONTH TO DATE    4                         6     -2        1
  SINCE JUN 1    155                       129     26      101
  SINCE JAN 1    230                       168     62      213
..................................................................


WIND (MPH)
  HIGHEST WIND SPEED    18   HIGHEST WIND DIRECTION     W (270)
  HIGHEST GUST SPEED    27   HIGHEST GUST DIRECTION     W (260)
  AVERAGE WIND SPEED    11.5


SKY COVER
  POSSIBLE SUNSHINE  MM
  AVERAGE SKY COVER 0.4


WEATHER CONDITIONS
 THE FOLLOWING WEATHER WAS RECORDED YESTERDAY.
  LIGHT RAIN
  FOG


RELATIVE HUMIDITY (PERCENT)
 HIGHEST    90          1000 AM
 LOWEST     52          1200 AM
 AVERAGE    71

..........................................................


THE ERIE PA CLIMATE NORMALS FOR TODAY
                         NORMAL    RECORD    YEAR
 MAXIMUM TEMPERATURE (F)   79        94      1963
 MINIMUM TEMPERATURE (F)   63        45      1957


SUNRISE AND SUNSET
JULY  2 2016..........SUNRISE   549 AM EDT   SUNSET   900 PM EDT
JULY  3 2016..........SUNRISE   550 AM EDT   SUNSET   900 PM EDT


-  INDICATES NEGATIVE NUMBERS.
R  INDICATES RECORD WAS SET OR TIED.
MM INDICATES DATA IS MISSING.
T  INDICATES TRACE AMOUNT.




$$
