000
CDUS41 KCLE 080533
CLIERI


CLIMATE REPORT
NATIONAL WEATHER SERVICE CLEVELAND OH
132 AM EDT WED OCT 8 2014


...................................

...THE ERIE PA CLIMATE SUMMARY FOR OCTOBER 7 2014...

CLIMATE NORMAL PERIOD 1981 TO 2010
CLIMATE RECORD PERIOD 1873 TO 2014


WEATHER ITEM   OBSERVED TIME   RECORD YEAR NORMAL DEPARTURE LAST
                VALUE   (LST)  VALUE       VALUE  FROM      YEAR
                                                  NORMAL
..................................................................
TEMPERATURE (F)
 YESTERDAY
  MAXIMUM         63    403 PM  88    1963  64     -1       63
                                      1941
  MINIMUM         52    648 AM  33    1999  48      4       51
                                      1967
  AVERAGE         58                        56      2       57

PRECIPITATION (IN)
  YESTERDAY        0.20                      0.14   0.06     0.92
  MONTH TO DATE    1.42                      1.03   0.39     2.22
  SINCE SEP 1      4.21                      5.64  -1.43     6.20
  SINCE JAN 1     31.92                     31.47   0.45    40.07

SNOWFALL (IN)
  YESTERDAY        0.0                       0.0    0.0      0.0
  MONTH TO DATE    0.0                       0.0    0.0      0.0
  SINCE SEP 1      0.0                       0.0    0.0      0.0
  SINCE JUL 1      0.0                       0.0    0.0      0.0
  SNOW DEPTH       0

DEGREE DAYS
 HEATING
  YESTERDAY        7                        10     -3        8
  MONTH TO DATE   50                        61    -11       10
  SINCE SEP 1    149                       167    -18      130
  SINCE JUL 1    167                       185    -18      142

 COOLING
  YESTERDAY        0                         1     -1        0
  MONTH TO DATE    2                         7     -5       20
  SINCE SEP 1     82                        78      4       85
  SINCE JAN 1    598                       636    -38      706
..................................................................


WIND (MPH)
  HIGHEST WIND SPEED    23   HIGHEST WIND DIRECTION     S (200)
  HIGHEST GUST SPEED    29   HIGHEST GUST DIRECTION     S (190)
  AVERAGE WIND SPEED    12.5


SKY COVER
  POSSIBLE SUNSHINE  MM
  AVERAGE SKY COVER 0.5


WEATHER CONDITIONS
 THE FOLLOWING WEATHER WAS RECORDED YESTERDAY.
  HEAVY RAIN
  RAIN
  LIGHT RAIN
  FOG


RELATIVE HUMIDITY (PERCENT)
 HIGHEST    86           100 AM
 LOWEST     60          1100 AM
 AVERAGE    73

..........................................................


THE ERIE PA CLIMATE NORMALS FOR TODAY
                         NORMAL    RECORD    YEAR
 MAXIMUM TEMPERATURE (F)   63        84      2007
 MINIMUM TEMPERATURE (F)   48        30      1974


SUNRISE AND SUNSET
OCTOBER  8 2014.......SUNRISE   725 AM EDT   SUNSET   650 PM EDT
OCTOBER  9 2014.......SUNRISE   726 AM EDT   SUNSET   649 PM EDT


-  INDICATES NEGATIVE NUMBERS.
R  INDICATES RECORD WAS SET OR TIED.
MM INDICATES DATA IS MISSING.
T  INDICATES TRACE AMOUNT.




$$
