000
CDUS41 KCLE 072115
CLIERI


CLIMATE REPORT
NATIONAL WEATHER SERVICE CLEVELAND OH
511 PM EDT THU AUG 7 2014


...................................

...THE ERIE PA CLIMATE SUMMARY FOR AUGUST 7 2014...
VALID TODAY AS OF 0500 PM LOCAL TIME.

CLIMATE NORMAL PERIOD 1981 TO 2010
CLIMATE RECORD PERIOD 1873 TO 2014


WEATHER ITEM   OBSERVED TIME   RECORD YEAR NORMAL DEPARTURE LAST
                VALUE   (LST)  VALUE       VALUE  FROM      YEAR
                                                  NORMAL
..................................................................
TEMPERATURE (F)
 TODAY
  MAXIMUM         74    359 PM  94    1947  79     -5       83
                                      1918
  MINIMUM         58    537 AM  49    1975  63     -5       66
  AVERAGE         66                        71     -5       75

PRECIPITATION (IN)
  TODAY            0.00                      0.12  -0.12     0.01
  MONTH TO DATE    0.98                      0.82   0.16     0.73
  SINCE JUN 1      9.22                      8.12   1.10    13.63
  SINCE JAN 1     25.37                     23.18   2.19    30.86

SNOWFALL (IN)
  TODAY            0.0                       0.0    0.0      0.0
  MONTH TO DATE    0.0                       0.0    0.0      0.0
  SINCE JUN 1      0.0                       0.0    0.0      0.0
  SINCE JUL 1      0.0                       0.0    0.0      0.0
  SNOW DEPTH       0

DEGREE DAYS
 HEATING
  TODAY            0                         0      0        0
  MONTH TO DATE    0                         0      0        3
  SINCE JUN 1     35                        68    -33       74
  SINCE JUL 1      5                         7     -2        6

 COOLING
  TODAY            1                         7     -6       10
  MONTH TO DATE   37                        49    -12       31
  SINCE JUN 1    347                       385    -38      396
  SINCE JAN 1    386                       424    -38      481
..................................................................


WIND (MPH)
  HIGHEST WIND SPEED    10   HIGHEST WIND DIRECTION    NW (300)
  HIGHEST GUST SPEED    14   HIGHEST GUST DIRECTION    NW (310)


SKY COVER
  POSSIBLE SUNSHINE  MM
  AVERAGE SKY COVER 0.0


WEATHER CONDITIONS
 THE FOLLOWING WEATHER WAS RECORDED TODAY.
  NO SIGNIFICANT WEATHER WAS OBSERVED.


RELATIVE HUMIDITY (PERCENT)
 HIGHEST    87           300 AM
 LOWEST     57           900 AM
 AVERAGE    72

..........................................................


THE ERIE PA CLIMATE NORMALS FOR TOMORROW
                         NORMAL    RECORD    YEAR
 MAXIMUM TEMPERATURE (F)   79        93      1918
 MINIMUM TEMPERATURE (F)   63        51      1975
                                             1903


SUNRISE AND SUNSET
AUGUST  7 2014........SUNRISE   620 AM EDT   SUNSET   832 PM EDT
AUGUST  8 2014........SUNRISE   621 AM EDT   SUNSET   831 PM EDT


-  INDICATES NEGATIVE NUMBERS.
R  INDICATES RECORD WAS SET OR TIED.
MM INDICATES DATA IS MISSING.
T  INDICATES TRACE AMOUNT.




$$
