000
CDUS41 KCLE 160527
CLIERI


CLIMATE REPORT
NATIONAL WEATHER SERVICE CLEVELAND OH
125 AM EDT MON MAR 16 2015


...................................

...THE ERIE PA CLIMATE SUMMARY FOR MARCH 15 2015...

CLIMATE NORMAL PERIOD 1981 TO 2010
CLIMATE RECORD PERIOD 1873 TO 2015


WEATHER ITEM   OBSERVED TIME   RECORD YEAR NORMAL DEPARTURE LAST
                VALUE   (LST)  VALUE       VALUE  FROM      YEAR
                                                  NORMAL
..................................................................
TEMPERATURE (F)
 YESTERDAY
  MAXIMUM         36   1229 AM  81    1990  43     -7       45
  MINIMUM         30    839 PM   6    1993  27      3       23
                                      1960
  AVERAGE         33                        35     -2       34

PRECIPITATION (IN)
  YESTERDAY        0.00                      0.09  -0.09      T
  MONTH TO DATE    0.81                      1.35  -0.54     1.34
  SINCE MAR 1      0.81                      1.35  -0.54     1.34
  SINCE JAN 1      6.57                      6.69  -0.12     7.25

SNOWFALL (IN)
  YESTERDAY        0.0                       0.4   -0.4       T
  MONTH TO DATE    4.6                       7.9   -3.3      9.8
  SINCE MAR 1      4.6                       7.9   -3.3      9.8
  SINCE JUL 1    104.0                      91.9   12.1    129.4
  SNOW DEPTH       0

DEGREE DAYS
 HEATING
  YESTERDAY       32                        30      2       31
  MONTH TO DATE  531                       483     48      592
  SINCE MAR 1    531                       483     48      592
  SINCE JUL 1   5407                      4848    559     5413

 COOLING
  YESTERDAY        0                         0      0        0
  MONTH TO DATE    0                         0      0        0
  SINCE MAR 1      0                         0      0        0
  SINCE JAN 1      0                         0      0        0
..................................................................


WIND (MPH)
  HIGHEST WIND SPEED    17   HIGHEST WIND DIRECTION     W (260)
  HIGHEST GUST SPEED    24   HIGHEST GUST DIRECTION     W (290)
  AVERAGE WIND SPEED    10.7


SKY COVER
  POSSIBLE SUNSHINE  MM
  AVERAGE SKY COVER 0.8


WEATHER CONDITIONS
 THE FOLLOWING WEATHER WAS RECORDED YESTERDAY.
  NO SIGNIFICANT WEATHER WAS OBSERVED.


RELATIVE HUMIDITY (PERCENT)
 HIGHEST    82           300 AM
 LOWEST     72          1000 PM
 AVERAGE    77

..........................................................


THE ERIE PA CLIMATE NORMALS FOR TODAY
                         NORMAL    RECORD    YEAR
 MAXIMUM TEMPERATURE (F)   44        72      1935
 MINIMUM TEMPERATURE (F)   27         5      1916


SUNRISE AND SUNSET
MARCH 16 2015.........SUNRISE   731 AM EDT   SUNSET   728 PM EDT
MARCH 17 2015.........SUNRISE   730 AM EDT   SUNSET   729 PM EDT


-  INDICATES NEGATIVE NUMBERS.
R  INDICATES RECORD WAS SET OR TIED.
MM INDICATES DATA IS MISSING.
T  INDICATES TRACE AMOUNT.




$$
