000
CDUS41 KCLE 062119
CLIERI


CLIMATE REPORT
NATIONAL WEATHER SERVICE CLEVELAND OH
518 PM EDT WED APR 6 2016


...................................

...THE ERIE PA CLIMATE SUMMARY FOR APRIL 6 2016...
VALID TODAY AS OF 0500 PM LOCAL TIME.

CLIMATE NORMAL PERIOD 1981 TO 2010
CLIMATE RECORD PERIOD 1873 TO 2016


WEATHER ITEM   OBSERVED TIME   RECORD YEAR NORMAL DEPARTURE LAST
                VALUE   (LST)  VALUE       VALUE  FROM      YEAR
                                                  NORMAL
..................................................................
TEMPERATURE (F)
 TODAY
  MAXIMUM         55    218 PM  79    1942  52      3       63
                                      1929
                                      1928
  MINIMUM         28    147 AM  16    1982  35     -7       34
  AVERAGE         42                        44     -2       49

PRECIPITATION (IN)
  TODAY            0.07                      0.11  -0.04     0.01
  MONTH TO DATE    0.37                      0.68  -0.31     0.76
  SINCE MAR 1      3.53                      3.63  -0.10     2.76
  SINCE JAN 1      9.74                      8.97   0.77     8.52

SNOWFALL (IN)
  TODAY            0.0                       0.2   -0.2      0.0
  MONTH TO DATE    1.1                       1.3   -0.2      0.0
  SINCE MAR 1      2.2                      15.0  -12.8     10.9
  SINCE JUL 1     69.4                      99.0  -29.6    110.3
  SNOW DEPTH       0

DEGREE DAYS
 HEATING
  TODAY           23                        22      1       16
  MONTH TO DATE  164                       136     28      119
  SINCE MAR 1    840                      1047   -207     1165
  SINCE JUL 1   4438                      5412   -974     6041

 COOLING
  TODAY            0                         0      0        0
  MONTH TO DATE    0                         0      0        0
  SINCE MAR 1      0                         1     -1        0
  SINCE JAN 1      0                         1     -1        0
..................................................................


WIND (MPH)
  HIGHEST WIND SPEED    29   HIGHEST WIND DIRECTION     S (160)
  HIGHEST GUST SPEED    36   HIGHEST GUST DIRECTION     S (170)


SKY COVER
  POSSIBLE SUNSHINE  MM
  AVERAGE SKY COVER 0.6


WEATHER CONDITIONS
 THE FOLLOWING WEATHER WAS RECORDED TODAY.
  THUNDERSTORM
  LIGHT RAIN


RELATIVE HUMIDITY (PERCENT)
 HIGHEST    66           400 PM
 LOWEST     28           100 PM
 AVERAGE    47

..........................................................


THE ERIE PA CLIMATE NORMALS FOR TOMORROW
                         NORMAL    RECORD    YEAR
 MAXIMUM TEMPERATURE (F)   53        81      1929
                                             1921
 MINIMUM TEMPERATURE (F)   35        16      1982


SUNRISE AND SUNSET
APRIL  6 2016.........SUNRISE   654 AM EDT   SUNSET   753 PM EDT
APRIL  7 2016.........SUNRISE   652 AM EDT   SUNSET   754 PM EDT


-  INDICATES NEGATIVE NUMBERS.
R  INDICATES RECORD WAS SET OR TIED.
MM INDICATES DATA IS MISSING.
T  INDICATES TRACE AMOUNT.




$$
