000
CDUS41 KCLE 190547
CLIERI


CLIMATE REPORT
NATIONAL WEATHER SERVICE CLEVELAND OH
1237 AM EST MON FEB 19 2018


...................................

...THE ERIE PA CLIMATE SUMMARY FOR FEBRUARY 18 2018...

CLIMATE NORMAL PERIOD 1981 TO 2010
CLIMATE RECORD PERIOD 1873 TO 2018


WEATHER ITEM   OBSERVED TIME   RECORD YEAR NORMAL DEPARTURE LAST
                VALUE   (LST)  VALUE       VALUE  FROM      YEAR
                                                  NORMAL
..................................................................
TEMPERATURE (F)
 YESTERDAY
  MAXIMUM         37   1159 PM  70    2017  36      1       70
  MINIMUM         30    727 PM -11    1979  21      9       45
  AVERAGE         34                        29      5       58

PRECIPITATION (IN)
  YESTERDAY        0.01                      0.08  -0.07     0.00
  MONTH TO DATE    1.94                      1.49   0.45     1.83
  SINCE DEC 1     12.21                      8.18   4.03    10.59
  SINCE JAN 1      4.66                      4.44   0.22     6.71

SNOWFALL (IN)
  YESTERDAY        0.3                       0.7   -0.4      0.0
  MONTH TO DATE   11.4                      12.2   -0.8      9.8
  SINCE DEC 1    154.7                      69.3   85.4     65.4
  SINCE JUL 1    155.2                      78.0   77.2     67.8
  SNOW DEPTH       T

DEGREE DAYS
 HEATING
  YESTERDAY       31                        36     -5        7
  MONTH TO DATE  673                       674     -1      574
  SINCE DEC 1   3007                      2856    151     2545
  SINCE JUL 1   4004                      4012     -8     3325

 COOLING
  YESTERDAY        0                         0      0        0
  MONTH TO DATE    0                         0      0        0
  SINCE DEC 1      0                         0      0        0
  SINCE JAN 1      0                         0      0        0
..................................................................


WIND (MPH)
  HIGHEST WIND SPEED    16   HIGHEST WIND DIRECTION     S (170)
  HIGHEST GUST SPEED    22   HIGHEST GUST DIRECTION     S (180)
  AVERAGE WIND SPEED     8.0


SKY COVER
  POSSIBLE SUNSHINE  MM
  AVERAGE SKY COVER 0.6


WEATHER CONDITIONS
 THE FOLLOWING WEATHER WAS RECORDED YESTERDAY.
  LIGHT SNOW
  FOG
  HAZE


RELATIVE HUMIDITY (PERCENT)
 HIGHEST    92           200 AM
 LOWEST     56           400 PM
 AVERAGE    74

..........................................................


THE ERIE PA CLIMATE NORMALS FOR TODAY
                         NORMAL    RECORD    YEAR
 MAXIMUM TEMPERATURE (F)   36        65      1948
 MINIMUM TEMPERATURE (F)   21       -10      2015


SUNRISE AND SUNSET
FEBRUARY 19 2018......SUNRISE   711 AM EST   SUNSET   559 PM EST
FEBRUARY 20 2018......SUNRISE   710 AM EST   SUNSET   600 PM EST


-  INDICATES NEGATIVE NUMBERS.
R  INDICATES RECORD WAS SET OR TIED.
MM INDICATES DATA IS MISSING.
T  INDICATES TRACE AMOUNT.




$$
