000
CDUS41 KCLE 270541
CLIERI


CLIMATE REPORT
NATIONAL WEATHER SERVICE CLEVELAND OH
1240 AM EST TUE JAN 27 2015


...................................

...THE ERIE PA CLIMATE SUMMARY FOR JANUARY 26 2015...

CLIMATE NORMAL PERIOD 1981 TO 2010
CLIMATE RECORD PERIOD 1873 TO 2015


WEATHER ITEM   OBSERVED TIME   RECORD YEAR NORMAL DEPARTURE LAST
                VALUE   (LST)  VALUE       VALUE  FROM      YEAR
                                                  NORMAL
..................................................................
TEMPERATURE (F)
 YESTERDAY
  MAXIMUM         22    722 PM  70    1950  34    -12       31
  MINIMUM         17    917 AM  -3    1897  20     -3        3
                                      1884
  AVERAGE         20                        27     -7       17

PRECIPITATION (IN)
  YESTERDAY        0.05                      0.08  -0.03     0.01
  MONTH TO DATE    3.19                      2.54   0.65     2.45
  SINCE DEC 1      5.64                      6.28  -0.64     8.41
  SINCE JAN 1      3.19                      2.54   0.65     2.45

SNOWFALL (IN)
  YESTERDAY        0.7                       0.8   -0.1      0.3
  MONTH TO DATE   32.3                      25.4    6.9     26.0
  SINCE DEC 1     37.8                      52.9  -15.1     74.0
  SINCE JUL 1     62.8                      61.6    1.2     89.6
  SNOW DEPTH       4

DEGREE DAYS
 HEATING
  YESTERDAY       45                        38      7       48
  MONTH TO DATE 1098                       980    118     1100
  SINCE DEC 1   1991                      1992     -1     2143
  SINCE JUL 1   3205                      3148     57     3342

 COOLING
  YESTERDAY        0                         0      0        0
  MONTH TO DATE    0                         0      0        0
  SINCE DEC 1      0                         0      0        0
  SINCE JAN 1      0                         0      0        0
..................................................................


WIND (MPH)
  HIGHEST WIND SPEED    20   HIGHEST WIND DIRECTION    NE (40)
  HIGHEST GUST SPEED    24   HIGHEST GUST DIRECTION    NE (60)
  AVERAGE WIND SPEED    12.2


SKY COVER
  POSSIBLE SUNSHINE  MM
  AVERAGE SKY COVER 1.0


WEATHER CONDITIONS
 THE FOLLOWING WEATHER WAS RECORDED YESTERDAY.
  LIGHT SNOW
  HAZE


RELATIVE HUMIDITY (PERCENT)
 HIGHEST    84          1200 PM
 LOWEST     61          1200 AM
 AVERAGE    73

..........................................................


THE ERIE PA CLIMATE NORMALS FOR TODAY
                         NORMAL    RECORD    YEAR
 MAXIMUM TEMPERATURE (F)   34        67      1916
 MINIMUM TEMPERATURE (F)   20        -5      1936


SUNRISE AND SUNSET
JANUARY 27 2015.......SUNRISE   739 AM EST   SUNSET   529 PM EST
JANUARY 28 2015.......SUNRISE   738 AM EST   SUNSET   530 PM EST


-  INDICATES NEGATIVE NUMBERS.
R  INDICATES RECORD WAS SET OR TIED.
MM INDICATES DATA IS MISSING.
T  INDICATES TRACE AMOUNT.




$$
