927
CDUS41 KCLE 290527
CLIERI


CLIMATE REPORT
NATIONAL WEATHER SERVICE CLEVELAND OH
126 AM EDT SAT APR 29 2017


...................................

...THE ERIE PA CLIMATE SUMMARY FOR APRIL 28 2017...

CLIMATE NORMAL PERIOD 1981 TO 2010
CLIMATE RECORD PERIOD 1873 TO 2017


WEATHER ITEM   OBSERVED TIME   RECORD YEAR NORMAL DEPARTURE LAST
                VALUE   (LST)  VALUE       VALUE  FROM      YEAR
                                                  NORMAL
..................................................................
TEMPERATURE (F)
 YESTERDAY
  MAXIMUM         61   1009 PM  89    1990  61      0       48
  MINIMUM         47    258 AM  27    1934  42      5       43
  AVERAGE         54                        52      2       46

PRECIPITATION (IN)
  YESTERDAY        0.01                      0.10  -0.09     0.13
  MONTH TO DATE    3.28                      3.12   0.16     1.61
  SINCE MAR 1      7.37                      6.07   1.30     4.77
  SINCE JAN 1     14.79                     11.41   3.38    10.98

SNOWFALL (IN)
  YESTERDAY        0.0                       0.0    0.0      0.0
  MONTH TO DATE    0.5                       3.2   -2.7      2.9
  SINCE MAR 1     10.3                      16.9   -6.6      4.0
  SINCE JUL 1     78.6                     100.9  -22.3     71.2
  SNOW DEPTH       0

DEGREE DAYS
 HEATING
  YESTERDAY       11                        14     -3       19
  MONTH TO DATE  354                       516   -162      586
  SINCE MAR 1   1250                      1427   -177     1262
  SINCE JUL 1   4754                      5792  -1038     4860

 COOLING
  YESTERDAY        0                         0      0        0
  MONTH TO DATE    9                         0      9        0
  SINCE MAR 1      9                         1      8        0
  SINCE JAN 1      9                         1      8        0
..................................................................


WIND (MPH)
  HIGHEST WIND SPEED    20   HIGHEST WIND DIRECTION     S (170)
  HIGHEST GUST SPEED    26   HIGHEST GUST DIRECTION     S (190)
  AVERAGE WIND SPEED     8.7


SKY COVER
  POSSIBLE SUNSHINE  MM
  AVERAGE SKY COVER 0.6


WEATHER CONDITIONS
 THE FOLLOWING WEATHER WAS RECORDED YESTERDAY.
  LIGHT RAIN


RELATIVE HUMIDITY (PERCENT)
 HIGHEST    82           300 AM
 LOWEST     57          1000 AM
 AVERAGE    70

..........................................................


THE ERIE PA CLIMATE NORMALS FOR TODAY
                         NORMAL    RECORD    YEAR
 MAXIMUM TEMPERATURE (F)   61        82      1899
 MINIMUM TEMPERATURE (F)   43        24      1977


SUNRISE AND SUNSET
APRIL 29 2017.........SUNRISE   619 AM EDT   SUNSET   818 PM EDT
APRIL 30 2017.........SUNRISE   618 AM EDT   SUNSET   819 PM EDT


-  INDICATES NEGATIVE NUMBERS.
R  INDICATES RECORD WAS SET OR TIED.
MM INDICATES DATA IS MISSING.
T  INDICATES TRACE AMOUNT.




$$
