000
CDUS41 KCLE 212220
CLIERI


CLIMATE REPORT
NATIONAL WEATHER SERVICE CLEVELAND OH
519 PM EST TUE NOV 21 2017


...................................

...THE ERIE PA CLIMATE SUMMARY FOR NOVEMBER 21 2017...
VALID TODAY AS OF 0500 PM LOCAL TIME.

CLIMATE NORMAL PERIOD 1981 TO 2010
CLIMATE RECORD PERIOD 1873 TO 2017


WEATHER ITEM   OBSERVED TIME   RECORD YEAR NORMAL DEPARTURE LAST
                VALUE   (LST)  VALUE       VALUE  FROM      YEAR
                                                  NORMAL
..................................................................
TEMPERATURE (F)
 TODAY
  MAXIMUM         54    324 PM  73    1913  48      6       37
  MINIMUM         41    121 AM   7    1880  35      6       34
  AVERAGE         48                        41      7       36

PRECIPITATION (IN)
  TODAY            0.00                      0.14  -0.14      T
  MONTH TO DATE    5.93                      2.75   3.18     1.52
  SINCE SEP 1     14.06                     11.41   2.65    13.72
  SINCE JAN 1     45.43                     37.24   8.19    40.78

SNOWFALL (IN)
  TODAY            0.0                       0.3   -0.3       T
  MONTH TO DATE    0.5                       4.5   -4.0      2.3
  SINCE SEP 1      0.5                       4.7   -4.2      2.3
  SINCE JUL 1      0.5                       4.7   -4.2      2.3
  SNOW DEPTH       0

DEGREE DAYS
 HEATING
  TODAY           17                        24     -7       29
  MONTH TO DATE  459                       422     37      309
  SINCE SEP 1    780                       907   -127      585
  SINCE JUL 1    790                       925   -135      585

 COOLING
  TODAY            0                         0      0        0
  MONTH TO DATE    0                         0      0        2
  SINCE SEP 1    135                        80     55      168
  SINCE JAN 1    697                       638     59     1017
..................................................................


WIND (MPH)
  HIGHEST WIND SPEED    31   HIGHEST WIND DIRECTION     S (200)
  HIGHEST GUST SPEED    43   HIGHEST GUST DIRECTION     S (200)


SKY COVER
  POSSIBLE SUNSHINE  MM
  AVERAGE SKY COVER 0.0


WEATHER CONDITIONS
 THE FOLLOWING WEATHER WAS RECORDED TODAY.
  NO SIGNIFICANT WEATHER WAS OBSERVED.


RELATIVE HUMIDITY (PERCENT)
 HIGHEST    45          1200 AM
 LOWEST     35           100 PM
 AVERAGE    40

..........................................................


THE ERIE PA CLIMATE NORMALS FOR TOMORROW
                         NORMAL    RECORD    YEAR
 MAXIMUM TEMPERATURE (F)   47        72      1934
                                             1913
 MINIMUM TEMPERATURE (F)   35         6      1880


SUNRISE AND SUNSET
NOVEMBER 21 2017......SUNRISE   718 AM EST   SUNSET   455 PM EST
NOVEMBER 22 2017......SUNRISE   720 AM EST   SUNSET   454 PM EST


-  INDICATES NEGATIVE NUMBERS.
R  INDICATES RECORD WAS SET OR TIED.
MM INDICATES DATA IS MISSING.
T  INDICATES TRACE AMOUNT.




$$
