000
CDUS41 KCLE 182125
CLIERI


CLIMATE REPORT
NATIONAL WEATHER SERVICE CLEVELAND OH
425 PM EST THU DEC 18 2014


...................................

...THE ERIE PA CLIMATE SUMMARY FOR DECEMBER 17 2014...

CLIMATE NORMAL PERIOD 1981 TO 2010
CLIMATE RECORD PERIOD 1873 TO 2014


WEATHER ITEM   OBSERVED TIME   RECORD YEAR NORMAL DEPARTURE LAST
                VALUE   (LST)  VALUE       VALUE  FROM      YEAR
                                                  NORMAL
..................................................................
TEMPERATURE (F)
 YESTERDAY
  MAXIMUM         44   1211 AM  60    1984  37      7       27
  MINIMUM         32   1159 PM   3    1919  26      6       17
  AVERAGE         38                        32      6       22

PRECIPITATION (IN)
  YESTERDAY        0.25                      0.12   0.13     0.08
  MONTH TO DATE    1.77                      2.11  -0.34     2.13
  SINCE DEC 1      1.77                      2.11  -0.34     2.13
  SINCE JAN 1     40.00                     40.53  -0.53    50.63

SNOWFALL (IN)
  YESTERDAY        0.1                       0.9   -0.8      1.9
  MONTH TO DATE    3.4                      13.3   -9.9     31.3
  SINCE DEC 1      3.4                      13.3   -9.9     31.3
  SINCE JUL 1     28.4                      22.0    6.4     46.9
  SNOW DEPTH       0

DEGREE DAYS
 HEATING
  YESTERDAY       27                        33     -6       43
  MONTH TO DATE  490                       520    -30      607
  SINCE DEC 1    490                       520    -30      607
  SINCE JUL 1   1704                      1676     28     1806

 COOLING
  YESTERDAY        0                         0      0        0
  MONTH TO DATE    0                         0      0        0
  SINCE DEC 1      0                         0      0        0
  SINCE JAN 1    603                       638    -35      706
..................................................................


WIND (MPH)
  HIGHEST WIND SPEED    25   HIGHEST WIND DIRECTION     W (250)
  HIGHEST GUST SPEED    37   HIGHEST GUST DIRECTION     W (250)
  AVERAGE WIND SPEED    16.3


SKY COVER
  POSSIBLE SUNSHINE  MM
  AVERAGE SKY COVER 1.0


WEATHER CONDITIONS
 THE FOLLOWING WEATHER WAS RECORDED YESTERDAY.
  LIGHT RAIN
  LIGHT SNOW
  FOG
  HAZE


RELATIVE HUMIDITY (PERCENT)
 HIGHEST    92           500 AM
 LOWEST     63          1100 PM
 AVERAGE    78

..........................................................


THE ERIE PA CLIMATE NORMALS FOR TODAY
                         NORMAL    RECORD    YEAR
 MAXIMUM TEMPERATURE (F)   37        60      1967
 MINIMUM TEMPERATURE (F)   26         0      1919


SUNRISE AND SUNSET
DECEMBER 18 2014......SUNRISE   744 AM EST   SUNSET   451 PM EST
DECEMBER 19 2014......SUNRISE   745 AM EST   SUNSET   451 PM EST


-  INDICATES NEGATIVE NUMBERS.
R  INDICATES RECORD WAS SET OR TIED.
MM INDICATES DATA IS MISSING.
T  INDICATES TRACE AMOUNT.




$$
