000
CDUS41 KCLE 160610
CLIERI


CLIMATE REPORT
NATIONAL WEATHER SERVICE CLEVELAND OH
127 AM EDT MON OCT 16 2017


...................................

...THE ERIE PA CLIMATE SUMMARY FOR OCTOBER 15 2017...

CLIMATE NORMAL PERIOD 1981 TO 2010
CLIMATE RECORD PERIOD 1873 TO 2017


WEATHER ITEM   OBSERVED TIME   RECORD YEAR NORMAL DEPARTURE LAST
                VALUE   (LST)  VALUE       VALUE  FROM      YEAR
                                                  NORMAL
..................................................................
TEMPERATURE (F)
 YESTERDAY
  MAXIMUM         80    148 PM  82    1962  61     19       76
                                      1920
  MINIMUM         52   1159 PM  28    1876  45      7       43
  AVERAGE         66                        53     13       60

PRECIPITATION (IN)
  YESTERDAY        0.42                      0.12   0.30     0.00
  MONTH TO DATE    2.90                      2.11   0.79     0.86
  SINCE SEP 1      6.73                      6.72   0.01     6.82
  SINCE JAN 1     38.10                     32.55   5.55    33.88

SNOWFALL (IN)
  YESTERDAY        0.0                       0.0    0.0      0.0
  MONTH TO DATE    0.0                       0.0    0.0      0.0
  SINCE SEP 1      0.0                       0.0    0.0      0.0
  SINCE JUL 1      0.0                       0.0    0.0      0.0
  SNOW DEPTH       0

DEGREE DAYS
 HEATING
  YESTERDAY        0                        12    -12        5
  MONTH TO DATE   32                       149   -117       81
  SINCE SEP 1    119                       255   -136      104
  SINCE JUL 1    129                       273   -144      104

 COOLING
  YESTERDAY        1                         0      1        0
  MONTH TO DATE   26                         7     19        8
  SINCE SEP 1    132                        78     54      144
  SINCE JAN 1    694                       636     58      993
..................................................................


WIND (MPH)
  HIGHEST WIND SPEED    29   HIGHEST WIND DIRECTION     W (260)
  HIGHEST GUST SPEED    46   HIGHEST GUST DIRECTION     S (200)
  AVERAGE WIND SPEED    19.2


SKY COVER
  POSSIBLE SUNSHINE  MM
  AVERAGE SKY COVER 0.6


WEATHER CONDITIONS
 THE FOLLOWING WEATHER WAS RECORDED YESTERDAY.
  HEAVY RAIN
  LIGHT RAIN
  FOG


RELATIVE HUMIDITY (PERCENT)
 HIGHEST    78           400 PM
 LOWEST     61           400 AM
 AVERAGE    70

..........................................................


THE ERIE PA CLIMATE NORMALS FOR TODAY
                         NORMAL    RECORD    YEAR
 MAXIMUM TEMPERATURE (F)   61        82      1962
 MINIMUM TEMPERATURE (F)   45        33      2009


SUNRISE AND SUNSET
OCTOBER 16 2017.......SUNRISE   735 AM EDT   SUNSET   637 PM EDT
OCTOBER 17 2017.......SUNRISE   736 AM EDT   SUNSET   635 PM EDT


-  INDICATES NEGATIVE NUMBERS.
R  INDICATES RECORD WAS SET OR TIED.
MM INDICATES DATA IS MISSING.
T  INDICATES TRACE AMOUNT.




$$
