000
CDUS41 KCLE 150532
CLIERI


CLIMATE REPORT
NATIONAL WEATHER SERVICE CLEVELAND OH
1231 AM EST FRI DEC 15 2017


...................................

...THE ERIE PA CLIMATE SUMMARY FOR DECEMBER 14 2017...

CLIMATE NORMAL PERIOD 1981 TO 2010
CLIMATE RECORD PERIOD 1873 TO 2017


WEATHER ITEM   OBSERVED TIME   RECORD YEAR NORMAL DEPARTURE LAST
                VALUE   (LST)  VALUE       VALUE  FROM      YEAR
                                                  NORMAL
..................................................................
TEMPERATURE (F)
 YESTERDAY
  MAXIMUM         24    548 PM  69    2015  38    -14       30
  MINIMUM         18    802 AM   3    1914  27     -9       20
  AVERAGE         21                        33    -12       25

PRECIPITATION (IN)
  YESTERDAY        0.04                      0.12  -0.08     0.03
  MONTH TO DATE    1.76                      1.75   0.01     2.22
  SINCE DEC 1      1.76                      1.75   0.01     2.22
  SINCE JAN 1     47.73                     40.17   7.56    44.00

SNOWFALL (IN)
  YESTERDAY        0.5                       0.9   -0.4      1.0
  MONTH TO DATE   21.4                      10.5   10.9     13.4
  SINCE DEC 1     21.4                      10.5   10.9     13.4
  SINCE JUL 1     21.9                      19.2    2.7     15.8
  SNOW DEPTH       4

DEGREE DAYS
 HEATING
  YESTERDAY       44                        32     12       40
  MONTH TO DATE  459                       421     38      429
  SINCE DEC 1    459                       421     38      429
  SINCE JUL 1   1456                      1577   -121     1209

 COOLING
  YESTERDAY        0                         0      0        0
  MONTH TO DATE    0                         0      0        0
  SINCE DEC 1      0                         0      0        0
  SINCE JAN 1    697                       638     59     1017
..................................................................


WIND (MPH)
  HIGHEST WIND SPEED    23   HIGHEST WIND DIRECTION     N (20)
  HIGHEST GUST SPEED    29   HIGHEST GUST DIRECTION     N (20)
  AVERAGE WIND SPEED     8.9


SKY COVER
  POSSIBLE SUNSHINE  MM
  AVERAGE SKY COVER 0.9


WEATHER CONDITIONS
 THE FOLLOWING WEATHER WAS RECORDED YESTERDAY.
  SNOW
  LIGHT SNOW
  FOG
  HAZE


RELATIVE HUMIDITY (PERCENT)
 HIGHEST    88           400 AM
 LOWEST     56           900 AM
 AVERAGE    72

..........................................................


THE ERIE PA CLIMATE NORMALS FOR TODAY
                         NORMAL    RECORD    YEAR
 MAXIMUM TEMPERATURE (F)   38        64      1971
 MINIMUM TEMPERATURE (F)   27         2      1914


SUNRISE AND SUNSET
DECEMBER 15 2017......SUNRISE   742 AM EST   SUNSET   450 PM EST
DECEMBER 16 2017......SUNRISE   743 AM EST   SUNSET   450 PM EST


-  INDICATES NEGATIVE NUMBERS.
R  INDICATES RECORD WAS SET OR TIED.
MM INDICATES DATA IS MISSING.
T  INDICATES TRACE AMOUNT.




$$
