000
CDUS41 KCLE 190545
CLIERI


CLIMATE REPORT
NATIONAL WEATHER SERVICE CLEVELAND OH
145 AM EDT SAT APR 19 2014


...................................

...THE ERIE PA CLIMATE SUMMARY FOR APRIL 18 2014...

CLIMATE NORMAL PERIOD 1981 TO 2010
CLIMATE RECORD PERIOD 1873 TO 2014


WEATHER ITEM   OBSERVED TIME   RECORD YEAR NORMAL DEPARTURE LAST
                VALUE   (LST)  VALUE       VALUE  FROM      YEAR
                                                  NORMAL
..................................................................
TEMPERATURE (F)
 YESTERDAY
  MAXIMUM         61   1054 AM  85    2013  57      4       85
  MINIMUM         44   1113 PM  14    1875  39      5       45
  AVERAGE         53                        48      5       65

PRECIPITATION (IN)
  YESTERDAY        0.00                      0.11  -0.11      T
  MONTH TO DATE    2.45                      2.08   0.37     1.68
  SINCE MAR 1      5.62                      5.03   0.59     4.28
  SINCE JAN 1     11.53                     10.37   1.16    10.79

SNOWFALL (IN)
  YESTERDAY        0.0                       0.0    0.0      0.0
  MONTH TO DATE    1.2                       2.9   -1.7       T
  SINCE MAR 1     18.8                      16.6    2.2     25.2
  SINCE JUL 1    138.4                     100.6   37.8    104.5
  SNOW DEPTH       0

DEGREE DAYS
 HEATING
  YESTERDAY       12                        17     -5        0
  MONTH TO DATE  346                       364    -18      367
  SINCE MAR 1   1485                      1275    210     1362
  SINCE JUL 1   6306                      5640    666     5456

 COOLING
  YESTERDAY        0                         0      0        0
  MONTH TO DATE    0                         0      0        0
  SINCE MAR 1      0                         1     -1        0
  SINCE JAN 1      0                         1     -1        0
..................................................................


WIND (MPH)
  HIGHEST WIND SPEED    23   HIGHEST WIND DIRECTION    SE (150)
  HIGHEST GUST SPEED    30   HIGHEST GUST DIRECTION     S (170)
  AVERAGE WIND SPEED    10.6


SKY COVER
  POSSIBLE SUNSHINE  MM
  AVERAGE SKY COVER 0.1


WEATHER CONDITIONS
 THE FOLLOWING WEATHER WAS RECORDED YESTERDAY.
  HAZE


RELATIVE HUMIDITY (PERCENT)
 HIGHEST    76           800 PM
 LOWEST     32          1100 AM
 AVERAGE    54

..........................................................


THE ERIE PA CLIMATE NORMALS FOR TODAY
                         NORMAL    RECORD    YEAR
 MAXIMUM TEMPERATURE (F)   58        84      2008
 MINIMUM TEMPERATURE (F)   39        23      1904
                                             1897
                                             1875


SUNRISE AND SUNSET
APRIL 19 2014.........SUNRISE   634 AM EDT   SUNSET   806 PM EDT
APRIL 20 2014.........SUNRISE   632 AM EDT   SUNSET   808 PM EDT


-  INDICATES NEGATIVE NUMBERS.
R  INDICATES RECORD WAS SET OR TIED.
MM INDICATES DATA IS MISSING.
T  INDICATES TRACE AMOUNT.




$$
