805
CDUS41 KCLE 180526
CLIERI


CLIMATE REPORT
NATIONAL WEATHER SERVICE CLEVELAND OH
1225 AM EST SAT FEB 18 2017


...................................

...THE ERIE PA CLIMATE SUMMARY FOR FEBRUARY 17 2017...

CLIMATE NORMAL PERIOD 1981 TO 2010
CLIMATE RECORD PERIOD 1873 TO 2017


WEATHER ITEM   OBSERVED TIME   RECORD YEAR NORMAL DEPARTURE LAST
                VALUE   (LST)  VALUE       VALUE  FROM      YEAR
                                                  NORMAL
..................................................................
TEMPERATURE (F)
 YESTERDAY
  MAXIMUM         46   1130 PM  62    2006  36     10       31
  MINIMUM         17    609 AM -12    1973  21     -4       21
  AVERAGE         32                        28      4       26

PRECIPITATION (IN)
  YESTERDAY        0.00                      0.08  -0.08     0.13
  MONTH TO DATE    1.83                      1.41   0.42     2.34
  SINCE DEC 1     10.59                      8.10   2.49     8.61
  SINCE JAN 1      6.71                      4.36   2.35     4.72

SNOWFALL (IN)
  YESTERDAY        0.0                       0.6   -0.6      0.8
  MONTH TO DATE    9.8                      11.5   -1.7     20.5
  SINCE DEC 1     65.4                      68.6   -3.2     63.8
  SINCE JUL 1     67.8                      77.3   -9.5     64.3
  SNOW DEPTH       1

DEGREE DAYS
 HEATING
  YESTERDAY       33                        37     -4       39
  MONTH TO DATE  567                       638    -71      598
  SINCE DEC 1   2538                      2820   -282     2361
  SINCE JUL 1   3318                      3976   -658     3252

 COOLING
  YESTERDAY        0                         0      0        0
  MONTH TO DATE    0                         0      0        0
  SINCE DEC 1      0                         0      0        0
  SINCE JAN 1      0                         0      0        0
..................................................................


WIND (MPH)
  HIGHEST WIND SPEED    17   HIGHEST WIND DIRECTION     S (160)
  HIGHEST GUST SPEED    23   HIGHEST GUST DIRECTION     S (170)
  AVERAGE WIND SPEED     7.3


SKY COVER
  POSSIBLE SUNSHINE  MM
  AVERAGE SKY COVER 0.2


WEATHER CONDITIONS
 THE FOLLOWING WEATHER WAS RECORDED YESTERDAY.
  NO SIGNIFICANT WEATHER WAS OBSERVED.


RELATIVE HUMIDITY (PERCENT)
 HIGHEST    80           600 AM
 LOWEST     43           300 PM
 AVERAGE    62

..........................................................


THE ERIE PA CLIMATE NORMALS FOR TODAY
                         NORMAL    RECORD    YEAR
 MAXIMUM TEMPERATURE (F)   36        61      1981
                                             1949
 MINIMUM TEMPERATURE (F)   21       -11      1979


SUNRISE AND SUNSET
FEBRUARY 18 2017......SUNRISE   712 AM EST   SUNSET   558 PM EST
FEBRUARY 19 2017......SUNRISE   711 AM EST   SUNSET   559 PM EST


-  INDICATES NEGATIVE NUMBERS.
R  INDICATES RECORD WAS SET OR TIED.
MM INDICATES DATA IS MISSING.
T  INDICATES TRACE AMOUNT.




$$
