000
CDUS41 KCLE 180537
CLIERI


CLIMATE REPORT
NATIONAL WEATHER SERVICE CLEVELAND OH
1236 AM EST SUN FEB 18 2018


...................................

...THE ERIE PA CLIMATE SUMMARY FOR FEBRUARY 17 2018...

CLIMATE NORMAL PERIOD 1981 TO 2010
CLIMATE RECORD PERIOD 1873 TO 2018


WEATHER ITEM   OBSERVED TIME   RECORD YEAR NORMAL DEPARTURE LAST
                VALUE   (LST)  VALUE       VALUE  FROM      YEAR
                                                  NORMAL
..................................................................
TEMPERATURE (F)
 YESTERDAY
  MAXIMUM         32    707 PM  62    2006  36     -4       46
  MINIMUM         21   1249 AM -12    1973  21      0       17
  AVERAGE         27                        28     -1       32

PRECIPITATION (IN)
  YESTERDAY        0.01                      0.08  -0.07     0.00
  MONTH TO DATE    1.93                      1.41   0.52     1.83
  SINCE DEC 1     12.20                      8.10   4.10    10.59
  SINCE JAN 1      4.65                      4.36   0.29     6.71

SNOWFALL (IN)
  YESTERDAY        0.1                       0.6   -0.5      0.0
  MONTH TO DATE   11.1                      11.5   -0.4      9.8
  SINCE DEC 1    154.4                      68.6   85.8     65.4
  SINCE JUL 1    154.9                      77.3   77.6     67.8
  SNOW DEPTH       0

DEGREE DAYS
 HEATING
  YESTERDAY       38                        37      1       33
  MONTH TO DATE  642                       638      4      567
  SINCE DEC 1   2976                      2820    156     2538
  SINCE JUL 1   3973                      3976     -3     3318

 COOLING
  YESTERDAY        0                         0      0        0
  MONTH TO DATE    0                         0      0        0
  SINCE DEC 1      0                         0      0        0
  SINCE JAN 1      0                         0      0        0
..................................................................


WIND (MPH)
  HIGHEST WIND SPEED    14   HIGHEST WIND DIRECTION    SE (150)
  HIGHEST GUST SPEED    18   HIGHEST GUST DIRECTION     S (190)
  AVERAGE WIND SPEED     8.0


SKY COVER
  POSSIBLE SUNSHINE  MM
  AVERAGE SKY COVER 0.5


WEATHER CONDITIONS
 THE FOLLOWING WEATHER WAS RECORDED YESTERDAY.
  LIGHT SNOW
  HAZE


RELATIVE HUMIDITY (PERCENT)
 HIGHEST    78           900 PM
 LOWEST     58          1100 AM
 AVERAGE    68

..........................................................


THE ERIE PA CLIMATE NORMALS FOR TODAY
                         NORMAL    RECORD    YEAR
 MAXIMUM TEMPERATURE (F)   36        70      2017
 MINIMUM TEMPERATURE (F)   21       -11      1979


SUNRISE AND SUNSET
FEBRUARY 18 2018......SUNRISE   712 AM EST   SUNSET   557 PM EST
FEBRUARY 19 2018......SUNRISE   711 AM EST   SUNSET   559 PM EST


-  INDICATES NEGATIVE NUMBERS.
R  INDICATES RECORD WAS SET OR TIED.
MM INDICATES DATA IS MISSING.
T  INDICATES TRACE AMOUNT.




$$
