000
CDUS41 KCLE 180545
CLIERI


CLIMATE REPORT
NATIONAL WEATHER SERVICE CLEVELAND OH
145 AM EDT SAT OCT 18 2014


...................................

...THE ERIE PA CLIMATE SUMMARY FOR OCTOBER 17 2014...

CLIMATE NORMAL PERIOD 1981 TO 2010
CLIMATE RECORD PERIOD 1873 TO 2014


WEATHER ITEM   OBSERVED TIME   RECORD YEAR NORMAL DEPARTURE LAST
                VALUE   (LST)  VALUE       VALUE  FROM      YEAR
                                                  NORMAL
..................................................................
TEMPERATURE (F)
 YESTERDAY
  MAXIMUM         64    731 PM  82    1947  60      4       63
  MINIMUM         55    323 AM  26    1978  45     10       49
  AVERAGE         60                        53      7       56

PRECIPITATION (IN)
  YESTERDAY        0.03                      0.12  -0.09     0.31
  MONTH TO DATE    3.21                      2.36   0.85     3.26
  SINCE SEP 1      6.00                      6.97  -0.97     7.24
  SINCE JAN 1     33.71                     32.80   0.91    41.11

SNOWFALL (IN)
  YESTERDAY        0.0                       0.0    0.0      0.0
  MONTH TO DATE    0.0                       0.0    0.0      0.0
  SINCE SEP 1      0.0                       0.0    0.0      0.0
  SINCE JUL 1      0.0                       0.0    0.0      0.0
  SNOW DEPTH       0

DEGREE DAYS
 HEATING
  YESTERDAY        5                        13     -8        9
  MONTH TO DATE  138                       174    -36       75
  SINCE SEP 1    237                       280    -43      195
  SINCE JUL 1    255                       298    -43      207

 COOLING
  YESTERDAY        0                         0      0        0
  MONTH TO DATE    7                         7      0       20
  SINCE SEP 1     87                        78      9       85
  SINCE JAN 1    603                       636    -33      706
..................................................................


WIND (MPH)
  HIGHEST WIND SPEED    22   HIGHEST WIND DIRECTION     S (190)
  HIGHEST GUST SPEED    30   HIGHEST GUST DIRECTION     W (270)
  AVERAGE WIND SPEED    11.7


SKY COVER
  POSSIBLE SUNSHINE  MM
  AVERAGE SKY COVER 1.0


WEATHER CONDITIONS
 THE FOLLOWING WEATHER WAS RECORDED YESTERDAY.
  LIGHT RAIN
  FOG


RELATIVE HUMIDITY (PERCENT)
 HIGHEST    86          1200 AM
 LOWEST     60           300 PM
 AVERAGE    73

..........................................................


THE ERIE PA CLIMATE NORMALS FOR TODAY
                         NORMAL    RECORD    YEAR
 MAXIMUM TEMPERATURE (F)   60        80      1910
 MINIMUM TEMPERATURE (F)   45        28      2009
                                             1974


SUNRISE AND SUNSET
OCTOBER 18 2014.......SUNRISE   737 AM EDT   SUNSET   634 PM EDT
OCTOBER 19 2014.......SUNRISE   738 AM EDT   SUNSET   633 PM EDT


-  INDICATES NEGATIVE NUMBERS.
R  INDICATES RECORD WAS SET OR TIED.
MM INDICATES DATA IS MISSING.
T  INDICATES TRACE AMOUNT.




$$
