712
CDUS41 KCLE 010526
CLIERI


CLIMATE REPORT
NATIONAL WEATHER SERVICE CLEVELAND OH
1226 AM EST THU DEC 1 2016


...................................

...THE ERIE PA CLIMATE SUMMARY FOR NOVEMBER 30 2016...

CLIMATE NORMAL PERIOD 1981 TO 2010
CLIMATE RECORD PERIOD 1873 TO 2016


WEATHER ITEM   OBSERVED TIME   RECORD YEAR NORMAL DEPARTURE LAST
                VALUE   (LST)  VALUE       VALUE  FROM      YEAR
                                                  NORMAL
..................................................................
TEMPERATURE (F)
 YESTERDAY
  MAXIMUM         60    235 PM  68    1998  44     16       46
                                      1934
  MINIMUM         45   1158 PM   6    1929  32     13       23
  AVERAGE         53                        38     15       35

PRECIPITATION (IN)
  YESTERDAY        0.37                      0.13   0.24     0.00
  MONTH TO DATE    2.52                      3.93  -1.41     2.38
  SINCE SEP 1     14.72                     12.59   2.13     9.77
  SINCE JAN 1     41.78                     38.42   3.36    33.48

SNOWFALL (IN)
  YESTERDAY        0.0                       0.5   -0.5      0.0
  MONTH TO DATE    2.4                       8.5   -6.1      0.5
  SINCE SEP 1      2.4                       8.7   -6.3      0.5
  SINCE JUL 1      2.4                       8.7   -6.3      0.5
  SNOW DEPTH       0

DEGREE DAYS
 HEATING
  YESTERDAY       12                        27    -15       30
  MONTH TO DATE  504                       652   -148      504
  SINCE SEP 1    780                      1138   -358      873
  SINCE JUL 1    780                      1156   -376      891

 COOLING
  YESTERDAY        0                         0      0        0
  MONTH TO DATE    2                         0      2        4
  SINCE SEP 1    168                        80     88      167
  SINCE JAN 1   1017                       638    379      773
..................................................................


WIND (MPH)
  HIGHEST WIND SPEED    23   HIGHEST WIND DIRECTION     W (250)
  HIGHEST GUST SPEED    32   HIGHEST GUST DIRECTION     W (270)
  AVERAGE WIND SPEED    14.7


SKY COVER
  POSSIBLE SUNSHINE  MM
  AVERAGE SKY COVER 0.8


WEATHER CONDITIONS
 THE FOLLOWING WEATHER WAS RECORDED YESTERDAY.
  HEAVY RAIN
  RAIN
  LIGHT RAIN
  FOG
  HAZE


RELATIVE HUMIDITY (PERCENT)
 HIGHEST    93          1000 PM
 LOWEST     53           600 AM
 AVERAGE    73

..........................................................


THE ERIE PA CLIMATE NORMALS FOR TODAY
                         NORMAL    RECORD    YEAR
 MAXIMUM TEMPERATURE (F)   43        66      1982
 MINIMUM TEMPERATURE (F)   32         7      1929


SUNRISE AND SUNSET
DECEMBER  1 2016......SUNRISE   730 AM EST   SUNSET   450 PM EST
DECEMBER  2 2016......SUNRISE   731 AM EST   SUNSET   450 PM EST


-  INDICATES NEGATIVE NUMBERS.
R  INDICATES RECORD WAS SET OR TIED.
MM INDICATES DATA IS MISSING.
T  INDICATES TRACE AMOUNT.




$$
