000
CDUS41 KCLE 200527
CLIERI


CLIMATE REPORT
NATIONAL WEATHER SERVICE CLEVELAND OH
1226 AM EST TUE FEB 20 2018


...................................

...THE ERIE PA CLIMATE SUMMARY FOR FEBRUARY 19 2018...

CLIMATE NORMAL PERIOD 1981 TO 2010
CLIMATE RECORD PERIOD 1873 TO 2018


WEATHER ITEM   OBSERVED TIME   RECORD YEAR NORMAL DEPARTURE LAST
                VALUE   (LST)  VALUE       VALUE  FROM      YEAR
                                                  NORMAL
..................................................................
TEMPERATURE (F)
 YESTERDAY
  MAXIMUM         65R  1100 PM  65    1948  36     29       53
  MINIMUM         37    129 AM -10    2015  21     16       34
  AVERAGE         51                        29     22       44

PRECIPITATION (IN)
  YESTERDAY        0.71                      0.09   0.62     0.00
  MONTH TO DATE    2.65                      1.58   1.07     1.83
  SINCE DEC 1     12.92                      8.27   4.65    10.59
  SINCE JAN 1      5.37                      4.53   0.84     6.71

SNOWFALL (IN)
  YESTERDAY        0.0                       0.6   -0.6      0.0
  MONTH TO DATE   11.4                      12.8   -1.4      9.8
  SINCE DEC 1    154.7                      69.9   84.8     65.4
  SINCE JUL 1    155.2                      78.6   76.6     67.8
  SNOW DEPTH       0

DEGREE DAYS
 HEATING
  YESTERDAY       14                        36    -22       21
  MONTH TO DATE  687                       710    -23      595
  SINCE DEC 1   3021                      2892    129     2566
  SINCE JUL 1   4018                      4048    -30     3346

 COOLING
  YESTERDAY        0                         0      0        0
  MONTH TO DATE    0                         0      0        0
  SINCE DEC 1      0                         0      0        0
  SINCE JAN 1      0                         0      0        0
..................................................................


WIND (MPH)
  HIGHEST WIND SPEED    26   HIGHEST WIND DIRECTION     S (160)
  HIGHEST GUST SPEED    37   HIGHEST GUST DIRECTION     S (170)
  AVERAGE WIND SPEED    17.6


SKY COVER
  POSSIBLE SUNSHINE  MM
  AVERAGE SKY COVER 0.7


WEATHER CONDITIONS
 THE FOLLOWING WEATHER WAS RECORDED YESTERDAY.
  RAIN
  LIGHT RAIN
  FOG


RELATIVE HUMIDITY (PERCENT)
 HIGHEST    89           200 PM
 LOWEST     53           500 AM
 AVERAGE    71

..........................................................


THE ERIE PA CLIMATE NORMALS FOR TODAY
                         NORMAL    RECORD    YEAR
 MAXIMUM TEMPERATURE (F)   36        66      2016
                                             1930
 MINIMUM TEMPERATURE (F)   22       -17      2015


SUNRISE AND SUNSET
FEBRUARY 20 2018......SUNRISE   710 AM EST   SUNSET   600 PM EST
FEBRUARY 21 2018......SUNRISE   708 AM EST   SUNSET   601 PM EST


-  INDICATES NEGATIVE NUMBERS.
R  INDICATES RECORD WAS SET OR TIED.
MM INDICATES DATA IS MISSING.
T  INDICATES TRACE AMOUNT.




$$
