292
CDUS41 KCLE 290538
CLIERI


CLIMATE REPORT
NATIONAL WEATHER SERVICE CLEVELAND OH
128 AM EDT WED MAR 29 2017


...................................

...THE ERIE PA CLIMATE SUMMARY FOR MARCH 28 2017...

CLIMATE NORMAL PERIOD 1981 TO 2010
CLIMATE RECORD PERIOD 1873 TO 2017


WEATHER ITEM   OBSERVED TIME   RECORD YEAR NORMAL DEPARTURE LAST
                VALUE   (LST)  VALUE       VALUE  FROM      YEAR
                                                  NORMAL
..................................................................
TEMPERATURE (F)
 YESTERDAY
  MAXIMUM         51    128 AM  82    1945  49      2       59
  MINIMUM         39   1159 PM  10    1923  32      7       38
  AVERAGE         45                        40      5       49

PRECIPITATION (IN)
  YESTERDAY        0.01                      0.10  -0.09     0.57
  MONTH TO DATE    2.03                      2.63  -0.60     2.90
  SINCE MAR 1      2.03                      2.63  -0.60     2.90
  SINCE JAN 1      9.45                      7.97   1.48     9.11

SNOWFALL (IN)
  YESTERDAY        0.0                       0.3   -0.3      0.0
  MONTH TO DATE    9.8                      12.9   -3.1      1.1
  SINCE MAR 1      9.8                      12.9   -3.1      1.1
  SINCE JUL 1     78.1                      96.9  -18.8     68.3
  SNOW DEPTH       0

DEGREE DAYS
 HEATING
  YESTERDAY       20                        25     -5       16
  MONTH TO DATE  828                       838    -10      626
  SINCE MAR 1    828                       838    -10      626
  SINCE JUL 1   4332                      5203   -871     4224

 COOLING
  YESTERDAY        0                         0      0        0
  MONTH TO DATE    0                         0      0        0
  SINCE MAR 1      0                         0      0        0
  SINCE JAN 1      0                         0      0        0
..................................................................


WIND (MPH)
  HIGHEST WIND SPEED    15   HIGHEST WIND DIRECTION    NE (40)
  HIGHEST GUST SPEED    19   HIGHEST GUST DIRECTION    NE (50)
  AVERAGE WIND SPEED     4.3


SKY COVER
  POSSIBLE SUNSHINE  MM
  AVERAGE SKY COVER 1.0


WEATHER CONDITIONS
 THE FOLLOWING WEATHER WAS RECORDED YESTERDAY.
  LIGHT RAIN
  FOG
  FOG W/VISIBILITY <= 1/4 MILE


RELATIVE HUMIDITY (PERCENT)
 HIGHEST    96           200 PM
 LOWEST     82           500 PM
 AVERAGE    89

..........................................................


THE ERIE PA CLIMATE NORMALS FOR TODAY
                         NORMAL    RECORD    YEAR
 MAXIMUM TEMPERATURE (F)   49        81      1905
 MINIMUM TEMPERATURE (F)   32         6      1923


SUNRISE AND SUNSET
MARCH 29 2017.........SUNRISE   708 AM EDT   SUNSET   743 PM EDT
MARCH 30 2017.........SUNRISE   706 AM EDT   SUNSET   744 PM EDT


-  INDICATES NEGATIVE NUMBERS.
R  INDICATES RECORD WAS SET OR TIED.
MM INDICATES DATA IS MISSING.
T  INDICATES TRACE AMOUNT.




$$
