000
CDUS41 KCLE 160535
CLIERI


CLIMATE REPORT
NATIONAL WEATHER SERVICE CLEVELAND OH
1233 AM EST SAT DEC 16 2017


...................................

...THE ERIE PA CLIMATE SUMMARY FOR DECEMBER 15 2017...

CLIMATE NORMAL PERIOD 1981 TO 2010
CLIMATE RECORD PERIOD 1873 TO 2017


WEATHER ITEM   OBSERVED TIME   RECORD YEAR NORMAL DEPARTURE LAST
                VALUE   (LST)  VALUE       VALUE  FROM      YEAR
                                                  NORMAL
..................................................................
TEMPERATURE (F)
 YESTERDAY
  MAXIMUM         30   1159 PM  64    1971  38     -8       21
  MINIMUM         13    608 AM   2    1914  27    -14       13
  AVERAGE         22                        32    -10       17

PRECIPITATION (IN)
  YESTERDAY        0.48                      0.12   0.36     0.01
  MONTH TO DATE    2.24                      1.87   0.37     2.23
  SINCE DEC 1      2.24                      1.87   0.37     2.23
  SINCE JAN 1     48.21                     40.29   7.92    44.01

SNOWFALL (IN)
  YESTERDAY        7.2                       0.9    6.3      0.2
  MONTH TO DATE   28.6                      11.4   17.2     13.6
  SINCE DEC 1     28.6                      11.4   17.2     13.6
  SINCE JUL 1     29.1                      20.1    9.0     16.0
  SNOW DEPTH       3

DEGREE DAYS
 HEATING
  YESTERDAY       43                        33     10       48
  MONTH TO DATE  502                       454     48      477
  SINCE DEC 1    502                       454     48      477
  SINCE JUL 1   1499                      1610   -111     1257

 COOLING
  YESTERDAY        0                         0      0        0
  MONTH TO DATE    0                         0      0        0
  SINCE DEC 1      0                         0      0        0
  SINCE JAN 1    697                       638     59     1017
..................................................................


WIND (MPH)
  HIGHEST WIND SPEED    26   HIGHEST WIND DIRECTION     W (270)
  HIGHEST GUST SPEED    44   HIGHEST GUST DIRECTION     W (280)
  AVERAGE WIND SPEED    13.5


SKY COVER
  POSSIBLE SUNSHINE  MM
  AVERAGE SKY COVER 0.9


WEATHER CONDITIONS
 THE FOLLOWING WEATHER WAS RECORDED YESTERDAY.
  HEAVY SNOW
  SNOW
  LIGHT SNOW
  FOG
  FOG W/VISIBILITY <= 1/4 MILE
  HAZE


RELATIVE HUMIDITY (PERCENT)
 HIGHEST    88           700 PM
 LOWEST     57          1200 PM
 AVERAGE    73

..........................................................


THE ERIE PA CLIMATE NORMALS FOR TODAY
                         NORMAL    RECORD    YEAR
 MAXIMUM TEMPERATURE (F)   38        65      1984
 MINIMUM TEMPERATURE (F)   26        -1      1876


SUNRISE AND SUNSET
DECEMBER 16 2017......SUNRISE   743 AM EST   SUNSET   450 PM EST
DECEMBER 17 2017......SUNRISE   743 AM EST   SUNSET   451 PM EST


-  INDICATES NEGATIVE NUMBERS.
R  INDICATES RECORD WAS SET OR TIED.
MM INDICATES DATA IS MISSING.
T  INDICATES TRACE AMOUNT.




$$
