000
CDUS41 KCLE 300533
CLIERI


CLIMATE REPORT
NATIONAL WEATHER SERVICE CLEVELAND OH
1233 AM EST FRI JAN 30 2015


...................................

...THE ERIE PA CLIMATE SUMMARY FOR JANUARY 29 2015...

CLIMATE NORMAL PERIOD 1981 TO 2010
CLIMATE RECORD PERIOD 1873 TO 2015


WEATHER ITEM   OBSERVED TIME   RECORD YEAR NORMAL DEPARTURE LAST
                VALUE   (LST)  VALUE       VALUE  FROM      YEAR
                                                  NORMAL
..................................................................
TEMPERATURE (F)
 YESTERDAY
  MAXIMUM         36    425 PM  65    1914  34      2       18
  MINIMUM         22   1254 AM -10    1977  20      2       -2
  AVERAGE         29                        27      2        8

PRECIPITATION (IN)
  YESTERDAY        0.43                      0.08   0.35     0.01
  MONTH TO DATE    3.71                      2.79   0.92     2.56
  SINCE DEC 1      6.16                      6.53  -0.37     8.52
  SINCE JAN 1      3.71                      2.79   0.92     2.56

SNOWFALL (IN)
  YESTERDAY        2.5                       0.9    1.6     MM
  MONTH TO DATE   36.6                      28.0    8.6     28.1
  SINCE DEC 1     42.1                      55.5  -13.4     76.1
  SINCE JUL 1     67.1                      64.2    2.9     91.7
  SNOW DEPTH       4

DEGREE DAYS
 HEATING
  YESTERDAY       36                        38     -2       57
  MONTH TO DATE 1234                      1094    140     1264
  SINCE DEC 1   2127                      2106     21     2307
  SINCE JUL 1   3341                      3262     79     3506

 COOLING
  YESTERDAY        0                         0      0        0
  MONTH TO DATE    0                         0      0        0
  SINCE DEC 1      0                         0      0        0
  SINCE JAN 1      0                         0      0        0
..................................................................


WIND (MPH)
  HIGHEST WIND SPEED    29   HIGHEST WIND DIRECTION    SE (150)
  HIGHEST GUST SPEED    39   HIGHEST GUST DIRECTION    SE (150)
  AVERAGE WIND SPEED    15.1


SKY COVER
  POSSIBLE SUNSHINE  MM
  AVERAGE SKY COVER 0.9


WEATHER CONDITIONS
 THE FOLLOWING WEATHER WAS RECORDED YESTERDAY.
  LIGHT RAIN
  LT FREEZING RAIN
  SNOW
  LIGHT SNOW
  FOG
  FOG W/VISIBILITY <= 1/4 MILE
  HAZE


RELATIVE HUMIDITY (PERCENT)
 HIGHEST    92          1000 PM
 LOWEST     28           700 AM
 AVERAGE    60

..........................................................


THE ERIE PA CLIMATE NORMALS FOR TODAY
                         NORMAL    RECORD    YEAR
 MAXIMUM TEMPERATURE (F)   34        65      2013
 MINIMUM TEMPERATURE (F)   20        -4      1915


SUNRISE AND SUNSET
JANUARY 30 2015.......SUNRISE   736 AM EST   SUNSET   533 PM EST
JANUARY 31 2015.......SUNRISE   735 AM EST   SUNSET   534 PM EST


-  INDICATES NEGATIVE NUMBERS.
R  INDICATES RECORD WAS SET OR TIED.
MM INDICATES DATA IS MISSING.
T  INDICATES TRACE AMOUNT.




$$
