000
CDUS41 KCLE 220527
CLIERI


CLIMATE REPORT
NATIONAL WEATHER SERVICE CLEVELAND OH
1227 AM EST WED FEB 22 2017


...................................

...THE ERIE PA CLIMATE SUMMARY FOR FEBRUARY 21 2017...

CLIMATE NORMAL PERIOD 1981 TO 2010
CLIMATE RECORD PERIOD 1873 TO 2017


WEATHER ITEM   OBSERVED TIME   RECORD YEAR NORMAL DEPARTURE LAST
                VALUE   (LST)  VALUE       VALUE  FROM      YEAR
                                                  NORMAL
..................................................................
TEMPERATURE (F)
 YESTERDAY
  MAXIMUM         62    358 PM  70    1997  37     25       42
  MINIMUM         41   1214 AM  -1    1968  22     19       28
                                      1918
  AVERAGE         52                        29     23       35

PRECIPITATION (IN)
  YESTERDAY        T                         0.08  -0.08     0.00
  MONTH TO DATE    1.83                      1.74   0.09     2.34
  SINCE DEC 1     10.59                      8.43   2.16     8.61
  SINCE JAN 1      6.71                      4.69   2.02     4.72

SNOWFALL (IN)
  YESTERDAY        0.0                       0.6   -0.6      0.0
  MONTH TO DATE    9.8                      14.0   -4.2     20.5
  SINCE DEC 1     65.4                      71.1   -5.7     63.8
  SINCE JUL 1     67.8                      79.8  -12.0     64.3
  SNOW DEPTH       0

DEGREE DAYS
 HEATING
  YESTERDAY       13                        36    -23       30
  MONTH TO DATE  635                       782   -147      718
  SINCE DEC 1   2606                      2964   -358     2481
  SINCE JUL 1   3386                      4120   -734     3372

 COOLING
  YESTERDAY        0                         0      0        0
  MONTH TO DATE    0                         0      0        0
  SINCE DEC 1      0                         0      0        0
  SINCE JAN 1      0                         0      0        0
..................................................................


WIND (MPH)
  HIGHEST WIND SPEED    25   HIGHEST WIND DIRECTION     S (160)
  HIGHEST GUST SPEED    32   HIGHEST GUST DIRECTION     S (160)
  AVERAGE WIND SPEED    12.8


SKY COVER
  POSSIBLE SUNSHINE  MM
  AVERAGE SKY COVER 0.3


WEATHER CONDITIONS
 THE FOLLOWING WEATHER WAS RECORDED YESTERDAY.
  LIGHT RAIN


RELATIVE HUMIDITY (PERCENT)
 HIGHEST    86           800 PM
 LOWEST     39           300 PM
 AVERAGE    63

..........................................................


THE ERIE PA CLIMATE NORMALS FOR TODAY
                         NORMAL    RECORD    YEAR
 MAXIMUM TEMPERATURE (F)   37        69      1930
 MINIMUM TEMPERATURE (F)   22        -4      1963


SUNRISE AND SUNSET
FEBRUARY 22 2017......SUNRISE   706 AM EST   SUNSET   603 PM EST
FEBRUARY 23 2017......SUNRISE   705 AM EST   SUNSET   604 PM EST


-  INDICATES NEGATIVE NUMBERS.
R  INDICATES RECORD WAS SET OR TIED.
MM INDICATES DATA IS MISSING.
T  INDICATES TRACE AMOUNT.




$$
