000
CDUS41 KCLE 292113
CLIERI


CLIMATE REPORT
NATIONAL WEATHER SERVICE CLEVELAND OH
512 PM EDT SUN MAR 29 2015


...................................

...THE ERIE PA CLIMATE SUMMARY FOR MARCH 29 2015...
VALID TODAY AS OF 0500 PM LOCAL TIME.

CLIMATE NORMAL PERIOD 1981 TO 2010
CLIMATE RECORD PERIOD 1873 TO 2015


WEATHER ITEM   OBSERVED TIME   RECORD YEAR NORMAL DEPARTURE LAST
                VALUE   (LST)  VALUE       VALUE  FROM      YEAR
                                                  NORMAL
..................................................................
TEMPERATURE (F)
 TODAY
  MAXIMUM         46    243 PM  81    1905  49     -3       37
  MINIMUM         17    253 AM   6    1923  32    -15       28
  AVERAGE         32                        40     -8       33

PRECIPITATION (IN)
  TODAY            0.00                      0.11  -0.11     0.74
  MONTH TO DATE    1.50                      2.74  -1.24     3.12
  SINCE MAR 1      1.50                      2.74  -1.24     3.12
  SINCE JAN 1      7.26                      8.08  -0.82     9.03

SNOWFALL (IN)
  TODAY            0.0                       0.3   -0.3      3.5
  MONTH TO DATE    5.6                      13.2   -7.6     16.9
  SINCE MAR 1      5.6                      13.2   -7.6     16.9
  SINCE JUL 1    105.0                      97.2    7.8    136.5
  SNOW DEPTH       0

DEGREE DAYS
 HEATING
  TODAY           33                        25      8       32
  MONTH TO DATE  987                       863    124     1079
  SINCE MAR 1    987                       863    124     1079
  SINCE JUL 1   5863                      5228    635     5900

 COOLING
  TODAY            0                         0      0        0
  MONTH TO DATE    0                         0      0        0
  SINCE MAR 1      0                         0      0        0
  SINCE JAN 1      0                         0      0        0
..................................................................


WIND (MPH)
  HIGHEST WIND SPEED    23   HIGHEST WIND DIRECTION     S (180)
  HIGHEST GUST SPEED    29   HIGHEST GUST DIRECTION     S (200)


SKY COVER
  POSSIBLE SUNSHINE  MM
  AVERAGE SKY COVER 0.0


WEATHER CONDITIONS
 THE FOLLOWING WEATHER WAS RECORDED TODAY.
  NO SIGNIFICANT WEATHER WAS OBSERVED.


RELATIVE HUMIDITY (PERCENT)
 HIGHEST    74           200 AM
 LOWEST     25           300 PM
 AVERAGE    50

..........................................................


THE ERIE PA CLIMATE NORMALS FOR TOMORROW
                         NORMAL    RECORD    YEAR
 MAXIMUM TEMPERATURE (F)   49        82      1998
 MINIMUM TEMPERATURE (F)   32        15      1887


SUNRISE AND SUNSET
MARCH 29 2015.........SUNRISE   709 AM EDT   SUNSET   743 PM EDT
MARCH 30 2015.........SUNRISE   707 AM EDT   SUNSET   744 PM EDT


-  INDICATES NEGATIVE NUMBERS.
R  INDICATES RECORD WAS SET OR TIED.
MM INDICATES DATA IS MISSING.
T  INDICATES TRACE AMOUNT.




$$
