000
CDUS41 KCLE 220536
CLIERI


CLIMATE REPORT
NATIONAL WEATHER SERVICE CLEVELAND OH
126 AM EDT TUE APR 22 2014


...................................

...THE ERIE PA CLIMATE SUMMARY FOR APRIL 21 2014...

CLIMATE NORMAL PERIOD 1981 TO 2010
CLIMATE RECORD PERIOD 1873 TO 2014


WEATHER ITEM   OBSERVED TIME   RECORD YEAR NORMAL DEPARTURE LAST
                VALUE   (LST)  VALUE       VALUE  FROM      YEAR
                                                  NORMAL
..................................................................
TEMPERATURE (F)
 YESTERDAY
  MAXIMUM         73   1115 AM  80    1954  58     15       42
                                      1923
  MINIMUM         53    617 AM  22    1981  40     13       27
  AVERAGE         63                        49     14       35

PRECIPITATION (IN)
  YESTERDAY        0.00                      0.11  -0.11     0.00
  MONTH TO DATE    2.45                      2.40   0.05     1.88
  SINCE MAR 1      5.62                      5.35   0.27     4.48
  SINCE JAN 1     11.53                     10.69   0.84    10.99

SNOWFALL (IN)
  YESTERDAY        0.0                       0.1   -0.1      0.0
  MONTH TO DATE    1.2                       3.1   -1.9      1.0
  SINCE MAR 1     18.8                      16.8    2.0     26.2
  SINCE JUL 1    138.4                     100.8   37.6    105.5
  SNOW DEPTH       0

DEGREE DAYS
 HEATING
  YESTERDAY        2                        16    -14       30
  MONTH TO DATE  384                       413    -29      433
  SINCE MAR 1   1523                      1324    199     1428
  SINCE JUL 1   6344                      5689    655     5522

 COOLING
  YESTERDAY        0                         0      0        0
  MONTH TO DATE    0                         0      0        0
  SINCE MAR 1      0                         1     -1        0
  SINCE JAN 1      0                         1     -1        0
..................................................................


WIND (MPH)
  HIGHEST WIND SPEED    17   HIGHEST WIND DIRECTION     S (170)
  HIGHEST GUST SPEED    23   HIGHEST GUST DIRECTION     S (160)
  AVERAGE WIND SPEED     8.7


SKY COVER
  POSSIBLE SUNSHINE  MM
  AVERAGE SKY COVER 0.0


WEATHER CONDITIONS
 THE FOLLOWING WEATHER WAS RECORDED YESTERDAY.
  NO SIGNIFICANT WEATHER WAS OBSERVED.


RELATIVE HUMIDITY (PERCENT)
 HIGHEST    41           600 AM
 LOWEST     20          1100 AM
 AVERAGE    31

..........................................................


THE ERIE PA CLIMATE NORMALS FOR TODAY
                         NORMAL    RECORD    YEAR
 MAXIMUM TEMPERATURE (F)   59        85      1902
 MINIMUM TEMPERATURE (F)   40        26      1978
                                             1975
                                             1959


SUNRISE AND SUNSET
APRIL 22 2014.........SUNRISE   629 AM EDT   SUNSET   810 PM EDT
APRIL 23 2014.........SUNRISE   628 AM EDT   SUNSET   811 PM EDT


-  INDICATES NEGATIVE NUMBERS.
R  INDICATES RECORD WAS SET OR TIED.
MM INDICATES DATA IS MISSING.
T  INDICATES TRACE AMOUNT.




$$
