941
CDUS41 KCLE 220536
CLIERI


CLIMATE REPORT
NATIONAL WEATHER SERVICE CLEVELAND OH
1235 AM EST MON JAN 22 2018


...................................

...THE ERIE PA CLIMATE SUMMARY FOR JANUARY 21 2018...

CLIMATE NORMAL PERIOD 1981 TO 2010
CLIMATE RECORD PERIOD 1873 TO 2018


WEATHER ITEM   OBSERVED TIME   RECORD YEAR NORMAL DEPARTURE LAST
                VALUE   (LST)  VALUE       VALUE  FROM      YEAR
                                                  NORMAL
..................................................................
TEMPERATURE (F)
 YESTERDAY
  MAXIMUM         44   1159 PM  72    1906  33     11       65
  MINIMUM         36    619 AM -16    1985  20     16       43
  AVERAGE         40                        27     13       54

PRECIPITATION (IN)
  YESTERDAY        0.03                      0.09  -0.06     0.00
  MONTH TO DATE    1.69                      2.11  -0.42     3.75
  SINCE DEC 1      9.24                      5.85   3.39     7.63
  SINCE JAN 1      1.69                      2.11  -0.42     3.75

SNOWFALL (IN)
  YESTERDAY        0.0                       1.0   -1.0      0.0
  MONTH TO DATE   16.7                      21.1   -4.4     20.2
  SINCE DEC 1    137.6                      48.6   89.0     42.4
  SINCE JUL 1    138.1                      57.3   80.8     44.8
  SNOW DEPTH       1

DEGREE DAYS
 HEATING
  YESTERDAY       25                        38    -13       11
  MONTH TO DATE  891                       790    101      680
  SINCE DEC 1   2020                      1802    218     1673
  SINCE JUL 1   3017                      2958     59     2453

 COOLING
  YESTERDAY        0                         0      0        0
  MONTH TO DATE    0                         0      0        0
  SINCE DEC 1      0                         0      0        0
  SINCE JAN 1      0                         0      0        0
..................................................................


WIND (MPH)
  HIGHEST WIND SPEED    12   HIGHEST WIND DIRECTION     S (180)
  HIGHEST GUST SPEED    15   HIGHEST GUST DIRECTION     S (190)
  AVERAGE WIND SPEED     5.8


SKY COVER
  POSSIBLE SUNSHINE  MM
  AVERAGE SKY COVER 1.0


WEATHER CONDITIONS
 THE FOLLOWING WEATHER WAS RECORDED YESTERDAY.
  LIGHT RAIN
  FOG
  HAZE


RELATIVE HUMIDITY (PERCENT)
 HIGHEST    96           900 PM
 LOWEST     70          1200 AM
 AVERAGE    83

..........................................................


THE ERIE PA CLIMATE NORMALS FOR TODAY
                         NORMAL    RECORD    YEAR
 MAXIMUM TEMPERATURE (F)   33        72      1906
 MINIMUM TEMPERATURE (F)   20        -7      1970
                                             1883


SUNRISE AND SUNSET
JANUARY 22 2018.......SUNRISE   742 AM EST   SUNSET   523 PM EST
JANUARY 23 2018.......SUNRISE   742 AM EST   SUNSET   524 PM EST


-  INDICATES NEGATIVE NUMBERS.
R  INDICATES RECORD WAS SET OR TIED.
MM INDICATES DATA IS MISSING.
T  INDICATES TRACE AMOUNT.




$$
