000
CDUS41 KCLE 240545
CLIERI


CLIMATE REPORT
NATIONAL WEATHER SERVICE CLEVELAND OH
145 AM EDT SAT JUN 24 2017


...................................

...THE ERIE PA CLIMATE SUMMARY FOR JUNE 23 2017...

CLIMATE NORMAL PERIOD 1981 TO 2010
CLIMATE RECORD PERIOD 1873 TO 2017


WEATHER ITEM   OBSERVED TIME   RECORD YEAR NORMAL DEPARTURE LAST
                VALUE   (LST)  VALUE       VALUE  FROM      YEAR
                                                  NORMAL
..................................................................
TEMPERATURE (F)
 YESTERDAY
  MAXIMUM         77   1222 AM  92    1964  78     -1       77
                                      1948
  MINIMUM         69   1159 PM  45    1963  61      8       58
                                      1918
  AVERAGE         73                        69      4       68

PRECIPITATION (IN)
  YESTERDAY        1.19                      0.13   1.06      T
  MONTH TO DATE    7.31                      2.89   4.42     1.07
  SINCE JUN 1      7.31                      2.89   4.42     1.07
  SINCE JAN 1     27.30                     17.95   9.35    13.84

SNOWFALL (IN)
  YESTERDAY        0.0                       0.0    0.0      0.0
  MONTH TO DATE    0.0                       0.0    0.0      0.0
  SINCE JUN 1      0.0                       0.0    0.0      0.0
  SINCE JUL 1     78.6                     100.9  -22.3     71.2
  SNOW DEPTH       0

DEGREE DAYS
 HEATING
  YESTERDAY        0                         1     -1        0
  MONTH TO DATE   39                        55    -16       40
  SINCE JUN 1     39                        55    -16       40
  SINCE JUL 1   5096                      6141  -1045     5210

 COOLING
  YESTERDAY        8                         5      3        3
  MONTH TO DATE  124                        82     42      107
  SINCE JUN 1    124                        82     42      107
  SINCE JAN 1    168                       121     47      182
..................................................................


WIND (MPH)
  HIGHEST WIND SPEED    21   HIGHEST WIND DIRECTION     S (200)
  HIGHEST GUST SPEED    27   HIGHEST GUST DIRECTION     W (250)
  AVERAGE WIND SPEED    11.7


SKY COVER
  POSSIBLE SUNSHINE  MM
  AVERAGE SKY COVER 0.8


WEATHER CONDITIONS
 THE FOLLOWING WEATHER WAS RECORDED YESTERDAY.
  THUNDERSTORM
  HEAVY RAIN
  RAIN
  LIGHT RAIN
  FOG


RELATIVE HUMIDITY (PERCENT)
 HIGHEST    97           900 AM
 LOWEST     74          1200 AM
 AVERAGE    86

..........................................................


THE ERIE PA CLIMATE NORMALS FOR TODAY
                         NORMAL    RECORD    YEAR
 MAXIMUM TEMPERATURE (F)   78        92      1952
                                             1949
                                             1914
 MINIMUM TEMPERATURE (F)   61        47      1979


SUNRISE AND SUNSET
JUNE 24 2017..........SUNRISE   546 AM EDT   SUNSET   901 PM EDT
JUNE 25 2017..........SUNRISE   546 AM EDT   SUNSET   901 PM EDT


-  INDICATES NEGATIVE NUMBERS.
R  INDICATES RECORD WAS SET OR TIED.
MM INDICATES DATA IS MISSING.
T  INDICATES TRACE AMOUNT.




$$
