000
CDUS41 KCLE 300545
CLIERI


CLIMATE REPORT
NATIONAL WEATHER SERVICE CLEVELAND OH
145 AM EDT WED JUL 30 2014


...................................

...THE ERIE PA CLIMATE SUMMARY FOR JULY 29 2014...

CLIMATE NORMAL PERIOD 1981 TO 2010
CLIMATE RECORD PERIOD 1873 TO 2014


WEATHER ITEM   OBSERVED TIME   RECORD YEAR NORMAL DEPARTURE LAST
                VALUE   (LST)  VALUE       VALUE  FROM      YEAR
                                                  NORMAL
..................................................................
TEMPERATURE (F)
 YESTERDAY
  MAXIMUM         70    218 PM  92    1940  80    -10       73
  MINIMUM         60    217 AM  50    1972  64     -4       58
  AVERAGE         65                        72     -7       66

PRECIPITATION (IN)
  YESTERDAY        T                         0.12  -0.12     0.02
  MONTH TO DATE    3.11                      3.30  -0.19     5.62
  SINCE JUN 1      8.10                      7.06   1.04    12.90
  SINCE JAN 1     24.25                     22.12   2.13    30.13

SNOWFALL (IN)
  YESTERDAY        0.0                       0.0    0.0      0.0
  MONTH TO DATE    0.0                       0.0    0.0      0.0
  SINCE JUN 1      0.0                       0.0    0.0      0.0
  SINCE JUL 1      0.0                       0.0    0.0      0.0
  SNOW DEPTH       0

DEGREE DAYS
 HEATING
  YESTERDAY        0                         0      0        0
  MONTH TO DATE    5                         2      3        3
  SINCE JUN 1     35                        63    -28       71
  SINCE JUL 1      5                         2      3        3

 COOLING
  YESTERDAY        0                         7     -7        1
  MONTH TO DATE  142                       201    -59      241
  SINCE JUN 1    307                       324    -17      359
  SINCE JAN 1    346                       363    -17      444
..................................................................


WIND (MPH)
  HIGHEST WIND SPEED     9   HIGHEST WIND DIRECTION     S (170)
  HIGHEST GUST SPEED    13   HIGHEST GUST DIRECTION     S (170)
  AVERAGE WIND SPEED     7.8


SKY COVER
  POSSIBLE SUNSHINE  MM
  AVERAGE SKY COVER 0.7


WEATHER CONDITIONS
 THE FOLLOWING WEATHER WAS RECORDED YESTERDAY.
  NO SIGNIFICANT WEATHER WAS OBSERVED.


RELATIVE HUMIDITY (PERCENT)
 HIGHEST    72           300 AM
 LOWEST     47           200 PM
 AVERAGE    60

..........................................................


THE ERIE PA CLIMATE NORMALS FOR TODAY
                         NORMAL    RECORD    YEAR
 MAXIMUM TEMPERATURE (F)   80        90      1955
                                             1948
                                             1917
 MINIMUM TEMPERATURE (F)   64        52      1997
                                             1968


SUNRISE AND SUNSET
JULY 30 2014..........SUNRISE   612 AM EDT   SUNSET   842 PM EDT
JULY 31 2014..........SUNRISE   613 AM EDT   SUNSET   841 PM EDT


-  INDICATES NEGATIVE NUMBERS.
R  INDICATES RECORD WAS SET OR TIED.
MM INDICATES DATA IS MISSING.
T  INDICATES TRACE AMOUNT.




$$
