000
CDUS41 KCLE 310526
CLIERI


CLIMATE REPORT
NATIONAL WEATHER SERVICE CLEVELAND OH
125 AM EDT MON AUG 31 2015


...................................

...THE ERIE PA CLIMATE SUMMARY FOR AUGUST 30 2015...

CLIMATE NORMAL PERIOD 1981 TO 2010
CLIMATE RECORD PERIOD 1873 TO 2015


WEATHER ITEM   OBSERVED TIME   RECORD YEAR NORMAL DEPARTURE LAST
                VALUE   (LST)  VALUE       VALUE  FROM      YEAR
                                                  NORMAL
..................................................................
TEMPERATURE (F)
 YESTERDAY
  MAXIMUM         80    513 PM  94    1953  77      3       91
  MINIMUM         67    617 AM  44    1965  61      6       66
  AVERAGE         74                        69      5       79

PRECIPITATION (IN)
  YESTERDAY        0.05                      0.11  -0.06     0.00
  MONTH TO DATE    1.45                      3.36  -1.91     2.68
  SINCE JUN 1      9.52                     10.66  -1.14    10.92
  SINCE JAN 1     23.71                     25.72  -2.01    27.07

SNOWFALL (IN)
  YESTERDAY        0.0                       0.0    0.0      0.0
  MONTH TO DATE    0.0                       0.0    0.0      0.0
  SINCE JUN 1      0.0                       0.0    0.0      0.0
  SINCE JUL 1      0.0                       0.0    0.0      0.0
  SNOW DEPTH       0

DEGREE DAYS
 HEATING
  YESTERDAY        0                         1     -1        0
  MONTH TO DATE    6                         5      1       13
  SINCE JUN 1     55                        73    -18       48
  SINCE JUL 1     18                        12      6       18

 COOLING
  YESTERDAY        9                         5      4       14
  MONTH TO DATE  185                       180      5      156
  SINCE JUN 1    484                       516    -32      466
  SINCE JAN 1    596                       555     41      505
..................................................................


WIND (MPH)
  HIGHEST WIND SPEED    14   HIGHEST WIND DIRECTION     W (280)
  HIGHEST GUST SPEED    18   HIGHEST GUST DIRECTION     W (270)
  AVERAGE WIND SPEED     4.9


SKY COVER
  POSSIBLE SUNSHINE  MM
  AVERAGE SKY COVER 0.5


WEATHER CONDITIONS
 THE FOLLOWING WEATHER WAS RECORDED YESTERDAY.
  LIGHT RAIN
  FOG


RELATIVE HUMIDITY (PERCENT)
 HIGHEST    93           600 AM
 LOWEST     62           200 PM
 AVERAGE    78

..........................................................


THE ERIE PA CLIMATE NORMALS FOR TODAY
                         NORMAL    RECORD    YEAR
 MAXIMUM TEMPERATURE (F)   77        93      1881
 MINIMUM TEMPERATURE (F)   61        46      1976


SUNRISE AND SUNSET
AUGUST 31 2015........SUNRISE   645 AM EDT   SUNSET   756 PM EDT
SEPTEMBER  1 2015.....SUNRISE   646 AM EDT   SUNSET   755 PM EDT


-  INDICATES NEGATIVE NUMBERS.
R  INDICATES RECORD WAS SET OR TIED.
MM INDICATES DATA IS MISSING.
T  INDICATES TRACE AMOUNT.




$$
