000
CDUS41 KCLE 280537
CLIERI


CLIMATE REPORT
NATIONAL WEATHER SERVICE CLEVELAND OH
125 AM EDT TUE JUL 28 2015


...................................

...THE ERIE PA CLIMATE SUMMARY FOR JULY 27 2015...

CLIMATE NORMAL PERIOD 1981 TO 2010
CLIMATE RECORD PERIOD 1873 TO 2015


WEATHER ITEM   OBSERVED TIME   RECORD YEAR NORMAL DEPARTURE LAST
                VALUE   (LST)  VALUE       VALUE  FROM      YEAR
                                                  NORMAL
..................................................................
TEMPERATURE (F)
 YESTERDAY
  MAXIMUM         85    507 PM  90    1955  80      5       83
                                      1941
                                      1894
  MINIMUM         62    435 AM  47    1891  64     -2       64
  AVERAGE         74                        72      2       74

PRECIPITATION (IN)
  YESTERDAY        0.00                      0.12  -0.12     0.46
  MONTH TO DATE    2.21                      3.06  -0.85     3.01
  SINCE JUN 1      7.49                      6.82   0.67     8.00
  SINCE JAN 1     21.68                     21.88  -0.20    24.15

SNOWFALL (IN)
  YESTERDAY        0.0                       0.0    0.0      0.0
  MONTH TO DATE    0.0                       0.0    0.0      0.0
  SINCE JUN 1      0.0                       0.0    0.0      0.0
  SINCE JUL 1      0.0                       0.0    0.0      0.0
  SNOW DEPTH       0

DEGREE DAYS
 HEATING
  YESTERDAY        0                         0      0        0
  MONTH TO DATE   12                         2     10        5
  SINCE JUN 1     49                        63    -14       35
  SINCE JUL 1     12                         2     10        5

 COOLING
  YESTERDAY        9                         7      2        9
  MONTH TO DATE  153                       187    -34      142
  SINCE JUN 1    253                       310    -57      307
  SINCE JAN 1    365                       349     16      346
..................................................................


WIND (MPH)
  HIGHEST WIND SPEED    12   HIGHEST WIND DIRECTION    NE (40)
  HIGHEST GUST SPEED    16   HIGHEST GUST DIRECTION     N (350)
  AVERAGE WIND SPEED     4.9


SKY COVER
  POSSIBLE SUNSHINE  MM
  AVERAGE SKY COVER 0.0


WEATHER CONDITIONS
 THE FOLLOWING WEATHER WAS RECORDED YESTERDAY.
  NO SIGNIFICANT WEATHER WAS OBSERVED.


RELATIVE HUMIDITY (PERCENT)
 HIGHEST    87          1200 AM
 LOWEST     43           700 PM
 AVERAGE    65

..........................................................


THE ERIE PA CLIMATE NORMALS FOR TODAY
                         NORMAL    RECORD    YEAR
 MAXIMUM TEMPERATURE (F)   80        94      1993
 MINIMUM TEMPERATURE (F)   64        50      1972


SUNRISE AND SUNSET
JULY 28 2015..........SUNRISE   610 AM EDT   SUNSET   844 PM EDT
JULY 29 2015..........SUNRISE   611 AM EDT   SUNSET   843 PM EDT


-  INDICATES NEGATIVE NUMBERS.
R  INDICATES RECORD WAS SET OR TIED.
MM INDICATES DATA IS MISSING.
T  INDICATES TRACE AMOUNT.




$$
