000
CDUS41 KCLE 242211
CLIERI


CLIMATE REPORT
NATIONAL WEATHER SERVICE CLEVELAND OH
511 PM EST FRI FEB 24 2017


...................................

...THE ERIE PA CLIMATE SUMMARY FOR FEBRUARY 24 2017...
VALID TODAY AS OF 0500 PM LOCAL TIME.

CLIMATE NORMAL PERIOD 1981 TO 2010
CLIMATE RECORD PERIOD 1873 TO 2017


WEATHER ITEM   OBSERVED TIME   RECORD YEAR NORMAL DEPARTURE LAST
                VALUE   (LST)  VALUE       VALUE  FROM      YEAR
                                                  NORMAL
..................................................................
TEMPERATURE (F)
 TODAY
  MAXIMUM         77R   339 PM  67    1906  37     40       50
  MINIMUM         39    742 AM -10    1889  22     17       34
  AVERAGE         58                        30     28       42

PRECIPITATION (IN)
  TODAY            0.04                      0.09  -0.05     1.09
  MONTH TO DATE    1.87                      2.01  -0.14     3.43
  SINCE DEC 1     10.63                      8.70   1.93     9.70
  SINCE JAN 1      6.75                      4.96   1.79     5.81

SNOWFALL (IN)
  TODAY            0.0                       0.6   -0.6      0.0
  MONTH TO DATE    9.8                      15.8   -6.0     20.5
  SINCE DEC 1     65.4                      72.9   -7.5     63.8
  SINCE JUL 1     67.8                      81.6  -13.8     64.3
  SNOW DEPTH       0

DEGREE DAYS
 HEATING
  TODAY            7                        35    -28       23
  MONTH TO DATE  661                       889   -228      810
  SINCE DEC 1   2632                      3071   -439     2573
  SINCE JUL 1   3412                      4227   -815     3464

 COOLING
  TODAY            0                         0      0        0
  MONTH TO DATE    0                         0      0        0
  SINCE DEC 1      0                         0      0        0
  SINCE JAN 1      0                         0      0        0
..................................................................


WIND (MPH)
  HIGHEST WIND SPEED    26   HIGHEST WIND DIRECTION    SW (230)
  HIGHEST GUST SPEED    40   HIGHEST GUST DIRECTION    SW (240)


SKY COVER
  POSSIBLE SUNSHINE  MM
  AVERAGE SKY COVER 0.4


WEATHER CONDITIONS
 THE FOLLOWING WEATHER WAS RECORDED TODAY.
  THUNDERSTORM
  LIGHT RAIN
  FOG


RELATIVE HUMIDITY (PERCENT)
 HIGHEST    93           100 AM
 LOWEST     41           500 PM
 AVERAGE    67

..........................................................


THE ERIE PA CLIMATE NORMALS FOR TOMORROW
                         NORMAL    RECORD    YEAR
 MAXIMUM TEMPERATURE (F)   37        67      1957
 MINIMUM TEMPERATURE (F)   22        -4      1900


SUNRISE AND SUNSET
FEBRUARY 24 2017......SUNRISE   703 AM EST   SUNSET   605 PM EST
FEBRUARY 25 2017......SUNRISE   702 AM EST   SUNSET   606 PM EST


-  INDICATES NEGATIVE NUMBERS.
R  INDICATES RECORD WAS SET OR TIED.
MM INDICATES DATA IS MISSING.
T  INDICATES TRACE AMOUNT.




$$
