000
CDUS41 KCLE 220527
CLIERI


CLIMATE REPORT
NATIONAL WEATHER SERVICE CLEVELAND OH
126 AM EDT MON AUG 22 2016


...................................

...THE ERIE PA CLIMATE SUMMARY FOR AUGUST 21 2016...

CLIMATE NORMAL PERIOD 1981 TO 2010
CLIMATE RECORD PERIOD 1873 TO 2016


WEATHER ITEM   OBSERVED TIME   RECORD YEAR NORMAL DEPARTURE LAST
                VALUE   (LST)  VALUE       VALUE  FROM      YEAR
                                                  NORMAL
..................................................................
TEMPERATURE (F)
 YESTERDAY
  MAXIMUM         79   1251 AM  92    1916  78      1       76
  MINIMUM         64    800 PM  47    2000  62      2       59
  AVERAGE         72                        70      2       68

PRECIPITATION (IN)
  YESTERDAY        0.41                      0.11   0.30     0.00
  MONTH TO DATE    5.83                      2.38   3.45     0.97
  SINCE JUN 1     12.00                      9.68   2.32     9.04
  SINCE JAN 1     24.77                     24.74   0.03    23.23

SNOWFALL (IN)
  YESTERDAY        0.0                       0.0    0.0      0.0
  MONTH TO DATE    0.0                       0.0    0.0      0.0
  SINCE JUN 1      0.0                       0.0    0.0      0.0
  SINCE JUL 1      0.0                       0.0    0.0      0.0
  SNOW DEPTH       0

DEGREE DAYS
 HEATING
  YESTERDAY        0                         0      0        0
  MONTH TO DATE    0                         0      0        0
  SINCE JUN 1     40                        68    -28       49
  SINCE JUL 1      0                         7     -7       12

 COOLING
  YESTERDAY        7                         6      1        3
  MONTH TO DATE  249                       134    115      161
  SINCE JUN 1    687                       470    217      460
  SINCE JAN 1    762                       509    253      572
..................................................................


WIND (MPH)
  HIGHEST WIND SPEED    23   HIGHEST WIND DIRECTION    NW (310)
  HIGHEST GUST SPEED    31   HIGHEST GUST DIRECTION    NW (310)
  AVERAGE WIND SPEED    11.5


SKY COVER
  POSSIBLE SUNSHINE  MM
  AVERAGE SKY COVER 0.6


WEATHER CONDITIONS
 THE FOLLOWING WEATHER WAS RECORDED YESTERDAY.
  HEAVY RAIN
  RAIN
  LIGHT RAIN
  FOG
  HAZE


RELATIVE HUMIDITY (PERCENT)
 HIGHEST    87           400 AM
 LOWEST     58           500 PM
 AVERAGE    73

..........................................................


THE ERIE PA CLIMATE NORMALS FOR TODAY
                         NORMAL    RECORD    YEAR
 MAXIMUM TEMPERATURE (F)   78        93      1936
 MINIMUM TEMPERATURE (F)   62        42      1957


SUNRISE AND SUNSET
AUGUST 22 2016........SUNRISE   636 AM EDT   SUNSET   810 PM EDT
AUGUST 23 2016........SUNRISE   637 AM EDT   SUNSET   808 PM EDT


-  INDICATES NEGATIVE NUMBERS.
R  INDICATES RECORD WAS SET OR TIED.
MM INDICATES DATA IS MISSING.
T  INDICATES TRACE AMOUNT.




$$
