000
CDUS41 KCLE 260530
CLIERI


CLIMATE REPORT
NATIONAL WEATHER SERVICE CLEVELAND OH
1230 AM EST MON JAN 26 2015


...................................

...THE ERIE PA CLIMATE SUMMARY FOR JANUARY 25 2015...

CLIMATE NORMAL PERIOD 1981 TO 2010
CLIMATE RECORD PERIOD 1873 TO 2015


WEATHER ITEM   OBSERVED TIME   RECORD YEAR NORMAL DEPARTURE LAST
                VALUE   (LST)  VALUE       VALUE  FROM      YEAR
                                                  NORMAL
..................................................................
TEMPERATURE (F)
 YESTERDAY
  MAXIMUM         33    234 AM  73    1950  34     -1       25
  MINIMUM         17   1159 PM -10    1884  20     -3       11
  AVERAGE         25                        27     -2       18

PRECIPITATION (IN)
  YESTERDAY        0.03                      0.09  -0.06     0.20
  MONTH TO DATE    3.14                      2.46   0.68     2.44
  SINCE DEC 1      5.59                      6.20  -0.61     8.40
  SINCE JAN 1      3.14                      2.46   0.68     2.44

SNOWFALL (IN)
  YESTERDAY        0.6                       0.9   -0.3      3.1
  MONTH TO DATE   31.6                      24.6    7.0     25.7
  SINCE DEC 1     37.1                      52.1  -15.0     73.7
  SINCE JUL 1     62.1                      60.8    1.3     89.3
  SNOW DEPTH       4

DEGREE DAYS
 HEATING
  YESTERDAY       40                        38      2       47
  MONTH TO DATE 1053                       942    111     1052
  SINCE DEC 1   1946                      1954     -8     2095
  SINCE JUL 1   3160                      3110     50     3294

 COOLING
  YESTERDAY        0                         0      0        0
  MONTH TO DATE    0                         0      0        0
  SINCE DEC 1      0                         0      0        0
  SINCE JAN 1      0                         0      0        0
..................................................................


WIND (MPH)
  HIGHEST WIND SPEED    23   HIGHEST WIND DIRECTION    NE (60)
  HIGHEST GUST SPEED    29   HIGHEST GUST DIRECTION    NE (60)
  AVERAGE WIND SPEED    13.4


SKY COVER
  POSSIBLE SUNSHINE  MM
  AVERAGE SKY COVER 0.8


WEATHER CONDITIONS
 THE FOLLOWING WEATHER WAS RECORDED YESTERDAY.
  LIGHT SNOW
  FOG
  HAZE


RELATIVE HUMIDITY (PERCENT)
 HIGHEST    85           300 AM
 LOWEST     61          1100 PM
 AVERAGE    73

..........................................................


THE ERIE PA CLIMATE NORMALS FOR TODAY
                         NORMAL    RECORD    YEAR
 MAXIMUM TEMPERATURE (F)   34        70      1950
 MINIMUM TEMPERATURE (F)   20        -3      1897
                                             1884


SUNRISE AND SUNSET
JANUARY 26 2015.......SUNRISE   739 AM EST   SUNSET   527 PM EST
JANUARY 27 2015.......SUNRISE   739 AM EST   SUNSET   529 PM EST


-  INDICATES NEGATIVE NUMBERS.
R  INDICATES RECORD WAS SET OR TIED.
MM INDICATES DATA IS MISSING.
T  INDICATES TRACE AMOUNT.




$$
