000
CDUS41 KCLE 210550
CLIERI


CLIMATE REPORT
NATIONAL WEATHER SERVICE CLEVELAND OH
149 AM EDT SUN SEP 21 2014


...................................

...THE ERIE PA CLIMATE SUMMARY FOR SEPTEMBER 20 2014...

CLIMATE NORMAL PERIOD 1981 TO 2010
CLIMATE RECORD PERIOD 1873 TO 2014


WEATHER ITEM   OBSERVED TIME   RECORD YEAR NORMAL DEPARTURE LAST
                VALUE   (LST)  VALUE       VALUE  FROM      YEAR
                                                  NORMAL
..................................................................
TEMPERATURE (F)
 YESTERDAY
  MAXIMUM         79    423 PM  90    1925  70      9       79
  MINIMUM         62    647 AM  39    1973  54      8       63
  AVERAGE         71                        62      9       71

PRECIPITATION (IN)
  YESTERDAY        0.00                      0.17  -0.17     0.06
  MONTH TO DATE    2.12                      2.93  -0.81     2.00
  SINCE SEP 1      2.12                      2.93  -0.81     2.00
  SINCE JAN 1     29.83                     28.76   1.07    35.87

SNOWFALL (IN)
  YESTERDAY        0.0                       0.0    0.0      0.0
  MONTH TO DATE    0.0                       0.0    0.0      0.0
  SINCE SEP 1      0.0                       0.0    0.0      0.0
  SINCE JUL 1      0.0                       0.0    0.0      0.0
  SNOW DEPTH       0

DEGREE DAYS
 HEATING
  YESTERDAY        0                         4     -4        0
  MONTH TO DATE   64                        45     19       61
  SINCE SEP 1     64                        45     19       61
  SINCE JUL 1     82                        63     19       73

 COOLING
  YESTERDAY        6                         2      4        6
  MONTH TO DATE   78                        59     19       65
  SINCE SEP 1     78                        59     19       65
  SINCE JAN 1    594                       617    -23      686
..................................................................


WIND (MPH)
  HIGHEST WIND SPEED    26   HIGHEST WIND DIRECTION     S (200)
  HIGHEST GUST SPEED    35   HIGHEST GUST DIRECTION     S (200)
  AVERAGE WIND SPEED    16.0


SKY COVER
  POSSIBLE SUNSHINE  MM
  AVERAGE SKY COVER 0.0


WEATHER CONDITIONS
 THE FOLLOWING WEATHER WAS RECORDED YESTERDAY.
  NO SIGNIFICANT WEATHER WAS OBSERVED.


RELATIVE HUMIDITY (PERCENT)
 HIGHEST    78           700 AM
 LOWEST     48           200 PM
 AVERAGE    63

..........................................................


THE ERIE PA CLIMATE NORMALS FOR TODAY
                         NORMAL    RECORD    YEAR
 MAXIMUM TEMPERATURE (F)   70        90      1931
 MINIMUM TEMPERATURE (F)   54        37      1973


SUNRISE AND SUNSET
SEPTEMBER 21 2014.....SUNRISE   707 AM EDT   SUNSET   720 PM EDT
SEPTEMBER 22 2014.....SUNRISE   708 AM EDT   SUNSET   718 PM EDT


-  INDICATES NEGATIVE NUMBERS.
R  INDICATES RECORD WAS SET OR TIED.
MM INDICATES DATA IS MISSING.
T  INDICATES TRACE AMOUNT.




$$
