000
CDUS41 KCLE 200545
CLIERI


CLIMATE REPORT
NATIONAL WEATHER SERVICE CLEVELAND OH
145 AM EDT MON OCT 20 2014


...................................

...THE ERIE PA CLIMATE SUMMARY FOR OCTOBER 19 2014...

CLIMATE NORMAL PERIOD 1981 TO 2010
CLIMATE RECORD PERIOD 1873 TO 2014


WEATHER ITEM   OBSERVED TIME   RECORD YEAR NORMAL DEPARTURE LAST
                VALUE   (LST)  VALUE       VALUE  FROM      YEAR
                                                  NORMAL
..................................................................
TEMPERATURE (F)
 YESTERDAY
  MAXIMUM         50        MM  81    1963  60    -10       55
  MINIMUM         42    800 PM  26    1972  44     -2       43
  AVERAGE         46                        52     -6       49

PRECIPITATION (IN)
  YESTERDAY        0.00                      0.12  -0.12     0.61
  MONTH TO DATE    3.70                      2.60   1.10     3.90
  SINCE SEP 1      6.49                      7.21  -0.72     7.88
  SINCE JAN 1     34.20                     33.04   1.16    41.75

SNOWFALL (IN)
  YESTERDAY        0.0                       0.0    0.0      0.0
  MONTH TO DATE    0.0                       0.0    0.0      0.0
  SINCE SEP 1      0.0                       0.0    0.0      0.0
  SINCE JUL 1      0.0                       0.0    0.0      0.0
  SNOW DEPTH       0

DEGREE DAYS
 HEATING
  YESTERDAY       19                        13      6       16
  MONTH TO DATE  171                       200    -29      101
  SINCE SEP 1    270                       306    -36      221
  SINCE JUL 1    288                       324    -36      233

 COOLING
  YESTERDAY        0                         0      0        0
  MONTH TO DATE    7                         7      0       20
  SINCE SEP 1     87                        78      9       85
  SINCE JAN 1    603                       636    -33      706
..................................................................


WIND (MPH)
  HIGHEST WIND SPEED    15   HIGHEST WIND DIRECTION    NW (320)
  HIGHEST GUST SPEED    23   HIGHEST GUST DIRECTION    NW (330)
  AVERAGE WIND SPEED     9.0


SKY COVER
  POSSIBLE SUNSHINE  MM
  AVERAGE SKY COVER 0.7


WEATHER CONDITIONS
 THE FOLLOWING WEATHER WAS RECORDED YESTERDAY.
  NO SIGNIFICANT WEATHER WAS OBSERVED.


RELATIVE HUMIDITY (PERCENT)
 HIGHEST    76           700 PM
 LOWEST     49           200 AM
 AVERAGE    63

..........................................................


THE ERIE PA CLIMATE NORMALS FOR TODAY
                         NORMAL    RECORD    YEAR
 MAXIMUM TEMPERATURE (F)   59        79      1979
 MINIMUM TEMPERATURE (F)   44        28      1940


SUNRISE AND SUNSET
OCTOBER 20 2014.......SUNRISE   739 AM EDT   SUNSET   631 PM EDT
OCTOBER 21 2014.......SUNRISE   740 AM EDT   SUNSET   630 PM EDT


-  INDICATES NEGATIVE NUMBERS.
R  INDICATES RECORD WAS SET OR TIED.
MM INDICATES DATA IS MISSING.
T  INDICATES TRACE AMOUNT.




$$
