000
CDUS41 KCLE 242111
CLIERI


CLIMATE REPORT
NATIONAL WEATHER SERVICE CLEVELAND OH
510 PM EDT WED MAY 24 2017


...................................

...THE ERIE PA CLIMATE SUMMARY FOR MAY 24 2017...
VALID TODAY AS OF 0500 PM LOCAL TIME.

CLIMATE NORMAL PERIOD 1981 TO 2010
CLIMATE RECORD PERIOD 1873 TO 2017


WEATHER ITEM   OBSERVED TIME   RECORD YEAR NORMAL DEPARTURE LAST
                VALUE   (LST)  VALUE       VALUE  FROM      YEAR
                                                  NORMAL
..................................................................
TEMPERATURE (F)
 TODAY
  MAXIMUM         73    312 PM  85    2012  69      4       78
                                      1991
                                      1964
  MINIMUM         57    533 AM  31    1963  51      6       50
  AVERAGE         65                        60      5       64

PRECIPITATION (IN)
  TODAY            T                         0.12  -0.12     0.00
  MONTH TO DATE    3.63                      2.64   0.99     1.56
  SINCE MAR 1     11.10                      8.92   2.18     6.55
  SINCE JAN 1     18.52                     14.26   4.26    12.76

SNOWFALL (IN)
  TODAY            0.0                       0.0    0.0      0.0
  MONTH TO DATE    0.0                       0.0    0.0       T
  SINCE MAR 1     10.3                      16.9   -6.6      4.0
  SINCE JUL 1     78.6                     100.9  -22.3     71.2
  SNOW DEPTH       0

DEGREE DAYS
 HEATING
  TODAY            0                         6     -6        1
  MONTH TO DATE  254                       229     25      269
  SINCE MAR 1   1530                      1683   -153     1572
  SINCE JUL 1   5034                      6048  -1014     5170

 COOLING
  TODAY            0                         1     -1        0
  MONTH TO DATE   29                        19     10        4
  SINCE MAR 1     38                        26     12        4
  SINCE JAN 1     38                        26     12        4
..................................................................


WIND (MPH)
  HIGHEST WIND SPEED    20   HIGHEST WIND DIRECTION    SE (150)
  HIGHEST GUST SPEED    26   HIGHEST GUST DIRECTION    SE (150)


SKY COVER
  POSSIBLE SUNSHINE  MM
  AVERAGE SKY COVER 0.6


WEATHER CONDITIONS
 THE FOLLOWING WEATHER WAS RECORDED TODAY.
  NO SIGNIFICANT WEATHER WAS OBSERVED.


RELATIVE HUMIDITY (PERCENT)
 HIGHEST    72           500 AM
 LOWEST     44           300 PM
 AVERAGE    58

..........................................................


THE ERIE PA CLIMATE NORMALS FOR TOMORROW
                         NORMAL    RECORD    YEAR
 MAXIMUM TEMPERATURE (F)   69        89      1975
 MINIMUM TEMPERATURE (F)   51        31      1956


SUNRISE AND SUNSET
MAY 24 2017...........SUNRISE   552 AM EDT   SUNSET   844 PM EDT
MAY 25 2017...........SUNRISE   551 AM EDT   SUNSET   845 PM EDT


-  INDICATES NEGATIVE NUMBERS.
R  INDICATES RECORD WAS SET OR TIED.
MM INDICATES DATA IS MISSING.
T  INDICATES TRACE AMOUNT.




$$
