000
CDUS41 KCLE 210545
CLIERI


CLIMATE REPORT
NATIONAL WEATHER SERVICE CLEVELAND OH
145 AM EDT MON JUL 21 2014


...................................

...THE ERIE PA CLIMATE SUMMARY FOR JULY 20 2014...

CLIMATE NORMAL PERIOD 1981 TO 2010
CLIMATE RECORD PERIOD 1873 TO 2014


WEATHER ITEM   OBSERVED TIME   RECORD YEAR NORMAL DEPARTURE LAST
                VALUE   (LST)  VALUE       VALUE  FROM      YEAR
                                                  NORMAL
..................................................................
TEMPERATURE (F)
 YESTERDAY
  MAXIMUM         77    145 PM  93    1926  80     -3       80
  MINIMUM         65    328 AM  50    1965  64      1       68
  AVERAGE         71                        72     -1       74

PRECIPITATION (IN)
  YESTERDAY        0.00                      0.12  -0.12     0.94
  MONTH TO DATE    2.49                      2.21   0.28     3.56
  SINCE JUN 1      7.48                      5.97   1.51    10.84
  SINCE JAN 1     23.63                     21.03   2.60    28.07

SNOWFALL (IN)
  YESTERDAY        0.0                       0.0    0.0      0.0
  MONTH TO DATE    0.0                       0.0    0.0      0.0
  SINCE JUN 1      0.0                       0.0    0.0      0.0
  SINCE JUL 1      0.0                       0.0    0.0      0.0
  SNOW DEPTH       0

DEGREE DAYS
 HEATING
  YESTERDAY        0                         0      0        0
  MONTH TO DATE    4                         2      2        0
  SINCE JUN 1     34                        63    -29       68
  SINCE JUL 1      4                         2      2        0

 COOLING
  YESTERDAY        6                         7     -1        9
  MONTH TO DATE  101                       138    -37      210
  SINCE JUN 1    266                       261      5      328
  SINCE JAN 1    305                       300      5      413
..................................................................


WIND (MPH)
  HIGHEST WIND SPEED    16   HIGHEST WIND DIRECTION     S (160)
  HIGHEST GUST SPEED    22   HIGHEST GUST DIRECTION     S (160)
  AVERAGE WIND SPEED     6.1


SKY COVER
  POSSIBLE SUNSHINE  MM
  AVERAGE SKY COVER 0.6


WEATHER CONDITIONS
 THE FOLLOWING WEATHER WAS RECORDED YESTERDAY.
  FOG
  HAZE


RELATIVE HUMIDITY (PERCENT)
 HIGHEST    87           500 AM
 LOWEST     64          1200 PM
 AVERAGE    76

..........................................................


THE ERIE PA CLIMATE NORMALS FOR TODAY
                         NORMAL    RECORD    YEAR
 MAXIMUM TEMPERATURE (F)   80        96      2011
 MINIMUM TEMPERATURE (F)   64        50      1966
                                             1958
                                             1890


SUNRISE AND SUNSET
JULY 21 2014..........SUNRISE   603 AM EDT   SUNSET   850 PM EDT
JULY 22 2014..........SUNRISE   604 AM EDT   SUNSET   850 PM EDT


-  INDICATES NEGATIVE NUMBERS.
R  INDICATES RECORD WAS SET OR TIED.
MM INDICATES DATA IS MISSING.
T  INDICATES TRACE AMOUNT.




$$
