000
CDUS41 KCLE 040545
CLIERI


CLIMATE REPORT
NATIONAL WEATHER SERVICE CLEVELAND OH
145 AM EDT SAT JUL 4 2015


...................................

...THE ERIE PA CLIMATE SUMMARY FOR JULY 3 2015...

CLIMATE NORMAL PERIOD 1981 TO 2010
CLIMATE RECORD PERIOD 1873 TO 2015


WEATHER ITEM   OBSERVED TIME   RECORD YEAR NORMAL DEPARTURE LAST
                VALUE   (LST)  VALUE       VALUE  FROM      YEAR
                                                  NORMAL
..................................................................
TEMPERATURE (F)
 YESTERDAY
  MAXIMUM         73    304 PM  93    1934  79     -6       73
  MINIMUM         51    419 AM  49    1971  63    -12       64
  AVERAGE         62                        71     -9       69

PRECIPITATION (IN)
  YESTERDAY        0.00                      0.11  -0.11     0.01
  MONTH TO DATE    0.05                      0.34  -0.29     0.08
  SINCE JUN 1      5.33                      4.10   1.23     5.07
  SINCE JAN 1     19.52                     19.16   0.36    21.22

SNOWFALL (IN)
  YESTERDAY        0.0                       0.0    0.0      0.0
  MONTH TO DATE    0.0                       0.0    0.0      0.0
  SINCE JUN 1      0.0                       0.0    0.0      0.0
  SINCE JUL 1      0.0                       0.0    0.0      0.0
  SNOW DEPTH       0

DEGREE DAYS
 HEATING
  YESTERDAY        3                         0      3        0
  MONTH TO DATE    6                         2      4        0
  SINCE JUN 1     43                        63    -20       30
  SINCE JUL 1      6                         2      4        0

 COOLING
  YESTERDAY        0                         7     -7        4
  MONTH TO DATE    1                        19    -18       30
  SINCE JUN 1    101                       142    -41      195
  SINCE JAN 1    213                       181     32      234
..................................................................


WIND (MPH)
  HIGHEST WIND SPEED    17   HIGHEST WIND DIRECTION    NE (30)
  HIGHEST GUST SPEED    20   HIGHEST GUST DIRECTION    NE (30)
  AVERAGE WIND SPEED     6.7


SKY COVER
  POSSIBLE SUNSHINE  MM
  AVERAGE SKY COVER 0.0


WEATHER CONDITIONS
 THE FOLLOWING WEATHER WAS RECORDED YESTERDAY.
  NO SIGNIFICANT WEATHER WAS OBSERVED.


RELATIVE HUMIDITY (PERCENT)
 HIGHEST    83           100 AM
 LOWEST     40           900 AM
 AVERAGE    62

..........................................................


THE ERIE PA CLIMATE NORMALS FOR TODAY
                         NORMAL    RECORD    YEAR
 MAXIMUM TEMPERATURE (F)   80        99      1990
 MINIMUM TEMPERATURE (F)   63        47      1968


SUNRISE AND SUNSET
JULY  4 2015..........SUNRISE   550 AM EDT   SUNSET   900 PM EDT
JULY  5 2015..........SUNRISE   551 AM EDT   SUNSET   900 PM EDT


-  INDICATES NEGATIVE NUMBERS.
R  INDICATES RECORD WAS SET OR TIED.
MM INDICATES DATA IS MISSING.
T  INDICATES TRACE AMOUNT.




$$
