000
CDUS41 KCLE 230545
CLIERI


CLIMATE REPORT
NATIONAL WEATHER SERVICE CLEVELAND OH
145 AM EDT TUE MAY 23 2017


...................................

...THE ERIE PA CLIMATE SUMMARY FOR MAY 22 2017...

CLIMATE NORMAL PERIOD 1981 TO 2010
CLIMATE RECORD PERIOD 1873 TO 2017


WEATHER ITEM   OBSERVED TIME   RECORD YEAR NORMAL DEPARTURE LAST
                VALUE   (LST)  VALUE       VALUE  FROM      YEAR
                                                  NORMAL
..................................................................
TEMPERATURE (F)
 YESTERDAY
  MAXIMUM         67    103 AM  87    2013  68     -1       67
                                      1902
  MINIMUM         53   1159 PM  35    2006  50      3       50
  AVERAGE         60                        59      1       59

PRECIPITATION (IN)
  YESTERDAY        0.06                      0.12  -0.06     0.01
  MONTH TO DATE    3.63                      2.41   1.22     1.56
  SINCE MAR 1     11.10                      8.69   2.41     6.55
  SINCE JAN 1     18.52                     14.03   4.49    12.76

SNOWFALL (IN)
  YESTERDAY        0.0                       0.0    0.0      0.0
  MONTH TO DATE    0.0                       0.0    0.0       T
  SINCE MAR 1     10.3                      16.9   -6.6      4.0
  SINCE JUL 1     78.6                     100.9  -22.3     71.2
  SNOW DEPTH       0

DEGREE DAYS
 HEATING
  YESTERDAY        5                         7     -2        6
  MONTH TO DATE  252                       216     36      261
  SINCE MAR 1   1528                      1670   -142     1564
  SINCE JUL 1   5032                      6035  -1003     5162

 COOLING
  YESTERDAY        0                         1     -1        0
  MONTH TO DATE   29                        17     12        4
  SINCE MAR 1     38                        24     14        4
  SINCE JAN 1     38                        24     14        4
..................................................................


WIND (MPH)
  HIGHEST WIND SPEED    23   HIGHEST WIND DIRECTION     W (260)
  HIGHEST GUST SPEED    33   HIGHEST GUST DIRECTION     W (270)
  AVERAGE WIND SPEED    11.0


SKY COVER
  POSSIBLE SUNSHINE  MM
  AVERAGE SKY COVER 0.5


WEATHER CONDITIONS
 THE FOLLOWING WEATHER WAS RECORDED YESTERDAY.
  RAIN
  LIGHT RAIN
  FOG


RELATIVE HUMIDITY (PERCENT)
 HIGHEST    93          1200 AM
 LOWEST     48           700 PM
 AVERAGE    71

..........................................................


THE ERIE PA CLIMATE NORMALS FOR TODAY
                         NORMAL    RECORD    YEAR
 MAXIMUM TEMPERATURE (F)   69        88      1964
 MINIMUM TEMPERATURE (F)   51        31      1967


SUNRISE AND SUNSET
MAY 23 2017...........SUNRISE   553 AM EDT   SUNSET   843 PM EDT
MAY 24 2017...........SUNRISE   552 AM EDT   SUNSET   844 PM EDT


-  INDICATES NEGATIVE NUMBERS.
R  INDICATES RECORD WAS SET OR TIED.
MM INDICATES DATA IS MISSING.
T  INDICATES TRACE AMOUNT.




$$
