000
CDUS41 KCLE 010538
CLIERI


CLIMATE REPORT
NATIONAL WEATHER SERVICE CLEVELAND OH
1235 AM EST SUN MAR 1 2015


...................................

...THE ERIE PA CLIMATE SUMMARY FOR FEBRUARY 28 2015...

CLIMATE NORMAL PERIOD 1981 TO 2010
CLIMATE RECORD PERIOD 1873 TO 2015


WEATHER ITEM   OBSERVED TIME   RECORD YEAR NORMAL DEPARTURE LAST
                VALUE   (LST)  VALUE       VALUE  FROM      YEAR
                                                  NORMAL
..................................................................
TEMPERATURE (F)
 YESTERDAY
  MAXIMUM         21   1139 AM  63    1896  38    -17       20
  MINIMUM         -2    711 AM  -7    2014  23    -25       -7
  AVERAGE         10                        31    -21        7

PRECIPITATION (IN)
  YESTERDAY        0.00                      0.10  -0.10     0.00
  MONTH TO DATE    2.02                      2.39  -0.37     3.35
  SINCE DEC 1      8.21                      9.08  -0.87    11.87
  SINCE JAN 1      5.76                      5.34   0.42     5.91

SNOWFALL (IN)
  YESTERDAY        0.0                       0.6   -0.6      0.0
  MONTH TO DATE   31.7                      18.2   13.5     27.9
  SINCE DEC 1     74.6                      75.3   -0.7    104.0
  SINCE JUL 1     99.6                      84.0   15.6    119.6
  SNOW DEPTH       0

DEGREE DAYS
 HEATING
  YESTERDAY       55                        34     21       58
  MONTH TO DATE 1446                      1028    418     1240
  SINCE DEC 1   3662                      3209    453     3622
  SINCE JUL 1   4876                      4365    511     4821

 COOLING
  YESTERDAY        0                         0      0        0
  MONTH TO DATE    0                         0      0        0
  SINCE DEC 1      0                         0      0        0
  SINCE JAN 1      0                         0      0        0
..................................................................


WIND (MPH)
  HIGHEST WIND SPEED    10   HIGHEST WIND DIRECTION     S (180)
  HIGHEST GUST SPEED    14   HIGHEST GUST DIRECTION     S (180)
  AVERAGE WIND SPEED     5.5


SKY COVER
  POSSIBLE SUNSHINE  MM
  AVERAGE SKY COVER 0.0


WEATHER CONDITIONS
 THE FOLLOWING WEATHER WAS RECORDED YESTERDAY.
  HAZE


RELATIVE HUMIDITY (PERCENT)
 HIGHEST    76          1000 PM
 LOWEST     45          1200 PM
 AVERAGE    61

..........................................................


THE ERIE PA CLIMATE NORMALS FOR TODAY
                         NORMAL    RECORD    YEAR
 MAXIMUM TEMPERATURE (F)   39        66      1997
 MINIMUM TEMPERATURE (F)   23        -4      1980


SUNRISE AND SUNSET
MARCH  1 2015.........SUNRISE   656 AM EST   SUNSET   611 PM EST
MARCH  2 2015.........SUNRISE   655 AM EST   SUNSET   612 PM EST


-  INDICATES NEGATIVE NUMBERS.
R  INDICATES RECORD WAS SET OR TIED.
MM INDICATES DATA IS MISSING.
T  INDICATES TRACE AMOUNT.




$$
