000
CDUS41 KCLE 120534
CLIERI


CLIMATE REPORT
NATIONAL WEATHER SERVICE CLEVELAND OH
1234 AM EST FRI JAN 12 2018


...................................

...THE ERIE PA CLIMATE SUMMARY FOR JANUARY 11 2018...

CLIMATE NORMAL PERIOD 1981 TO 2010
CLIMATE RECORD PERIOD 1873 TO 2018


WEATHER ITEM   OBSERVED TIME   RECORD YEAR NORMAL DEPARTURE LAST
                VALUE   (LST)  VALUE       VALUE  FROM      YEAR
                                                  NORMAL
..................................................................
TEMPERATURE (F)
 YESTERDAY
  MAXIMUM         61    220 PM  66    1890  34     27       55
  MINIMUM         47   1239 AM  -8    1982  21     26       36
  AVERAGE         54                        27     27       46

PRECIPITATION (IN)
  YESTERDAY        0.09                      0.10  -0.01     0.08
  MONTH TO DATE    0.75                      1.17  -0.42     1.93
  SINCE DEC 1      8.30                      4.91   3.39     5.81
  SINCE JAN 1      0.75                      1.17  -0.42     1.93

SNOWFALL (IN)
  YESTERDAY        0.0                       1.0   -1.0      0.0
  MONTH TO DATE   11.2                      11.2    0.0     20.2
  SINCE DEC 1    132.5                      38.7   93.8     42.4
  SINCE JUL 1    133.0                      47.4   85.6     44.8
  SNOW DEPTH       0

DEGREE DAYS
 HEATING
  YESTERDAY       11                        38    -27       19
  MONTH TO DATE  483                       410     73      405
  SINCE DEC 1   1612                      1422    190     1398
  SINCE JUL 1   2609                      2578     31     2178

 COOLING
  YESTERDAY        0                         0      0        0
  MONTH TO DATE    0                         0      0        0
  SINCE DEC 1      0                         0      0        0
  SINCE JAN 1      0                         0      0        0
..................................................................


WIND (MPH)
  HIGHEST WIND SPEED    25   HIGHEST WIND DIRECTION     S (180)
  HIGHEST GUST SPEED    36   HIGHEST GUST DIRECTION     S (160)
  AVERAGE WIND SPEED    19.6


SKY COVER
  POSSIBLE SUNSHINE  MM
  AVERAGE SKY COVER 0.9


WEATHER CONDITIONS
 THE FOLLOWING WEATHER WAS RECORDED YESTERDAY.
  LIGHT RAIN
  FOG


RELATIVE HUMIDITY (PERCENT)
 HIGHEST    89           700 PM
 LOWEST     60           200 PM
 AVERAGE    75

..........................................................


THE ERIE PA CLIMATE NORMALS FOR TODAY
                         NORMAL    RECORD    YEAR
 MAXIMUM TEMPERATURE (F)   34        68      1890
 MINIMUM TEMPERATURE (F)   21        -8      1918


SUNRISE AND SUNSET
JANUARY 12 2018.......SUNRISE   748 AM EST   SUNSET   511 PM EST
JANUARY 13 2018.......SUNRISE   747 AM EST   SUNSET   512 PM EST


-  INDICATES NEGATIVE NUMBERS.
R  INDICATES RECORD WAS SET OR TIED.
MM INDICATES DATA IS MISSING.
T  INDICATES TRACE AMOUNT.




$$
