000
CDUS41 KCLE 292114
CLIERI


CLIMATE REPORT
NATIONAL WEATHER SERVICE CLEVELAND OH
513 PM EDT WED JUL 29 2015


...................................

...THE ERIE PA CLIMATE SUMMARY FOR JULY 29 2015...
VALID TODAY AS OF 0500 PM LOCAL TIME.

CLIMATE NORMAL PERIOD 1981 TO 2010
CLIMATE RECORD PERIOD 1873 TO 2015


WEATHER ITEM   OBSERVED TIME   RECORD YEAR NORMAL DEPARTURE LAST
                VALUE   (LST)  VALUE       VALUE  FROM      YEAR
                                                  NORMAL
..................................................................
TEMPERATURE (F)
 TODAY
  MAXIMUM         89   1109 AM  92    1940  80      9       70
  MINIMUM         69    542 AM  50    1972  64      5       60
  AVERAGE         79                        72      7       65

PRECIPITATION (IN)
  TODAY            0.00                      0.12  -0.12      T
  MONTH TO DATE    2.21                      3.30  -1.09     3.11
  SINCE JUN 1      7.49                      7.06   0.43     8.10
  SINCE JAN 1     21.68                     22.12  -0.44    24.25

SNOWFALL (IN)
  TODAY            0.0                       0.0    0.0      0.0
  MONTH TO DATE    0.0                       0.0    0.0      0.0
  SINCE JUN 1      0.0                       0.0    0.0      0.0
  SINCE JUL 1      0.0                       0.0    0.0      0.0
  SNOW DEPTH       0

DEGREE DAYS
 HEATING
  TODAY            0                         0      0        0
  MONTH TO DATE   12                         2     10        5
  SINCE JUN 1     49                        63    -14       35
  SINCE JUL 1     12                         2     10        5

 COOLING
  TODAY           14                         7      7        0
  MONTH TO DATE  179                       201    -22      142
  SINCE JUN 1    279                       324    -45      307
  SINCE JAN 1    391                       363     28      346
..................................................................


WIND (MPH)
  HIGHEST WIND SPEED    12   HIGHEST WIND DIRECTION    NW (310)
  HIGHEST GUST SPEED    17   HIGHEST GUST DIRECTION    SE (150)


SKY COVER
  POSSIBLE SUNSHINE  MM
  AVERAGE SKY COVER 0.1


WEATHER CONDITIONS
 THE FOLLOWING WEATHER WAS RECORDED TODAY.
  NO SIGNIFICANT WEATHER WAS OBSERVED.


RELATIVE HUMIDITY (PERCENT)
 HIGHEST    70           500 AM
 LOWEST     50          1100 AM
 AVERAGE    60

..........................................................


THE ERIE PA CLIMATE NORMALS FOR TOMORROW
                         NORMAL    RECORD    YEAR
 MAXIMUM TEMPERATURE (F)   80        90      1955
                                             1948
                                             1917
 MINIMUM TEMPERATURE (F)   64        52      1997
                                             1968


SUNRISE AND SUNSET
JULY 29 2015..........SUNRISE   611 AM EDT   SUNSET   843 PM EDT
JULY 30 2015..........SUNRISE   612 AM EDT   SUNSET   842 PM EDT


-  INDICATES NEGATIVE NUMBERS.
R  INDICATES RECORD WAS SET OR TIED.
MM INDICATES DATA IS MISSING.
T  INDICATES TRACE AMOUNT.




$$
