000
CDUS41 KCLE 160533
CLIERI


CLIMATE REPORT
NATIONAL WEATHER SERVICE CLEVELAND OH
132 AM EDT WED APR 16 2014


...................................

...THE ERIE PA CLIMATE SUMMARY FOR APRIL 15 2014...

CLIMATE NORMAL PERIOD 1981 TO 2010
CLIMATE RECORD PERIOD 1873 TO 2014


WEATHER ITEM   OBSERVED TIME   RECORD YEAR NORMAL DEPARTURE LAST
                VALUE   (LST)  VALUE       VALUE  FROM      YEAR
                                                  NORMAL
..................................................................
TEMPERATURE (F)
 YESTERDAY
  MAXIMUM         41   1228 AM  85    1993  56    -15       74
  MINIMUM         27   1159 PM  20    1926  38    -11       45
  AVERAGE         34                        47    -13       60

PRECIPITATION (IN)
  YESTERDAY        0.45                      0.11   0.34     0.00
  MONTH TO DATE    2.45                      1.75   0.70     1.23
  SINCE MAR 1      5.62                      4.70   0.92     3.83
  SINCE JAN 1     11.53                     10.04   1.49    10.34

SNOWFALL (IN)
  YESTERDAY        1.2                       0.2    1.0      0.0
  MONTH TO DATE    1.2                       2.7   -1.5       T
  SINCE MAR 1     18.8                      16.4    2.4     25.2
  SINCE JUL 1    138.4                     100.4   38.0    104.5
  SNOW DEPTH       T

DEGREE DAYS
 HEATING
  YESTERDAY       31                        18     13        5
  MONTH TO DATE  280                       312    -32      340
  SINCE MAR 1   1419                      1223    196     1335
  SINCE JUL 1   6240                      5588    652     5429

 COOLING
  YESTERDAY        0                         0      0        0
  MONTH TO DATE    0                         0      0        0
  SINCE MAR 1      0                         1     -1        0
  SINCE JAN 1      0                         1     -1        0
..................................................................


WIND (MPH)
  HIGHEST WIND SPEED    20   HIGHEST WIND DIRECTION     W (280)
  HIGHEST GUST SPEED    26   HIGHEST GUST DIRECTION     W (280)
  AVERAGE WIND SPEED    11.6


SKY COVER
  POSSIBLE SUNSHINE  MM
  AVERAGE SKY COVER 0.7


WEATHER CONDITIONS
 THE FOLLOWING WEATHER WAS RECORDED YESTERDAY.
  HEAVY RAIN
  RAIN
  LIGHT RAIN
  LT FREEZING RAIN
  SNOW
  LIGHT SNOW
  FOG
  FOG W/VISIBILITY <= 1/4 MILE


RELATIVE HUMIDITY (PERCENT)
 HIGHEST    96           400 AM
 LOWEST     57          1100 PM
 AVERAGE    77

..........................................................


THE ERIE PA CLIMATE NORMALS FOR TODAY
                         NORMAL    RECORD    YEAR
 MAXIMUM TEMPERATURE (F)   56        82      2012
                                             2002
 MINIMUM TEMPERATURE (F)   38        21      1875


SUNRISE AND SUNSET
APRIL 16 2014.........SUNRISE   639 AM EDT   SUNSET   803 PM EDT
APRIL 17 2014.........SUNRISE   637 AM EDT   SUNSET   804 PM EDT


-  INDICATES NEGATIVE NUMBERS.
R  INDICATES RECORD WAS SET OR TIED.
MM INDICATES DATA IS MISSING.
T  INDICATES TRACE AMOUNT.




$$
