000
CDUS41 KCLE 272113
CLIERI


CLIMATE REPORT
NATIONAL WEATHER SERVICE CLEVELAND OH
513 PM EDT SAT SEP 27 2014


...................................

...THE ERIE PA CLIMATE SUMMARY FOR SEPTEMBER 27 2014...
VALID TODAY AS OF 0500 PM LOCAL TIME.

CLIMATE NORMAL PERIOD 1981 TO 2010
CLIMATE RECORD PERIOD 1873 TO 2014


WEATHER ITEM   OBSERVED TIME   RECORD YEAR NORMAL DEPARTURE LAST
                VALUE   (LST)  VALUE       VALUE  FROM      YEAR
                                                  NORMAL
..................................................................
TEMPERATURE (F)
 TODAY
  MAXIMUM         74    233 PM  85    1923  68      6       67
                                      1916
  MINIMUM         51    412 AM  33    1957  52     -1       48
  AVERAGE         63                        60      3       58

PRECIPITATION (IN)
  TODAY            0.00                      0.17  -0.17     0.00
  MONTH TO DATE    2.16                      4.11  -1.95     3.95
  SINCE SEP 1      2.16                      4.11  -1.95     3.95
  SINCE JAN 1     29.87                     29.94  -0.07    37.82

SNOWFALL (IN)
  TODAY            0.0                       0.0    0.0      0.0
  MONTH TO DATE    0.0                       0.0    0.0      0.0
  SINCE SEP 1      0.0                       0.0    0.0      0.0
  SINCE JUL 1      0.0                       0.0    0.0      0.0
  SNOW DEPTH       0

DEGREE DAYS
 HEATING
  TODAY            2                         6     -4        7
  MONTH TO DATE   94                        83     11      119
  SINCE SEP 1     94                        83     11      119
  SINCE JUL 1    112                       101     11      131

 COOLING
  TODAY            0                         1     -1        0
  MONTH TO DATE   79                        67     12       65
  SINCE SEP 1     79                        67     12       65
  SINCE JAN 1    595                       625    -30      686
..................................................................


WIND (MPH)
  HIGHEST WIND SPEED    13   HIGHEST WIND DIRECTION    NE (40)
  HIGHEST GUST SPEED    16   HIGHEST GUST DIRECTION    NE (40)


SKY COVER
  POSSIBLE SUNSHINE  MM
  AVERAGE SKY COVER 0.0


WEATHER CONDITIONS
 THE FOLLOWING WEATHER WAS RECORDED TODAY.
  NO SIGNIFICANT WEATHER WAS OBSERVED.


RELATIVE HUMIDITY (PERCENT)
 HIGHEST    89           400 AM
 LOWEST     49           400 PM
 AVERAGE    69

..........................................................


THE ERIE PA CLIMATE NORMALS FOR TOMORROW
                         NORMAL    RECORD    YEAR
 MAXIMUM TEMPERATURE (F)   67        89      1959
 MINIMUM TEMPERATURE (F)   51        34      1957


SUNRISE AND SUNSET
SEPTEMBER 27 2014.....SUNRISE   713 AM EDT   SUNSET   709 PM EDT
SEPTEMBER 28 2014.....SUNRISE   714 AM EDT   SUNSET   708 PM EDT


-  INDICATES NEGATIVE NUMBERS.
R  INDICATES RECORD WAS SET OR TIED.
MM INDICATES DATA IS MISSING.
T  INDICATES TRACE AMOUNT.




$$
