000
CDUS41 KCLE 122118
CLIERI


CLIMATE REPORT
NATIONAL WEATHER SERVICE CLEVELAND OH
517 PM EDT SAT APR 12 2014


...................................

...THE ERIE PA CLIMATE SUMMARY FOR APRIL 12 2014...
VALID TODAY AS OF 0500 PM LOCAL TIME.

CLIMATE NORMAL PERIOD 1981 TO 2010
CLIMATE RECORD PERIOD 1873 TO 2014


WEATHER ITEM   OBSERVED TIME   RECORD YEAR NORMAL DEPARTURE LAST
                VALUE   (LST)  VALUE       VALUE  FROM      YEAR
                                                  NORMAL
..................................................................
TEMPERATURE (F)
 TODAY
  MAXIMUM         70   1208 PM  85    2001  55     15       44
  MINIMUM         47    653 AM  17    1874  37     10       37
  AVERAGE         59                        46     13       41

PRECIPITATION (IN)
  TODAY            0.00                      0.12  -0.12     0.24
  MONTH TO DATE    1.65                      1.40   0.25     1.12
  SINCE MAR 1      4.82                      4.35   0.47     3.72
  SINCE JAN 1     10.73                      9.69   1.04    10.23

SNOWFALL (IN)
  TODAY            0.0                       0.2   -0.2      0.0
  MONTH TO DATE    T                         2.3   -2.3       T
  SINCE MAR 1     17.6                      16.0    1.6     25.2
  SINCE JUL 1    137.2                     100.0   37.2    104.5
  SNOW DEPTH       0

DEGREE DAYS
 HEATING
  TODAY            6                        19    -13       24
  MONTH TO DATE  239                       257    -18      286
  SINCE MAR 1   1378                      1168    210     1281
  SINCE JUL 1   6199                      5533    666     5375

 COOLING
  TODAY            0                         0      0        0
  MONTH TO DATE    0                         0      0        0
  SINCE MAR 1      0                         1     -1        0
  SINCE JAN 1      0                         1     -1        0
..................................................................


WIND (MPH)
  HIGHEST WIND SPEED    15   HIGHEST WIND DIRECTION    SW (220)
  HIGHEST GUST SPEED    21   HIGHEST GUST DIRECTION     W (260)


SKY COVER
  POSSIBLE SUNSHINE  MM
  AVERAGE SKY COVER 0.1


WEATHER CONDITIONS
 THE FOLLOWING WEATHER WAS RECORDED TODAY.
  NO SIGNIFICANT WEATHER WAS OBSERVED.


RELATIVE HUMIDITY (PERCENT)
 HIGHEST    82          1200 AM
 LOWEST     25          1200 PM
 AVERAGE    54

..........................................................


THE ERIE PA CLIMATE NORMALS FOR TOMORROW
                         NORMAL    RECORD    YEAR
 MAXIMUM TEMPERATURE (F)   55        81      1945
 MINIMUM TEMPERATURE (F)   37        21      1950


SUNRISE AND SUNSET
APRIL 12 2014.........SUNRISE   645 AM EDT   SUNSET   759 PM EDT
APRIL 13 2014.........SUNRISE   643 AM EDT   SUNSET   800 PM EDT


-  INDICATES NEGATIVE NUMBERS.
R  INDICATES RECORD WAS SET OR TIED.
MM INDICATES DATA IS MISSING.
T  INDICATES TRACE AMOUNT.




$$
