000
CDUS41 KCLE 150527
CLIERI


CLIMATE REPORT
NATIONAL WEATHER SERVICE CLEVELAND OH
1227 AM EST MON DEC 15 2014


...................................

...THE ERIE PA CLIMATE SUMMARY FOR DECEMBER 14 2014...

CLIMATE NORMAL PERIOD 1981 TO 2010
CLIMATE RECORD PERIOD 1873 TO 2014


WEATHER ITEM   OBSERVED TIME   RECORD YEAR NORMAL DEPARTURE LAST
                VALUE   (LST)  VALUE       VALUE  FROM      YEAR
                                                  NORMAL
..................................................................
TEMPERATURE (F)
 YESTERDAY
  MAXIMUM         41    649 PM  64    1901  38      3       33
  MINIMUM         39   1159 PM   3    1914  27     12       19
  AVERAGE         40                        33      7       26

PRECIPITATION (IN)
  YESTERDAY        0.00                      0.12  -0.12     0.67
  MONTH TO DATE    1.10                      1.75  -0.65     1.38
  SINCE DEC 1      1.10                      1.75  -0.65     1.38
  SINCE JAN 1     39.33                     40.17  -0.84    49.88

SNOWFALL (IN)
  YESTERDAY        0.0                       0.9   -0.9      7.9
  MONTH TO DATE    3.3                      10.5   -7.2     17.9
  SINCE DEC 1      3.3                      10.5   -7.2     17.9
  SINCE JUL 1     28.3                      19.2    9.1     33.5
  SNOW DEPTH       0

DEGREE DAYS
 HEATING
  YESTERDAY       25                        32     -7       39
  MONTH TO DATE  420                       421     -1      475
  SINCE DEC 1    420                       421     -1      475
  SINCE JUL 1   1634                      1577     57     1674

 COOLING
  YESTERDAY        0                         0      0        0
  MONTH TO DATE    0                         0      0        0
  SINCE DEC 1      0                         0      0        0
  SINCE JAN 1    603                       638    -35      706
..................................................................


WIND (MPH)
  HIGHEST WIND SPEED    18   HIGHEST WIND DIRECTION     W (260)
  HIGHEST GUST SPEED    26   HIGHEST GUST DIRECTION    SW (240)
  AVERAGE WIND SPEED     7.3


SKY COVER
  POSSIBLE SUNSHINE  MM
  AVERAGE SKY COVER 1.0


WEATHER CONDITIONS
 THE FOLLOWING WEATHER WAS RECORDED YESTERDAY.
  FOG


RELATIVE HUMIDITY (PERCENT)
 HIGHEST    92          1200 AM
 LOWEST     85           900 PM
 AVERAGE    89

..........................................................


THE ERIE PA CLIMATE NORMALS FOR TODAY
                         NORMAL    RECORD    YEAR
 MAXIMUM TEMPERATURE (F)   38        64      1971
 MINIMUM TEMPERATURE (F)   27         2      1914


SUNRISE AND SUNSET
DECEMBER 15 2014......SUNRISE   742 AM EST   SUNSET   450 PM EST
DECEMBER 16 2014......SUNRISE   743 AM EST   SUNSET   450 PM EST


-  INDICATES NEGATIVE NUMBERS.
R  INDICATES RECORD WAS SET OR TIED.
MM INDICATES DATA IS MISSING.
T  INDICATES TRACE AMOUNT.




$$
