000
CDUS41 KCLE 270545
CLIERI


CLIMATE REPORT
NATIONAL WEATHER SERVICE CLEVELAND OH
145 AM EDT WED AUG 27 2014


...................................

...THE ERIE PA CLIMATE SUMMARY FOR AUGUST 26 2014...

CLIMATE NORMAL PERIOD 1981 TO 2010
CLIMATE RECORD PERIOD 1873 TO 2014


WEATHER ITEM   OBSERVED TIME   RECORD YEAR NORMAL DEPARTURE LAST
                VALUE   (LST)  VALUE       VALUE  FROM      YEAR
                                                  NORMAL
..................................................................
TEMPERATURE (F)
 YESTERDAY
  MAXIMUM         88    232 PM  92    1948  78     10       85
  MINIMUM         67    627 AM  47    1958  61      6       70
                                      1923
  AVERAGE         78                        70      8       78

PRECIPITATION (IN)
  YESTERDAY        0.00                      0.11  -0.11     0.53
  MONTH TO DATE    2.68                      2.92  -0.24     2.76
  SINCE JUN 1     10.92                     10.22   0.70    15.66
  SINCE JAN 1     27.07                     25.28   1.79    32.89

SNOWFALL (IN)
  YESTERDAY        0.0                       0.0    0.0      0.0
  MONTH TO DATE    0.0                       0.0    0.0      0.0
  SINCE JUN 1      0.0                       0.0    0.0      0.0
  SINCE JUL 1      0.0                       0.0    0.0      0.0
  SNOW DEPTH       0

DEGREE DAYS
 HEATING
  YESTERDAY        0                         1     -1        0
  MONTH TO DATE   11                         1     10        9
  SINCE JUN 1     46                        69    -23       80
  SINCE JUL 1     16                         8      8       12

 COOLING
  YESTERDAY       13                         5      8       13
  MONTH TO DATE  135                       160    -25      118
  SINCE JUN 1    445                       496    -51      483
  SINCE JAN 1    484                       535    -51      568
..................................................................


WIND (MPH)
  HIGHEST WIND SPEED    16   HIGHEST WIND DIRECTION    SW (220)
  HIGHEST GUST SPEED    23   HIGHEST GUST DIRECTION     S (170)
  AVERAGE WIND SPEED    10.0


SKY COVER
  POSSIBLE SUNSHINE  MM
  AVERAGE SKY COVER 0.2


WEATHER CONDITIONS
 THE FOLLOWING WEATHER WAS RECORDED YESTERDAY.
  HAZE


RELATIVE HUMIDITY (PERCENT)
 HIGHEST    74           900 PM
 LOWEST     50           200 PM
 AVERAGE    62

..........................................................


THE ERIE PA CLIMATE NORMALS FOR TODAY
                         NORMAL    RECORD    YEAR
 MAXIMUM TEMPERATURE (F)   78        92      1948
 MINIMUM TEMPERATURE (F)   61        47      1954


SUNRISE AND SUNSET
AUGUST 27 2014........SUNRISE   641 AM EDT   SUNSET   803 PM EDT
AUGUST 28 2014........SUNRISE   642 AM EDT   SUNSET   801 PM EDT


-  INDICATES NEGATIVE NUMBERS.
R  INDICATES RECORD WAS SET OR TIED.
MM INDICATES DATA IS MISSING.
T  INDICATES TRACE AMOUNT.




$$
