000
CDUS41 KCLE 210539
CLIERI


CLIMATE REPORT
NATIONAL WEATHER SERVICE CLEVELAND OH
127 AM EDT THU MAY 21 2015


...................................

...THE ERIE PA CLIMATE SUMMARY FOR MAY 20 2015...

CLIMATE NORMAL PERIOD 1981 TO 2010
CLIMATE RECORD PERIOD 1873 TO 2015


WEATHER ITEM   OBSERVED TIME   RECORD YEAR NORMAL DEPARTURE LAST
                VALUE   (LST)  VALUE       VALUE  FROM      YEAR
                                                  NORMAL
..................................................................
TEMPERATURE (F)
 YESTERDAY
  MAXIMUM         52    504 PM  88    2013  68    -16       66
                                      1962
  MINIMUM         42    828 AM  30    2002  50     -8       51
  AVERAGE         47                        59    -12       59

PRECIPITATION (IN)
  YESTERDAY        0.00                      0.12  -0.12      T
  MONTH TO DATE    1.55                      2.18  -0.63     2.26
  SINCE MAR 1      6.52                      8.46  -1.94     9.25
  SINCE JAN 1     12.28                     13.80  -1.52    15.16

SNOWFALL (IN)
  YESTERDAY        0.0                       0.0    0.0      0.0
  MONTH TO DATE    0.0                       0.0    0.0      0.0
  SINCE MAR 1     10.9                      16.9   -6.0     18.8
  SINCE JUL 1    110.3                     100.9    9.4    138.4
  SNOW DEPTH       0

DEGREE DAYS
 HEATING
  YESTERDAY       18                         7     11        6
  MONTH TO DATE  113                       202    -89      192
  SINCE MAR 1   1689                      1656     33     1861
  SINCE JUL 1   6565                      6021    544     6682

 COOLING
  YESTERDAY        0                         1     -1        0
  MONTH TO DATE   60                        15     45       26
  SINCE MAR 1     60                        22     38       26
  SINCE JAN 1     60                        22     38       26
..................................................................


WIND (MPH)
  HIGHEST WIND SPEED    15   HIGHEST WIND DIRECTION     N (340)
  HIGHEST GUST SPEED    21   HIGHEST GUST DIRECTION    NW (320)
  AVERAGE WIND SPEED     7.3


SKY COVER
  POSSIBLE SUNSHINE  MM
  AVERAGE SKY COVER 0.5


WEATHER CONDITIONS
 THE FOLLOWING WEATHER WAS RECORDED YESTERDAY.
  NO SIGNIFICANT WEATHER WAS OBSERVED.


RELATIVE HUMIDITY (PERCENT)
 HIGHEST    71          1100 PM
 LOWEST     44           500 PM
 AVERAGE    58

..........................................................


THE ERIE PA CLIMATE NORMALS FOR TODAY
                         NORMAL    RECORD    YEAR
 MAXIMUM TEMPERATURE (F)   68        88      1911
 MINIMUM TEMPERATURE (F)   50        32      1954


SUNRISE AND SUNSET
MAY 21 2015...........SUNRISE   555 AM EDT   SUNSET   840 PM EDT
MAY 22 2015...........SUNRISE   554 AM EDT   SUNSET   841 PM EDT


-  INDICATES NEGATIVE NUMBERS.
R  INDICATES RECORD WAS SET OR TIED.
MM INDICATES DATA IS MISSING.
T  INDICATES TRACE AMOUNT.




$$
