000
CDUS41 KCLE 110532
CLIERI


CLIMATE REPORT
NATIONAL WEATHER SERVICE CLEVELAND OH
1230 AM EST SUN FEB 11 2018


...................................

...THE ERIE PA CLIMATE SUMMARY FOR FEBRUARY 10 2018...

CLIMATE NORMAL PERIOD 1981 TO 2010
CLIMATE RECORD PERIOD 1873 TO 2018


WEATHER ITEM   OBSERVED TIME   RECORD YEAR NORMAL DEPARTURE LAST
                VALUE   (LST)  VALUE       VALUE  FROM      YEAR
                                                  NORMAL
..................................................................
TEMPERATURE (F)
 YESTERDAY
  MAXIMUM         32    524 AM  62    1965  35     -3       35
                                      1932
  MINIMUM         27    751 PM -12    1899  21      6       20
  AVERAGE         30                        28      2       28

PRECIPITATION (IN)
  YESTERDAY        0.20                      0.09   0.11     0.03
  MONTH TO DATE    1.12                      0.83   0.29     1.06
  SINCE DEC 1     11.39                      7.52   3.87     9.82
  SINCE JAN 1      3.84                      3.78   0.06     5.94

SNOWFALL (IN)
  YESTERDAY        1.5                       0.6    0.9      0.6
  MONTH TO DATE   11.0                       7.1    3.9      6.4
  SINCE DEC 1    154.3                      64.2   90.1     62.0
  SINCE JUL 1    154.8                      72.9   81.9     64.4
  SNOW DEPTH       6

DEGREE DAYS
 HEATING
  YESTERDAY       35                        37     -2       37
  MONTH TO DATE  426                       379     47      342
  SINCE DEC 1   2760                      2561    199     2313
  SINCE JUL 1   3757                      3717     40     3093

 COOLING
  YESTERDAY        0                         0      0        0
  MONTH TO DATE    0                         0      0        0
  SINCE DEC 1      0                         0      0        0
  SINCE JAN 1      0                         0      0        0
..................................................................


WIND (MPH)
  HIGHEST WIND SPEED    16   HIGHEST WIND DIRECTION    NE (50)
  HIGHEST GUST SPEED    20   HIGHEST GUST DIRECTION    NE (50)
  AVERAGE WIND SPEED     7.0


SKY COVER
  POSSIBLE SUNSHINE  MM
  AVERAGE SKY COVER 1.0


WEATHER CONDITIONS
 THE FOLLOWING WEATHER WAS RECORDED YESTERDAY.
  LT FREEZING RAIN
  SNOW
  LIGHT SNOW
  FOG
  FOG W/VISIBILITY <= 1/4 MILE
  HAZE


RELATIVE HUMIDITY (PERCENT)
 HIGHEST    92           200 AM
 LOWEST     85          1200 AM
 AVERAGE    89

..........................................................


THE ERIE PA CLIMATE NORMALS FOR TODAY
                         NORMAL    RECORD    YEAR
 MAXIMUM TEMPERATURE (F)   35        72      1932
 MINIMUM TEMPERATURE (F)   21       -17      1979


SUNRISE AND SUNSET
FEBRUARY 11 2018......SUNRISE   722 AM EST   SUNSET   548 PM EST
FEBRUARY 12 2018......SUNRISE   721 AM EST   SUNSET   550 PM EST


-  INDICATES NEGATIVE NUMBERS.
R  INDICATES RECORD WAS SET OR TIED.
MM INDICATES DATA IS MISSING.
T  INDICATES TRACE AMOUNT.




$$
