000
CDUS41 KCLE 192114
CLIERI


CLIMATE REPORT
NATIONAL WEATHER SERVICE CLEVELAND OH
514 PM EDT THU OCT 19 2017


...................................

...THE ERIE PA CLIMATE SUMMARY FOR OCTOBER 19 2017...
VALID TODAY AS OF 0500 PM LOCAL TIME.

CLIMATE NORMAL PERIOD 1981 TO 2010
CLIMATE RECORD PERIOD 1873 TO 2017


WEATHER ITEM   OBSERVED TIME   RECORD YEAR NORMAL DEPARTURE LAST
                VALUE   (LST)  VALUE       VALUE  FROM      YEAR
                                                  NORMAL
..................................................................
TEMPERATURE (F)
 TODAY
  MAXIMUM         71    216 PM  81    1963  60     11       67
  MINIMUM         54    716 AM  26    1972  44     10       54
  AVERAGE         63                        52     11       61

PRECIPITATION (IN)
  TODAY            0.00                      0.12  -0.12     0.00
  MONTH TO DATE    2.90                      2.60   0.30     1.56
  SINCE SEP 1      6.73                      7.21  -0.48     7.52
  SINCE JAN 1     38.10                     33.04   5.06    34.58

SNOWFALL (IN)
  TODAY            0.0                       0.0    0.0      0.0
  MONTH TO DATE    0.0                       0.0    0.0      0.0
  SINCE SEP 1      0.0                       0.0    0.0      0.0
  SINCE JUL 1      0.0                       0.0    0.0      0.0
  SNOW DEPTH       0

DEGREE DAYS
 HEATING
  TODAY            2                        13    -11        4
  MONTH TO DATE   69                       200   -131       85
  SINCE SEP 1    156                       306   -150      108
  SINCE JUL 1    166                       324   -158      108

 COOLING
  TODAY            0                         0      0        0
  MONTH TO DATE   26                         7     19       30
  SINCE SEP 1    132                        78     54      166
  SINCE JAN 1    694                       636     58     1015
..................................................................


WIND (MPH)
  HIGHEST WIND SPEED    21   HIGHEST WIND DIRECTION    SW (210)
  HIGHEST GUST SPEED    26   HIGHEST GUST DIRECTION    SW (210)


SKY COVER
  POSSIBLE SUNSHINE  MM
  AVERAGE SKY COVER 0.0


WEATHER CONDITIONS
 THE FOLLOWING WEATHER WAS RECORDED TODAY.
  NO SIGNIFICANT WEATHER WAS OBSERVED.


RELATIVE HUMIDITY (PERCENT)
 HIGHEST    73           400 PM
 LOWEST     49          1200 PM
 AVERAGE    61

..........................................................


THE ERIE PA CLIMATE NORMALS FOR TOMORROW
                         NORMAL    RECORD    YEAR
 MAXIMUM TEMPERATURE (F)   59        79      1979
 MINIMUM TEMPERATURE (F)   44        28      1940


SUNRISE AND SUNSET
OCTOBER 19 2017.......SUNRISE   738 AM EDT   SUNSET   632 PM EDT
OCTOBER 20 2017.......SUNRISE   739 AM EDT   SUNSET   631 PM EDT


-  INDICATES NEGATIVE NUMBERS.
R  INDICATES RECORD WAS SET OR TIED.
MM INDICATES DATA IS MISSING.
T  INDICATES TRACE AMOUNT.




$$
