587
CDUS41 KCLE 160533
CLIERI


CLIMATE REPORT
NATIONAL WEATHER SERVICE CLEVELAND OH
1232 AM EST TUE JAN 16 2018


...................................

...THE ERIE PA CLIMATE SUMMARY FOR JANUARY 15 2018...

CLIMATE NORMAL PERIOD 1981 TO 2010
CLIMATE RECORD PERIOD 1873 TO 2018


WEATHER ITEM   OBSERVED TIME   RECORD YEAR NORMAL DEPARTURE LAST
                VALUE   (LST)  VALUE       VALUE  FROM      YEAR
                                                  NORMAL
..................................................................
TEMPERATURE (F)
 YESTERDAY
  MAXIMUM         25   1159 PM  65    1932  34     -9       34
  MINIMUM         10    647 AM  -6    1984  21    -11       21
                                      1970
  AVERAGE         18                        27     -9       28

PRECIPITATION (IN)
  YESTERDAY        0.05                      0.09  -0.04     0.00
  MONTH TO DATE    1.66                      1.55   0.11     2.83
  SINCE DEC 1      9.21                      5.29   3.92     6.71
  SINCE JAN 1      1.66                      1.55   0.11     2.83

SNOWFALL (IN)
  YESTERDAY        0.7                       1.0   -0.3      0.0
  MONTH TO DATE   15.9                      15.3    0.6     20.2
  SINCE DEC 1    137.2                      42.8   94.4     42.4
  SINCE JUL 1    137.7                      51.5   86.2     44.8
  SNOW DEPTH       3

DEGREE DAYS
 HEATING
  YESTERDAY       47                        38      9       37
  MONTH TO DATE  658                       562     96      535
  SINCE DEC 1   1787                      1574    213     1528
  SINCE JUL 1   2784                      2730     54     2308

 COOLING
  YESTERDAY        0                         0      0        0
  MONTH TO DATE    0                         0      0        0
  SINCE DEC 1      0                         0      0        0
  SINCE JAN 1      0                         0      0        0
..................................................................


WIND (MPH)
  HIGHEST WIND SPEED    20   HIGHEST WIND DIRECTION    SE (150)
  HIGHEST GUST SPEED    25   HIGHEST GUST DIRECTION    SE (130)
  AVERAGE WIND SPEED    10.5


SKY COVER
  POSSIBLE SUNSHINE  MM
  AVERAGE SKY COVER 0.7


WEATHER CONDITIONS
 THE FOLLOWING WEATHER WAS RECORDED YESTERDAY.
  LIGHT SNOW
  HAZE


RELATIVE HUMIDITY (PERCENT)
 HIGHEST    81           600 PM
 LOWEST     54          1100 AM
 AVERAGE    68

..........................................................


THE ERIE PA CLIMATE NORMALS FOR TODAY
                         NORMAL    RECORD    YEAR
 MAXIMUM TEMPERATURE (F)   34        60      1953
 MINIMUM TEMPERATURE (F)   21        -8      1982


SUNRISE AND SUNSET
JANUARY 16 2018.......SUNRISE   746 AM EST   SUNSET   515 PM EST
JANUARY 17 2018.......SUNRISE   745 AM EST   SUNSET   517 PM EST


-  INDICATES NEGATIVE NUMBERS.
R  INDICATES RECORD WAS SET OR TIED.
MM INDICATES DATA IS MISSING.
T  INDICATES TRACE AMOUNT.




$$
