000
CDUS41 KCLE 152215
CLIERI


CLIMATE REPORT
NATIONAL WEATHER SERVICE CLEVELAND OH
514 PM EST SUN JAN 15 2017


...................................

...THE ERIE PA CLIMATE SUMMARY FOR JANUARY 15 2017...
VALID TODAY AS OF 0500 PM LOCAL TIME.

CLIMATE NORMAL PERIOD 1981 TO 2010
CLIMATE RECORD PERIOD 1873 TO 2017


WEATHER ITEM   OBSERVED TIME   RECORD YEAR NORMAL DEPARTURE LAST
                VALUE   (LST)  VALUE       VALUE  FROM      YEAR
                                                  NORMAL
..................................................................
TEMPERATURE (F)
 TODAY
  MAXIMUM         34   1221 PM  65    1932  34      0       50
  MINIMUM         21    706 AM  -6    1984  21      0       40
                                      1970
  AVERAGE         28                        27      1       45

PRECIPITATION (IN)
  TODAY            0.00                      0.09  -0.09     0.07
  MONTH TO DATE    2.83                      1.55   1.28     1.47
  SINCE DEC 1      6.71                      5.29   1.42     5.36
  SINCE JAN 1      2.83                      1.55   1.28     1.47

SNOWFALL (IN)
  TODAY            0.0                       1.0   -1.0      0.0
  MONTH TO DATE   20.2                      15.3    4.9     19.5
  SINCE DEC 1     42.4                      42.8   -0.4     24.4
  SINCE JUL 1     44.8                      51.5   -6.7     24.9
  SNOW DEPTH       0

DEGREE DAYS
 HEATING
  TODAY           37                        38     -1       20
  MONTH TO DATE  535                       562    -27      530
  SINCE DEC 1   1528                      1574    -46     1174
  SINCE JUL 1   2308                      2730   -422     2065

 COOLING
  TODAY            0                         0      0        0
  MONTH TO DATE    0                         0      0        0
  SINCE DEC 1      0                         0      0        0
  SINCE JAN 1      0                         0      0        0
..................................................................


WIND (MPH)
  HIGHEST WIND SPEED     9   HIGHEST WIND DIRECTION    NW (310)
  HIGHEST GUST SPEED    11   HIGHEST GUST DIRECTION    NW (300)


SKY COVER
  POSSIBLE SUNSHINE  MM
  AVERAGE SKY COVER 0.3


WEATHER CONDITIONS
 THE FOLLOWING WEATHER WAS RECORDED TODAY.
  NO SIGNIFICANT WEATHER WAS OBSERVED.


RELATIVE HUMIDITY (PERCENT)
 HIGHEST    88          1200 AM
 LOWEST     61          1200 PM
 AVERAGE    75

..........................................................


THE ERIE PA CLIMATE NORMALS FOR TOMORROW
                         NORMAL    RECORD    YEAR
 MAXIMUM TEMPERATURE (F)   34        60      1953
 MINIMUM TEMPERATURE (F)   21        -8      1982


SUNRISE AND SUNSET
JANUARY 15 2017.......SUNRISE   746 AM EST   SUNSET   515 PM EST
JANUARY 16 2017.......SUNRISE   746 AM EST   SUNSET   516 PM EST


-  INDICATES NEGATIVE NUMBERS.
R  INDICATES RECORD WAS SET OR TIED.
MM INDICATES DATA IS MISSING.
T  INDICATES TRACE AMOUNT.




$$
