000
CDUS41 KCLE 272118
CLIERI


CLIMATE REPORT
NATIONAL WEATHER SERVICE CLEVELAND OH
517 PM EDT TUE SEP 27 2016


...................................

...THE ERIE PA CLIMATE SUMMARY FOR SEPTEMBER 27 2016...
VALID TODAY AS OF 0500 PM LOCAL TIME.

CLIMATE NORMAL PERIOD 1981 TO 2010
CLIMATE RECORD PERIOD 1873 TO 2016


WEATHER ITEM   OBSERVED TIME   RECORD YEAR NORMAL DEPARTURE LAST
                VALUE   (LST)  VALUE       VALUE  FROM      YEAR
                                                  NORMAL
..................................................................
TEMPERATURE (F)
 TODAY
  MAXIMUM         73    131 PM  85    1923  68      5       77
                                      1916
  MINIMUM         53    648 AM  33    1957  52      1       59
  AVERAGE         63                        60      3       68

PRECIPITATION (IN)
  TODAY            0.00                      0.17  -0.17     0.00
  MONTH TO DATE    4.84                      4.11   0.73     4.56
  SINCE SEP 1      4.84                      4.11   0.73     4.56
  SINCE JAN 1     31.90                     29.94   1.96    28.27

SNOWFALL (IN)
  TODAY            0.0                       0.0    0.0      0.0
  MONTH TO DATE    0.0                       0.0    0.0      0.0
  SINCE SEP 1      0.0                       0.0    0.0      0.0
  SINCE JUL 1      0.0                       0.0    0.0      0.0
  SNOW DEPTH       0

DEGREE DAYS
 HEATING
  TODAY            2                         6     -4        0
  MONTH TO DATE   21                        83    -62       26
  SINCE SEP 1     21                        83    -62       26
  SINCE JUL 1     21                       101    -80       44

 COOLING
  TODAY            0                         1     -1        3
  MONTH TO DATE  135                        67     68      156
  SINCE SEP 1    135                        67     68      156
  SINCE JAN 1    984                       625    359      762
..................................................................


WIND (MPH)
  HIGHEST WIND SPEED    25   HIGHEST WIND DIRECTION    SW (220)
  HIGHEST GUST SPEED    34   HIGHEST GUST DIRECTION    SW (220)


SKY COVER
  POSSIBLE SUNSHINE  MM
  AVERAGE SKY COVER 0.2


WEATHER CONDITIONS
 THE FOLLOWING WEATHER WAS RECORDED TODAY.
  NO SIGNIFICANT WEATHER WAS OBSERVED.


RELATIVE HUMIDITY (PERCENT)
 HIGHEST    77           300 AM
 LOWEST     31           200 PM
 AVERAGE    54

..........................................................


THE ERIE PA CLIMATE NORMALS FOR TOMORROW
                         NORMAL    RECORD    YEAR
 MAXIMUM TEMPERATURE (F)   67        89      1959
 MINIMUM TEMPERATURE (F)   51        34      1957


SUNRISE AND SUNSET
SEPTEMBER 27 2016.....SUNRISE   714 AM EDT   SUNSET   708 PM EDT
SEPTEMBER 28 2016.....SUNRISE   715 AM EDT   SUNSET   707 PM EDT


-  INDICATES NEGATIVE NUMBERS.
R  INDICATES RECORD WAS SET OR TIED.
MM INDICATES DATA IS MISSING.
T  INDICATES TRACE AMOUNT.




$$
